000
CDUS41 KGYX 190802
CLICON


CLIMATE REPORT
NATIONAL WEATHER SERVICE GRAY ME
402 AM EDT FRI SEP 19 2014


...................................

...THE CONCORD NH CLIMATE SUMMARY FOR SEPTEMBER 18 2014...

CLIMATE NORMAL PERIOD 1981 TO 2010
CLIMATE RECORD PERIOD 1868 TO 2014


WEATHER ITEM   OBSERVED TIME   RECORD YEAR NORMAL DEPARTURE LAST
                VALUE   (LST)  VALUE       VALUE  FROM      YEAR
                                                  NORMAL
..................................................................
TEMPERATURE (F)
 YESTERDAY
  MAXIMUM         71    207 PM  91    1955  72     -1       74
  MINIMUM         38    602 AM  29    1868  47     -9       35
  AVERAGE         55                        59     -4       55

PRECIPITATION (IN)
  YESTERDAY        0.00          2.42 2004   0.12  -0.12     0.00
  MONTH TO DATE    0.39                      1.91  -1.52     4.16
  SINCE SEP 1      0.39                      1.91  -1.52     4.16
  SINCE JAN 1     33.27                     28.18   5.09    32.45

SNOWFALL (IN)
  YESTERDAY        0.0           0.0  2002   0.0    0.0      0.0
                                      2001
                                      2000
  MONTH TO DATE    0.0                       0.0    0.0      0.0
  SINCE SEP 1      0.0                       0.0    0.0      0.0
  SINCE JUL 1      0.0                       0.0    0.0      0.0
  SNOW DEPTH       0

DEGREE DAYS
 HEATING
  YESTERDAY       10                         7      3       10
  MONTH TO DATE   97                        77     20      105
  SINCE SEP 1     97                        77     20      105
  SINCE JUL 1    129                       125      4      135

 COOLING
  YESTERDAY        0                         1     -1        0
  MONTH TO DATE   46                        31     15       46
  SINCE SEP 1     46                        31     15       46
  SINCE JAN 1    377                       444    -67      537
..................................................................


WIND (MPH)
  RESULTANT WIND SPEED   4   RESULTANT WIND DIRECTION  NW (330)
  HIGHEST WIND SPEED    14   HIGHEST WIND DIRECTION     N (340)
  HIGHEST GUST SPEED    18   HIGHEST GUST DIRECTION    NW (320)
  AVERAGE WIND SPEED     5.1


SKY COVER
  AVERAGE SKY COVER 0.4


WEATHER CONDITIONS
 THE FOLLOWING WEATHER WAS RECORDED YESTERDAY.
  FOG
  FOG W/VISIBILITY <= 1/4 MILE


RELATIVE HUMIDITY (PERCENT)
 HIGHEST   100          1200 AM
 LOWEST     41          1200 PM
 AVERAGE    71

..........................................................


THE CONCORD NH CLIMATE NORMALS FOR TODAY
                         NORMAL    RECORD    YEAR
 MAXIMUM TEMPERATURE (F)   71        91      1983
 MINIMUM TEMPERATURE (F)   46        30      1990
                                             1959
                                             1956


SUNRISE AND SUNSET
SEPTEMBER 19 2014.....SUNRISE   630 AM EDT   SUNSET   649 PM EDT
SEPTEMBER 20 2014.....SUNRISE   631 AM EDT   SUNSET   647 PM EDT


-  INDICATES NEGATIVE NUMBERS.
R  INDICATES RECORD WAS SET OR TIED.
MM INDICATES DATA IS MISSING.
T  INDICATES TRACE AMOUNT.




$$
