000
CDUS41 KGYX 272147
CLICON


CLIMATE REPORT
NATIONAL WEATHER SERVICE GRAY ME
447 PM EST SAT DEC 27 2014


...................................

...THE CONCORD NH CLIMATE SUMMARY FOR DECEMBER 27 2014...
VALID TODAY AS OF 0400 PM LOCAL TIME.

CLIMATE NORMAL PERIOD 1981 TO 2010
CLIMATE RECORD PERIOD 1868 TO 2014


WEATHER ITEM   OBSERVED TIME   RECORD YEAR NORMAL DEPARTURE LAST
                VALUE   (LST)  VALUE       VALUE  FROM      YEAR
                                                  NORMAL
..................................................................
TEMPERATURE (F)
 TODAY
  MAXIMUM         49    205 PM  58    1949  33     16       33
  MINIMUM         24    247 AM -20    1914  13     11        1
  AVERAGE         37                        23     14       17

PRECIPITATION (IN)
  TODAY            0.00          2.01 1969   0.09  -0.09     0.00
  MONTH TO DATE    4.99                      2.82   2.17     2.36
  SINCE DEC 1      4.99                      2.82   2.17     2.36
  SINCE JAN 1     45.86                     40.23   5.63    39.76

SNOWFALL (IN)
  TODAY            0.0          12.7  1894   0.6   -0.6      0.0
  MONTH TO DATE    3.5                      12.4   -8.9     18.9
  SINCE DEC 1      3.5                      12.4   -8.9     18.9
  SINCE JUL 1     16.4                      15.0    1.4     19.1
  SNOW DEPTH       1

DEGREE DAYS
 HEATING
  TODAY           28                        42    -14       48
  MONTH TO DATE  888                      1016   -128     1105
  SINCE DEC 1    888                      1016   -128     1105
  SINCE JUL 1   2392                      2576   -184     2622

 COOLING
  TODAY            0                         0      0        0
  MONTH TO DATE    0                         0      0        0
  SINCE DEC 1      0                         0      0        0
  SINCE JAN 1    387                       452    -65      537
..................................................................


WIND (MPH)
  HIGHEST WIND SPEED    15   HIGHEST WIND DIRECTION     W (280)
  HIGHEST GUST SPEED    21   HIGHEST GUST DIRECTION    NW (310)
  AVERAGE WIND SPEED     3.3


SKY COVER
  POSSIBLE SUNSHINE  MM
  AVERAGE SKY COVER 0.2


WEATHER CONDITIONS
 THE FOLLOWING WEATHER WAS RECORDED TODAY.
  FOG


RELATIVE HUMIDITY (PERCENT)
 HIGHEST   100           300 AM
 LOWEST     50          1200 PM
 AVERAGE    75

..........................................................


THE CONCORD NH CLIMATE NORMALS FOR TOMORROW
                         NORMAL    RECORD    YEAR
 MAXIMUM TEMPERATURE (F)   33        62      1982
 MINIMUM TEMPERATURE (F)   13       -21      1933


SUNRISE AND SUNSET
DECEMBER 27 2014......SUNRISE   717 AM EST   SUNSET   417 PM EST
DECEMBER 28 2014......SUNRISE   717 AM EST   SUNSET   418 PM EST


-  INDICATES NEGATIVE NUMBERS.
R  INDICATES RECORD WAS SET OR TIED.
MM INDICATES DATA IS MISSING.
T  INDICATES TRACE AMOUNT.




$$
