000
CDUS41 KGYX 290833
CLICON


CLIMATE REPORT
NATIONAL WEATHER SERVICE GRAY ME
433 AM EDT FRI JUL 29 2016


...................................

...THE CONCORD NH CLIMATE SUMMARY FOR JULY 28 2016...

CLIMATE NORMAL PERIOD 1981 TO 2010
CLIMATE RECORD PERIOD 1868 TO 2016


WEATHER ITEM   OBSERVED TIME   RECORD YEAR NORMAL DEPARTURE LAST
                VALUE   (LST)  VALUE       VALUE  FROM      YEAR
                                                  NORMAL
..................................................................
TEMPERATURE (F)
 YESTERDAY
  MAXIMUM         95   1258 PM  97    1949  83     12       92
  MINIMUM         61    449 AM  40    1977  58      3       66
  AVERAGE         78                        70      8       79

PRECIPITATION (IN)
  YESTERDAY        0.00          1.88 1938   0.12  -0.12     0.00
  MONTH TO DATE    1.71                      3.36  -1.65     1.95
  SINCE JUN 1      3.12                      7.05  -3.93     7.25
  SINCE JAN 1     15.82                     22.71  -6.89    17.70

SNOWFALL (IN)
  YESTERDAY        0.0           0.0  2002   0.0    0.0      0.0
                                      2001
                                      2000
  MONTH TO DATE    0.0                       0.0    0.0      0.0
  SINCE JUN 1      0.0                       0.0    0.0      0.0
  SINCE JUL 1      0.0                       0.0    0.0      0.0
  SNOW DEPTH       0

DEGREE DAYS
 HEATING
  YESTERDAY        0                         0      0        0
  MONTH TO DATE   11                        13     -2        8
  SINCE JUN 1     53                        98    -45      103
  SINCE JUL 1     11                        13     -2        8

 COOLING
  YESTERDAY       13                         6      7       14
  MONTH TO DATE  224                       158     66      159
  SINCE JUN 1    306                       242     64      224
  SINCE JAN 1    346                       260     86      290
..................................................................


WIND (MPH)
  RESULTANT WIND SPEED   3   RESULTANT WIND DIRECTION   W (280)
  HIGHEST WIND SPEED    14   HIGHEST WIND DIRECTION     W (290)
  HIGHEST GUST SPEED    18   HIGHEST GUST DIRECTION     W (290)
  AVERAGE WIND SPEED     3.8


SKY COVER
  AVERAGE SKY COVER 0.1


WEATHER CONDITIONS
 THE FOLLOWING WEATHER WAS RECORDED YESTERDAY.
  NO SIGNIFICANT WEATHER WAS OBSERVED.


RELATIVE HUMIDITY (PERCENT)
 HIGHEST    93           400 AM
 LOWEST     33           200 PM
 AVERAGE    63

..........................................................


THE CONCORD NH CLIMATE NORMALS FOR TODAY
                         NORMAL    RECORD    YEAR
 MAXIMUM TEMPERATURE (F)   83        96      2015
 MINIMUM TEMPERATURE (F)   58        43      1978


SUNRISE AND SUNSET
JULY 29 2016..........SUNRISE   534 AM EDT   SUNSET   811 PM EDT
JULY 30 2016..........SUNRISE   535 AM EDT   SUNSET   809 PM EDT


-  INDICATES NEGATIVE NUMBERS.
R  INDICATES RECORD WAS SET OR TIED.
MM INDICATES DATA IS MISSING.
T  INDICATES TRACE AMOUNT.




$$
