000
CDUS41 KGYX 200909
CLICON


CLIMATE REPORT
NATIONAL WEATHER SERVICE GRAY ME
408 AM EST TUE FEB 20 2018


...................................

...THE CONCORD NH CLIMATE SUMMARY FOR FEBRUARY 19 2018...

CLIMATE NORMAL PERIOD 1981 TO 2010
CLIMATE RECORD PERIOD 1868 TO 2018


WEATHER ITEM   OBSERVED TIME   RECORD YEAR NORMAL DEPARTURE LAST
                VALUE   (LST)  VALUE       VALUE  FROM      YEAR
                                                  NORMAL
..................................................................
TEMPERATURE (F)
 YESTERDAY
  MAXIMUM         46    257 PM  64    1961  36     10       56
  MINIMUM         12    627 AM -21    1875  15     -3       24
  AVERAGE         29                        25      4       40

PRECIPITATION (IN)
  YESTERDAY        0.11          0.98 1963   0.09   0.02     0.00
  MONTH TO DATE    3.03                      1.75   1.28     2.42
  SINCE DEC 1      9.28                      7.65   1.63     7.98
  SINCE JAN 1      6.21                      4.45   1.76     4.66

SNOWFALL (IN)
  YESTERDAY        0.0          13.7  1972   0.4   -0.4      0.0
  MONTH TO DATE   15.5                       8.6    6.9     24.2
  SINCE DEC 1     53.5                      41.2   12.3     56.3
  SINCE JUL 1     54.1                      43.8   10.3     57.0
  SNOW DEPTH      11

DEGREE DAYS
 HEATING
  YESTERDAY       36                        40     -4       25
  MONTH TO DATE  721                       793    -72      754
  SINCE DEC 1   3366                      3355     11     3029
  SINCE JUL 1   4567                      4915   -348     4281

 COOLING
  YESTERDAY        0                         0      0        0
  MONTH TO DATE    0                         0      0        0
  SINCE DEC 1      0                         0      0        0
  SINCE JAN 1      0                         0      0        0
..................................................................


WIND (MPH)
  RESULTANT WIND SPEED   5   RESULTANT WIND DIRECTION   S (160)
  HIGHEST WIND SPEED    16   HIGHEST WIND DIRECTION     S (160)
  HIGHEST GUST SPEED    20   HIGHEST GUST DIRECTION     S (160)
  AVERAGE WIND SPEED     4.9


SKY COVER
  AVERAGE SKY COVER 0.4


WEATHER CONDITIONS
 THE FOLLOWING WEATHER WAS RECORDED YESTERDAY.
  LIGHT RAIN
  FOG


RELATIVE HUMIDITY (PERCENT)
 HIGHEST   100           800 AM
 LOWEST     49           300 PM
 AVERAGE    75

..........................................................


THE CONCORD NH CLIMATE NORMALS FOR TODAY
                         NORMAL    RECORD    YEAR
 MAXIMUM TEMPERATURE (F)   36        66      1930
 MINIMUM TEMPERATURE (F)   15       -19      1966


SUNRISE AND SUNSET
FEBRUARY 20 2018......SUNRISE   636 AM EST   SUNSET   524 PM EST
FEBRUARY 21 2018......SUNRISE   635 AM EST   SUNSET   525 PM EST


-  INDICATES NEGATIVE NUMBERS.
R  INDICATES RECORD WAS SET OR TIED.
MM INDICATES DATA IS MISSING.
T  INDICATES TRACE AMOUNT.




$$
