000
CDUS41 KGYX 250816
CLICON


CLIMATE REPORT
NATIONAL WEATHER SERVICE GRAY ME
416 AM EDT THU AUG 25 2016


...................................

...THE CONCORD NH CLIMATE SUMMARY FOR AUGUST 24 2016...

CLIMATE NORMAL PERIOD 1981 TO 2010
CLIMATE RECORD PERIOD 1868 TO 2016


WEATHER ITEM   OBSERVED TIME   RECORD YEAR NORMAL DEPARTURE LAST
                VALUE   (LST)  VALUE       VALUE  FROM      YEAR
                                                  NORMAL
..................................................................
TEMPERATURE (F)
 YESTERDAY
  MAXIMUM         90    221 PM  95    1947  80     10       84
  MINIMUM         53    520 AM  38    1987  55     -2       68
                                      1975
  AVERAGE         72                        67      5       76

PRECIPITATION (IN)
  YESTERDAY        0.00          1.42 1933   0.09  -0.09     0.00
  MONTH TO DATE    1.75                      2.52  -0.77     3.96
  SINCE JUN 1      5.34                      9.95  -4.61    11.29
  SINCE JAN 1     18.04                     25.61  -7.57    21.74

SNOWFALL (IN)
  YESTERDAY        0.0           0.0  2002   0.0    0.0      0.0
                                      2001
                                      2000
  MONTH TO DATE    0.0                       0.0    0.0      0.0
  SINCE JUN 1      0.0                       0.0    0.0      0.0
  SINCE JUL 1      0.0                       0.0    0.0      0.0
  SNOW DEPTH       0

DEGREE DAYS
 HEATING
  YESTERDAY        0                         1     -1        0
  MONTH TO DATE    1                        19    -18        0
  SINCE JUN 1     54                       121    -67      103
  SINCE JUL 1     12                        36    -24        8

 COOLING
  YESTERDAY        7                         4      3       11
  MONTH TO DATE  199                       116     83      146
  SINCE JUN 1    531                       372    159      405
  SINCE JAN 1    571                       390    181      471
..................................................................


WIND (MPH)
  RESULTANT WIND SPEED   2   RESULTANT WIND DIRECTION   S (200)
  HIGHEST WIND SPEED    13   HIGHEST WIND DIRECTION    SW (220)
  HIGHEST GUST SPEED    15   HIGHEST GUST DIRECTION    SW (230)
  AVERAGE WIND SPEED     3.5


SKY COVER
  AVERAGE SKY COVER 0.0


WEATHER CONDITIONS
 THE FOLLOWING WEATHER WAS RECORDED YESTERDAY.
  NO SIGNIFICANT WEATHER WAS OBSERVED.


RELATIVE HUMIDITY (PERCENT)
 HIGHEST    93           500 AM
 LOWEST     34           200 PM
 AVERAGE    64

..........................................................


THE CONCORD NH CLIMATE NORMALS FOR TODAY
                         NORMAL    RECORD    YEAR
 MAXIMUM TEMPERATURE (F)   80        97      2007
 MINIMUM TEMPERATURE (F)   55        33      1942


SUNRISE AND SUNSET
AUGUST 25 2016........SUNRISE   603 AM EDT   SUNSET   732 PM EDT
AUGUST 26 2016........SUNRISE   604 AM EDT   SUNSET   730 PM EDT


-  INDICATES NEGATIVE NUMBERS.
R  INDICATES RECORD WAS SET OR TIED.
MM INDICATES DATA IS MISSING.
T  INDICATES TRACE AMOUNT.




$$
