000
CDUS41 KGYX 230819
CLICON


CLIMATE REPORT
NATIONAL WEATHER SERVICE GRAY ME
419 AM EDT SUN APR 23 2017


...................................

...THE CONCORD NH CLIMATE SUMMARY FOR APRIL 22 2017...

CLIMATE NORMAL PERIOD 1981 TO 2010
CLIMATE RECORD PERIOD 1868 TO 2017


WEATHER ITEM   OBSERVED TIME   RECORD YEAR NORMAL DEPARTURE LAST
                VALUE   (LST)  VALUE       VALUE  FROM      YEAR
                                                  NORMAL
..................................................................
TEMPERATURE (F)
 YESTERDAY
  MAXIMUM         47        MM  86    1973  61    -14       79
  MINIMUM         39        MM  16    1947  35      4       49
  AVERAGE         43                        48     -5       64

PRECIPITATION (IN)
  YESTERDAY        T             1.08 2003   0.11  -0.11      T
  MONTH TO DATE    3.30                      2.50   0.80     1.30
  SINCE MAR 1      7.28                      5.77   1.51     3.97
  SINCE JAN 1     12.23                     11.09   1.14     9.72

SNOWFALL (IN)
  YESTERDAY        0.0           3.8  1928   0.0    0.0      0.0
  MONTH TO DATE    6.9                       2.6    4.3      2.7
  SINCE MAR 1     29.3                      13.7   15.6      5.0
  SINCE JUL 1     86.3                      61.2   25.1     29.7
  SNOW DEPTH       0

DEGREE DAYS
 HEATING
  YESTERDAY       22                        17      5        1
  MONTH TO DATE  396                       474    -78      477
  SINCE MAR 1   1500                      1461     39     1259
  SINCE JUL 1   5998                      6721   -723     5608

 COOLING
  YESTERDAY        0                         0      0        0
  MONTH TO DATE    2                         0      2        0
  SINCE MAR 1      2                         0      2        0
  SINCE JAN 1      2                         0      2        0
..................................................................


WIND (MPH)
  RESULTANT WIND SPEED   3   RESULTANT WIND DIRECTION   N (10)
  HIGHEST WIND SPEED     8   HIGHEST WIND DIRECTION    NE (40)
  HIGHEST GUST SPEED    12   HIGHEST GUST DIRECTION    NW (320)
  AVERAGE WIND SPEED     4.3


SKY COVER
  AVERAGE SKY COVER 0.9


WEATHER CONDITIONS
 THE FOLLOWING WEATHER WAS RECORDED YESTERDAY.
  FOG


RELATIVE HUMIDITY (PERCENT)
 HIGHEST    93           900 PM
 LOWEST     76           400 PM
 AVERAGE    85

..........................................................


THE CONCORD NH CLIMATE NORMALS FOR TODAY
                         NORMAL    RECORD    YEAR
 MAXIMUM TEMPERATURE (F)   61        88      1885
 MINIMUM TEMPERATURE (F)   35        20      1975


SUNRISE AND SUNSET
APRIL 23 2017.........SUNRISE   551 AM EDT   SUNSET   738 PM EDT
APRIL 24 2017.........SUNRISE   549 AM EDT   SUNSET   740 PM EDT


-  INDICATES NEGATIVE NUMBERS.
R  INDICATES RECORD WAS SET OR TIED.
MM INDICATES DATA IS MISSING.
T  INDICATES TRACE AMOUNT.




$$
