000
CDUS41 KGYX 302041
CLICON


CLIMATE REPORT
NATIONAL WEATHER SERVICE GRAY ME
440 PM EDT FRI SEP 30 2016


...................................

...THE CONCORD NH CLIMATE SUMMARY FOR SEPTEMBER 30 2016...
VALID TODAY AS OF 0400 PM LOCAL TIME.

CLIMATE NORMAL PERIOD 1981 TO 2010
CLIMATE RECORD PERIOD 1868 TO 2016


WEATHER ITEM   OBSERVED TIME   RECORD YEAR NORMAL DEPARTURE LAST
                VALUE   (LST)  VALUE       VALUE  FROM      YEAR
                                                  NORMAL
..................................................................
TEMPERATURE (F)
 TODAY
  MAXIMUM         64   1139 AM  86    1986  67     -3       71
                                      1922
  MINIMUM         43    539 AM  20    1941  41      2       50
  AVERAGE         54                        54      0       61

PRECIPITATION (IN)
  TODAY            0.00          3.72 1920   0.13  -0.13     3.60
  MONTH TO DATE    2.94                      3.38  -0.44     5.37
  SINCE SEP 1      2.94                      3.38  -0.44     5.37
  SINCE JAN 1     21.12                     29.65  -8.53    28.71

SNOWFALL (IN)
  TODAY            0.0           T    1992   0.0    0.0      0.0
  MONTH TO DATE    0.0                       0.0    0.0      0.0
  SINCE SEP 1      0.0                       0.0    0.0      0.0
  SINCE JUL 1      0.0                       0.0    0.0      0.0
  SNOW DEPTH       0

DEGREE DAYS
 HEATING
  TODAY           11                        11      0        4
  MONTH TO DATE  102                       186    -84       80
  SINCE SEP 1    102                       187    -85       80
  SINCE JUL 1    114                       235   -121       88

 COOLING
  TODAY            0                         0      0        0
  MONTH TO DATE   91                        37     54       95
  SINCE SEP 1     91                        37     54       95
  SINCE JAN 1    715                       450    265      595
..................................................................


WIND (MPH)
  HIGHEST WIND SPEED    14   HIGHEST WIND DIRECTION     E (90)
  HIGHEST GUST SPEED    20   HIGHEST GUST DIRECTION     E (110)
  AVERAGE WIND SPEED     5.9


SKY COVER
  POSSIBLE SUNSHINE  MM
  AVERAGE SKY COVER 0.2


WEATHER CONDITIONS
 THE FOLLOWING WEATHER WAS RECORDED TODAY.
  NO SIGNIFICANT WEATHER WAS OBSERVED.


RELATIVE HUMIDITY (PERCENT)
 HIGHEST    92           100 AM
 LOWEST     51           200 PM
 AVERAGE    72

..........................................................


THE CONCORD NH CLIMATE NORMALS FOR TOMORROW
                         NORMAL    RECORD    YEAR
 MAXIMUM TEMPERATURE (F)   66        87      1922
 MINIMUM TEMPERATURE (F)   41        24      1925


SUNRISE AND SUNSET
SEPTEMBER 30 2016.....SUNRISE   643 AM EDT   SUNSET   628 PM EDT
OCTOBER  1 2016.......SUNRISE   644 AM EDT   SUNSET   626 PM EDT


-  INDICATES NEGATIVE NUMBERS.
R  INDICATES RECORD WAS SET OR TIED.
MM INDICATES DATA IS MISSING.
T  INDICATES TRACE AMOUNT.




$$
