000
CDUS41 KGYX 220932
CLICON


CLIMATE REPORT
NATIONAL WEATHER SERVICE GRAY ME
432 AM EST WED NOV 22 2017


...................................

...THE CONCORD NH CLIMATE SUMMARY FOR NOVEMBER 21 2017...

CLIMATE NORMAL PERIOD 1981 TO 2010
CLIMATE RECORD PERIOD 1868 TO 2017


WEATHER ITEM   OBSERVED TIME   RECORD YEAR NORMAL DEPARTURE LAST
                VALUE   (LST)  VALUE       VALUE  FROM      YEAR
                                                  NORMAL
..................................................................
TEMPERATURE (F)
 YESTERDAY
  MAXIMUM         59    148 PM  70    1931  46     13       36
  MINIMUM         25    649 AM   4    1873  27     -2       30
  AVERAGE         42                        36      6       33

PRECIPITATION (IN)
  YESTERDAY        0.00          1.19 1986   0.13  -0.13     0.01
  MONTH TO DATE    1.01                      2.65  -1.64     1.20
  SINCE SEP 1     11.98                     10.07   1.91    10.40
  SINCE JAN 1     40.50                     36.34   4.16    28.58

SNOWFALL (IN)
  YESTERDAY        0.0           2.8  1978   0.1   -0.1      0.5
  MONTH TO DATE    0.6                       1.1   -0.5      0.7
  SINCE SEP 1      0.6                       1.1   -0.5      0.7
  SINCE JUL 1      0.6                       1.1   -0.5      0.7
  SNOW DEPTH       0

DEGREE DAYS
 HEATING
  YESTERDAY       23                        29     -6       32
  MONTH TO DATE  536                       527      9      439
  SINCE SEP 1    883                      1238   -355      975
  SINCE JUL 1    936                      1286   -350      987

 COOLING
  YESTERDAY        0                         0      0        0
  MONTH TO DATE    0                         0      0        0
  SINCE SEP 1    119                        39     80       91
  SINCE JAN 1    564                       452    112      715
..................................................................


WIND (MPH)
  RESULTANT WIND SPEED   6   RESULTANT WIND DIRECTION   S (180)
  HIGHEST WIND SPEED    20   HIGHEST WIND DIRECTION     S (200)
  HIGHEST GUST SPEED    30   HIGHEST GUST DIRECTION     S (180)
  AVERAGE WIND SPEED     6.0


SKY COVER
  AVERAGE SKY COVER 0.1


WEATHER CONDITIONS
 THE FOLLOWING WEATHER WAS RECORDED YESTERDAY.
  NO SIGNIFICANT WEATHER WAS OBSERVED.


RELATIVE HUMIDITY (PERCENT)
 HIGHEST    92           800 AM
 LOWEST     28           200 PM
 AVERAGE    60

..........................................................


THE CONCORD NH CLIMATE NORMALS FOR TODAY
                         NORMAL    RECORD    YEAR
 MAXIMUM TEMPERATURE (F)   46        72      1931
                                             1883
 MINIMUM TEMPERATURE (F)   27         5      1972


SUNRISE AND SUNSET
NOVEMBER 22 2017......SUNRISE   648 AM EST   SUNSET   416 PM EST
NOVEMBER 23 2017......SUNRISE   649 AM EST   SUNSET   415 PM EST


-  INDICATES NEGATIVE NUMBERS.
R  INDICATES RECORD WAS SET OR TIED.
MM INDICATES DATA IS MISSING.
T  INDICATES TRACE AMOUNT.




$$
