319
CDUS41 KGYX 060903
CLICON


CLIMATE REPORT
NATIONAL WEATHER SERVICE GRAY ME
402 AM EST SAT FEB 6 2016


...................................

...THE CONCORD NH CLIMATE SUMMARY FOR FEBRUARY 5 2016...

CLIMATE NORMAL PERIOD 1981 TO 2010
CLIMATE RECORD PERIOD 1868 TO 2016


WEATHER ITEM   OBSERVED TIME   RECORD YEAR NORMAL DEPARTURE LAST
                VALUE   (LST)  VALUE       VALUE  FROM      YEAR
                                                  NORMAL
..................................................................
TEMPERATURE (F)
 YESTERDAY
  MAXIMUM         37    442 AM  61    1877  33      4       32
  MINIMUM         20   1147 PM -16    1978  12      8        2
                                      1918
  AVERAGE         29                        22      7       17

PRECIPITATION (IN)
  YESTERDAY        0.51          1.45 2001   0.10   0.41     0.17
  MONTH TO DATE    1.38                      0.46   0.92     0.89
  SINCE DEC 1      7.52                      6.36   1.16     9.32
  SINCE JAN 1      2.74                      3.16  -0.42     4.16

SNOWFALL (IN)
  YESTERDAY        5.2          13.4  2001   0.5    4.7      3.6
  MONTH TO DATE    5.2                       2.4    2.8     13.5
  SINCE DEC 1     17.2                      35.0  -17.8     42.3
  SINCE JUL 1     17.2                      37.6  -20.4     55.2
  SNOW DEPTH       2

DEGREE DAYS
 HEATING
  YESTERDAY       36                        43     -7       48
  MONTH TO DATE  135                       216    -81      267
  SINCE DEC 1   2143                      2778   -635     2744
  SINCE JUL 1   3423                      4338   -915     4248

 COOLING
  YESTERDAY        0                         0      0        0
  MONTH TO DATE    0                         0      0        0
  SINCE DEC 1      0                         0      0        0
  SINCE JAN 1      0                         0      0        0
..................................................................


WIND (MPH)
  RESULTANT WIND SPEED   8   RESULTANT WIND DIRECTION  NW (320)
  HIGHEST WIND SPEED    22   HIGHEST WIND DIRECTION    NW (310)
  HIGHEST GUST SPEED    32   HIGHEST GUST DIRECTION    NW (310)
  AVERAGE WIND SPEED     8.8


SKY COVER
  AVERAGE SKY COVER 0.7


WEATHER CONDITIONS
 THE FOLLOWING WEATHER WAS RECORDED YESTERDAY.
  HEAVY SNOW
  SNOW
  LIGHT SNOW
  FOG
  FOG W/VISIBILITY <= 1/4 MILE


RELATIVE HUMIDITY (PERCENT)
 HIGHEST    92           800 AM
 LOWEST     50           600 PM
 AVERAGE    71

..........................................................


THE CONCORD NH CLIMATE NORMALS FOR TODAY
                         NORMAL    RECORD    YEAR
 MAXIMUM TEMPERATURE (F)   33        54      1873
 MINIMUM TEMPERATURE (F)   12       -20      1948


SUNRISE AND SUNSET
FEBRUARY  6 2016......SUNRISE   656 AM EST   SUNSET   504 PM EST
FEBRUARY  7 2016......SUNRISE   655 AM EST   SUNSET   506 PM EST


-  INDICATES NEGATIVE NUMBERS.
R  INDICATES RECORD WAS SET OR TIED.
MM INDICATES DATA IS MISSING.
T  INDICATES TRACE AMOUNT.




$$
