000
CDUS41 KGYX 010804
CLICON


CLIMATE REPORT
NATIONAL WEATHER SERVICE GRAY ME
404 AM EDT WED JUL 1 2015


...................................

...THE CONCORD NH CLIMATE SUMMARY FOR JUNE 30 2015...

CLIMATE NORMAL PERIOD 1981 TO 2010
CLIMATE RECORD PERIOD 1868 TO 2015


WEATHER ITEM   OBSERVED TIME   RECORD YEAR NORMAL DEPARTURE LAST
                VALUE   (LST)  VALUE       VALUE  FROM      YEAR
                                                  NORMAL
..................................................................
TEMPERATURE (F)
 YESTERDAY
  MAXIMUM         81    126 PM  97    1964  81      0       89
  MINIMUM         54    447 AM  38    1988  56     -2       62
  AVERAGE         68                        68      0       76

PRECIPITATION (IN)
  YESTERDAY        T             1.72 1973   0.11  -0.11     0.00
  MONTH TO DATE    5.30                      3.69   1.61     3.83
  SINCE JUN 1      5.30                      3.69   1.61     3.83
  SINCE JAN 1     15.75                     19.35  -3.60    21.57

SNOWFALL (IN)
  YESTERDAY        0.0           0.0  2002   0.0    0.0      0.0
                                      2001
                                      2000
  MONTH TO DATE    0.0                       0.0    0.0      0.0
  SINCE JUN 1      0.0                       0.0    0.0      0.0
  SINCE JUL 1     92.1                      61.4   30.7     80.4
  SNOW DEPTH       0

DEGREE DAYS
 HEATING
  YESTERDAY        0                         1     -1        0
  MONTH TO DATE   95                        84     11       56
  SINCE JUN 1     95                        85     10       56
  SINCE JUL 1   7462                      7235    227     7624

 COOLING
  YESTERDAY        3                         5     -2       11
  MONTH TO DATE   65                        84    -19       73
  SINCE JUN 1     65                        84    -19       73
  SINCE JAN 1    131                       102     29       75
..................................................................


WIND (MPH)
  RESULTANT WIND SPEED   2   RESULTANT WIND DIRECTION  SE (130)
  HIGHEST WIND SPEED     8   HIGHEST WIND DIRECTION    SE (130)
  HIGHEST GUST SPEED    14   HIGHEST GUST DIRECTION    SE (120)
  AVERAGE WIND SPEED     2.5


SKY COVER
  AVERAGE SKY COVER 0.4


WEATHER CONDITIONS
 THE FOLLOWING WEATHER WAS RECORDED YESTERDAY.
  FOG


RELATIVE HUMIDITY (PERCENT)
 HIGHEST   100           100 AM
 LOWEST     42           200 PM
 AVERAGE    71

..........................................................


THE CONCORD NH CLIMATE NORMALS FOR TODAY
                         NORMAL    RECORD    YEAR
 MAXIMUM TEMPERATURE (F)   81        99      1913
 MINIMUM TEMPERATURE (F)   56        39      1899


SUNRISE AND SUNSET
JULY  1 2015..........SUNRISE   510 AM EDT   SUNSET   830 PM EDT
JULY  2 2015..........SUNRISE   510 AM EDT   SUNSET   829 PM EDT


-  INDICATES NEGATIVE NUMBERS.
R  INDICATES RECORD WAS SET OR TIED.
MM INDICATES DATA IS MISSING.
T  INDICATES TRACE AMOUNT.




$$
