000
CDUS41 KGYX 290808
CLICON


CLIMATE REPORT
NATIONAL WEATHER SERVICE GRAY ME
408 AM EDT MON MAY 29 2017


...................................

...THE CONCORD NH CLIMATE SUMMARY FOR MAY 28 2017...

CLIMATE NORMAL PERIOD 1981 TO 2010
CLIMATE RECORD PERIOD 1868 TO 2017


WEATHER ITEM   OBSERVED TIME   RECORD YEAR NORMAL DEPARTURE LAST
                VALUE   (LST)  VALUE       VALUE  FROM      YEAR
                                                  NORMAL
..................................................................
TEMPERATURE (F)
 YESTERDAY
  MAXIMUM         74    152 PM  94    2016  72      2       94
                                      1978
  MINIMUM         45    453 AM  29    1994  47     -2       60
                                      1980
  AVERAGE         60                        60      0       77

PRECIPITATION (IN)
  YESTERDAY        0.00          1.84 1906   0.12  -0.12     0.00
  MONTH TO DATE    5.68                      3.28   2.40     2.50
  SINCE MAR 1     13.89                      9.96   3.93     6.82
  SINCE JAN 1     18.84                     15.28   3.56    12.57

SNOWFALL (IN)
  YESTERDAY        0.0           0.0  2002   0.0    0.0      0.0
                                      2001
                                      2000
  MONTH TO DATE    0.0                       0.2   -0.2      0.0
  SINCE MAR 1     29.3                      14.1   15.2      5.0
  SINCE JUL 1     86.3                      61.6   24.7     29.7
  SNOW DEPTH       0

DEGREE DAYS
 HEATING
  YESTERDAY        5                         7     -2        0
  MONTH TO DATE  299                       286     13      259
  SINCE MAR 1   1873                      1873      0     1667
  SINCE JUL 1   6371                      7133   -762     6016

 COOLING
  YESTERDAY        0                         1     -1       12
  MONTH TO DATE   24                        11     13       32
  SINCE MAR 1     32                        13     19       32
  SINCE JAN 1     32                        13     19       32
..................................................................


WIND (MPH)
  RESULTANT WIND SPEED   4   RESULTANT WIND DIRECTION  SE (120)
  HIGHEST WIND SPEED    14   HIGHEST WIND DIRECTION    SE (140)
  HIGHEST GUST SPEED    20   HIGHEST GUST DIRECTION     S (160)
  AVERAGE WIND SPEED     4.3


SKY COVER
  AVERAGE SKY COVER 0.4


WEATHER CONDITIONS
 THE FOLLOWING WEATHER WAS RECORDED YESTERDAY.
  NO SIGNIFICANT WEATHER WAS OBSERVED.


RELATIVE HUMIDITY (PERCENT)
 HIGHEST    93           400 AM
 LOWEST     49           100 PM
 AVERAGE    71

..........................................................


THE CONCORD NH CLIMATE NORMALS FOR TODAY
                         NORMAL    RECORD    YEAR
 MAXIMUM TEMPERATURE (F)   73        94      1978
 MINIMUM TEMPERATURE (F)   47        29      1970


SUNRISE AND SUNSET
MAY 29 2017...........SUNRISE   510 AM EDT   SUNSET   817 PM EDT
MAY 30 2017...........SUNRISE   510 AM EDT   SUNSET   818 PM EDT


-  INDICATES NEGATIVE NUMBERS.
R  INDICATES RECORD WAS SET OR TIED.
MM INDICATES DATA IS MISSING.
T  INDICATES TRACE AMOUNT.




$$
