000
CDUS45 KPUB 271041
CLICOS


CLIMATE REPORT
NATIONAL WEATHER SERVICE PUEBLO
440 AM MDT TUE SEP 27 2016


...................................

...THE COLORADO SPRINGS CO CLIMATE SUMMARY FOR SEPTEMBER 26 2016...

CLIMATE NORMAL PERIOD 1981 TO 2010
CLIMATE RECORD PERIOD 1872 TO 2016


WEATHER ITEM   OBSERVED TIME   RECORD YEAR NORMAL DEPARTURE LAST
                VALUE   (LST)  VALUE       VALUE  FROM      YEAR
                                                  NORMAL
..................................................................
TEMPERATURE (F)
 YESTERDAY
  MAXIMUM         76    243 PM  87    2001  70      6       77
  MINIMUM         37    428 AM  25    1930  43     -6       47
  AVERAGE         57                        57      0       62

PRECIPITATION (IN)
  YESTERDAY        0.00          1.19 1906   0.02  -0.02     0.00
  MONTH TO DATE    0.05                      1.10  -1.05     0.29
  SINCE SEP 1      0.05                      1.10  -1.05     0.29
  SINCE JAN 1     13.49                     14.89  -1.40    23.11

SNOWFALL (IN)
  YESTERDAY        0.0           3.8  1996   0.0    0.0      0.0
  MONTH TO DATE    0.0                       0.1   -0.1      0.0
  SINCE SEP 1      0.0                       0.1   -0.1      0.0
  SINCE JUL 1      T                         0.1   -0.1       T
  SNOW DEPTH       0

DEGREE DAYS
 HEATING
  YESTERDAY        8                         9     -1        3
  MONTH TO DATE   53                       122    -69       18
  SINCE SEP 1     53                       122    -69       18
  SINCE JUL 1     74                       153    -79       37

 COOLING
  YESTERDAY        0                         0      0        0
  MONTH TO DATE   74                        35     39       88
  SINCE SEP 1     74                        35     39       88
  SINCE JAN 1    700                       453    247      603
..................................................................


WIND (MPH)
  HIGHEST WIND SPEED    21   HIGHEST WIND DIRECTION    SE (150)
  HIGHEST GUST SPEED    26   HIGHEST GUST DIRECTION    SE (150)
  AVERAGE WIND SPEED     5.1


SKY COVER
  POSSIBLE SUNSHINE  MM
  AVERAGE SKY COVER 0.0


WEATHER CONDITIONS
 THE FOLLOWING WEATHER WAS RECORDED YESTERDAY.
  NO SIGNIFICANT WEATHER WAS OBSERVED.


RELATIVE HUMIDITY (PERCENT)
 HIGHEST    64           500 AM
 LOWEST     15           200 PM
 AVERAGE    40

..........................................................


THE COLORADO SPRINGS CO CLIMATE NORMALS FOR TODAY
                         NORMAL    RECORD    YEAR
 MAXIMUM TEMPERATURE (F)   70        88      2015
                                             1953
 MINIMUM TEMPERATURE (F)   43        20      1908


SUNRISE AND SUNSET
SEPTEMBER 27 2016.....SUNRISE   652 AM MDT   SUNSET   647 PM MDT
SEPTEMBER 28 2016.....SUNRISE   652 AM MDT   SUNSET   645 PM MDT


-  INDICATES NEGATIVE NUMBERS.
R  INDICATES RECORD WAS SET OR TIED.
MM INDICATES DATA IS MISSING.
T  INDICATES TRACE AMOUNT.




$$
