000
CDUS45 KPUB 241036
CLICOS


CLIMATE REPORT
NATIONAL WEATHER SERVICE PUEBLO
436 AM MDT TUE OCT 24 2017


...................................

...THE COLORADO SPRINGS CO CLIMATE SUMMARY FOR OCTOBER 23 2017...

CLIMATE NORMAL PERIOD 1981 TO 2010
CLIMATE RECORD PERIOD 1872 TO 2017


WEATHER ITEM   OBSERVED TIME   RECORD YEAR NORMAL DEPARTURE LAST
                VALUE   (LST)  VALUE       VALUE  FROM      YEAR
                                                  NORMAL
..................................................................
TEMPERATURE (F)
 YESTERDAY
  MAXIMUM         58   1235 AM  83    2003  61     -3       72
  MINIMUM         35   1107 PM  15    1908  34      1       44
  AVERAGE         47                        47      0       58

PRECIPITATION (IN)
  YESTERDAY        0.00          1.25 1941   0.03  -0.03     0.00
  MONTH TO DATE    0.17                      0.64  -0.47      T
  SINCE SEP 1      2.94                      1.83   1.11     0.16
  SINCE JAN 1     18.22                     15.62   2.60    13.60

SNOWFALL (IN)
  YESTERDAY        0.0           4.6  1984   0.1   -0.1      0.0
  MONTH TO DATE    0.3                       1.9   -1.6      0.0
  SINCE SEP 1      0.3                       2.1   -1.8      0.0
  SINCE JUL 1      0.3                       2.1   -1.8       T
  SNOW DEPTH       0

DEGREE DAYS
 HEATING
  YESTERDAY       18                        18      0        7
  MONTH TO DATE  286                       329    -43      184
  SINCE SEP 1    418                       488    -70      247
  SINCE JUL 1    427                       519    -92      268

 COOLING
  YESTERDAY        0                         0      0        0
  MONTH TO DATE    0                         0      0        7
  SINCE SEP 1     91                        36     55       82
  SINCE JAN 1    639                       454    185      708
..................................................................


WIND (MPH)
  HIGHEST WIND SPEED    29   HIGHEST WIND DIRECTION     N (10)
  HIGHEST GUST SPEED    34   HIGHEST GUST DIRECTION     N (10)
  AVERAGE WIND SPEED     8.9


SKY COVER
  POSSIBLE SUNSHINE  MM
  AVERAGE SKY COVER 0.6


WEATHER CONDITIONS
 THE FOLLOWING WEATHER WAS RECORDED YESTERDAY.
  NO SIGNIFICANT WEATHER WAS OBSERVED.


RELATIVE HUMIDITY (PERCENT)
 HIGHEST    62           800 AM
 LOWEST     35           100 AM
 AVERAGE    49

..........................................................


THE COLORADO SPRINGS CO CLIMATE NORMALS FOR TODAY
                         NORMAL    RECORD    YEAR
 MAXIMUM TEMPERATURE (F)   60        78      2014
                                             2011
 MINIMUM TEMPERATURE (F)   33        16      1997


SUNRISE AND SUNSET
OCTOBER 24 2017.......SUNRISE   718 AM MDT   SUNSET   608 PM MDT
OCTOBER 25 2017.......SUNRISE   719 AM MDT   SUNSET   606 PM MDT


-  INDICATES NEGATIVE NUMBERS.
R  INDICATES RECORD WAS SET OR TIED.
MM INDICATES DATA IS MISSING.
T  INDICATES TRACE AMOUNT.




$$
