000
CDUS45 KPUB 211132
CLICOS


CLIMATE REPORT
NATIONAL WEATHER SERVICE PUEBLO
432 AM MST SUN DEC 21 2014


...................................

...THE COLORADO SPRINGS CO CLIMATE SUMMARY FOR DECEMBER 20 2014...

CLIMATE NORMAL PERIOD 1981 TO 2010
CLIMATE RECORD PERIOD 1872 TO 2014


WEATHER ITEM   OBSERVED TIME   RECORD YEAR NORMAL DEPARTURE LAST
                VALUE   (LST)  VALUE       VALUE  FROM      YEAR
                                                  NORMAL
..................................................................
TEMPERATURE (F)
 YESTERDAY
  MAXIMUM         52    159 PM  69    2010  42     10       26
                                      1894
  MINIMUM         21    208 AM -13    1983  17      4       20
  AVERAGE         37                        29      8       23

PRECIPITATION (IN)
  YESTERDAY        0.00          0.24 1914   0.01  -0.01      T
  MONTH TO DATE    0.04                      0.23  -0.19     0.07
  SINCE DEC 1      0.04                      0.23  -0.19     0.07
  SINCE JAN 1     16.92                     16.43   0.49    19.22

SNOWFALL (IN)
  YESTERDAY        0.0           2.3  2011   0.2   -0.2       T
  MONTH TO DATE    0.3                       3.8   -3.5      2.9
  SINCE DEC 1      0.3                       3.8   -3.5      2.9
  SINCE JUL 1      7.4                      11.6   -4.2      7.1
  SNOW DEPTH       0

DEGREE DAYS
 HEATING
  YESTERDAY       28                        36     -8       42
  MONTH TO DATE  560                       702   -142      740
  SINCE DEC 1    560                       702   -142      740
  SINCE JUL 1   1885                      2183   -298     2101

 COOLING
  YESTERDAY        0                         0      0        0
  MONTH TO DATE    0                         0      0        0
  SINCE DEC 1      0                         0      0        0
  SINCE JAN 1    487                       455     32      694
..................................................................


WIND (MPH)
  HIGHEST WIND SPEED    13   HIGHEST WIND DIRECTION     S (160)
  HIGHEST GUST SPEED    16   HIGHEST GUST DIRECTION    SE (150)
  AVERAGE WIND SPEED     5.3


SKY COVER
  POSSIBLE SUNSHINE  MM
  AVERAGE SKY COVER 0.6


WEATHER CONDITIONS
 THE FOLLOWING WEATHER WAS RECORDED YESTERDAY.
  NO SIGNIFICANT WEATHER WAS OBSERVED.


RELATIVE HUMIDITY (PERCENT)
 HIGHEST    81          1200 AM
 LOWEST     21           100 PM
 AVERAGE    51

..........................................................


THE COLORADO SPRINGS CO CLIMATE NORMALS FOR TODAY
                         NORMAL    RECORD    YEAR
 MAXIMUM TEMPERATURE (F)   42        66      1955
 MINIMUM TEMPERATURE (F)   17       -23      1990


SUNRISE AND SUNSET
DECEMBER 21 2014......SUNRISE   714 AM MST   SUNSET   440 PM MST
DECEMBER 22 2014......SUNRISE   714 AM MST   SUNSET   441 PM MST


-  INDICATES NEGATIVE NUMBERS.
R  INDICATES RECORD WAS SET OR TIED.
MM INDICATES DATA IS MISSING.
T  INDICATES TRACE AMOUNT.




$$
