000
CDUS45 KPUB 201039
CLICOS


CLIMATE REPORT
NATIONAL WEATHER SERVICE PUEBLO
439 AM MDT SUN AUG 20 2017


...................................

...THE COLORADO SPRINGS CO CLIMATE SUMMARY FOR AUGUST 19 2017...

CLIMATE NORMAL PERIOD 1981 TO 2010
CLIMATE RECORD PERIOD 1872 TO 2017


WEATHER ITEM   OBSERVED TIME   RECORD YEAR NORMAL DEPARTURE LAST
                VALUE   (LST)  VALUE       VALUE  FROM      YEAR
                                                  NORMAL
..................................................................
TEMPERATURE (F)
 YESTERDAY
  MAXIMUM         90   1154 AM  94    2001  81      9       78
  MINIMUM         57    338 AM  47    1956  56      1       49
  AVERAGE         74                        68      6       64

PRECIPITATION (IN)
  YESTERDAY        T             1.49 1922   0.10  -0.10     0.20
  MONTH TO DATE    2.41                      2.28   0.13     0.95
  SINCE JUN 1      9.14                      7.62   1.52     5.03
  SINCE JAN 1     15.26                     12.73   2.53    11.96

SNOWFALL (IN)
  YESTERDAY        0.0           0.0  2002   0.0    0.0      0.0
  MONTH TO DATE    T                         0.0    0.0      0.0
  SINCE JUN 1      T                         0.0    0.0       T
  SINCE JUL 1      T                         0.0    0.0       T
  SNOW DEPTH       0

DEGREE DAYS
 HEATING
  YESTERDAY        0                         1     -1        1
  MONTH TO DATE    9                         4      5        1
  SINCE JUN 1     30                        93    -63        9
  SINCE JUL 1      9                        14     -5        1

 COOLING
  YESTERDAY        9                         4      5        0
  MONTH TO DATE   61                        93    -32      123
  SINCE JUN 1    486                       367    119      603
  SINCE JAN 1    488                       377    111      605
..................................................................


WIND (MPH)
  HIGHEST WIND SPEED    25   HIGHEST WIND DIRECTION     S (160)
  HIGHEST GUST SPEED    31   HIGHEST GUST DIRECTION    SE (150)
  AVERAGE WIND SPEED     7.6


SKY COVER
  POSSIBLE SUNSHINE  MM
  AVERAGE SKY COVER 0.6


WEATHER CONDITIONS
 THE FOLLOWING WEATHER WAS RECORDED YESTERDAY.
  THUNDERSTORM


RELATIVE HUMIDITY (PERCENT)
 HIGHEST    80           300 AM
 LOWEST     16           100 PM
 AVERAGE    48

..........................................................


THE COLORADO SPRINGS CO CLIMATE NORMALS FOR TODAY
                         NORMAL    RECORD    YEAR
 MAXIMUM TEMPERATURE (F)   81        93      2003
                                             1987
 MINIMUM TEMPERATURE (F)   55        44      1903


SUNRISE AND SUNSET
AUGUST 20 2017........SUNRISE   617 AM MDT   SUNSET   746 PM MDT
AUGUST 21 2017........SUNRISE   618 AM MDT   SUNSET   745 PM MDT


-  INDICATES NEGATIVE NUMBERS.
R  INDICATES RECORD WAS SET OR TIED.
MM INDICATES DATA IS MISSING.
T  INDICATES TRACE AMOUNT.




$$
