000
CDUS45 KPUB 221146
CLICOS


CLIMATE REPORT
NATIONAL WEATHER SERVICE PUEBLO
445 AM MST SUN JAN 22 2017


...................................

...THE COLORADO SPRINGS CO CLIMATE SUMMARY FOR JANUARY 21 2017...

CLIMATE NORMAL PERIOD 1981 TO 2010
CLIMATE RECORD PERIOD 1872 TO 2017


WEATHER ITEM   OBSERVED TIME   RECORD YEAR NORMAL DEPARTURE LAST
                VALUE   (LST)  VALUE       VALUE  FROM      YEAR
                                                  NORMAL
..................................................................
TEMPERATURE (F)
 YESTERDAY
  MAXIMUM         41   1138 AM  70    2009  43     -2       42
  MINIMUM         20    633 AM -20    1930  18      2       19
  AVERAGE         31                        31      0       31

PRECIPITATION (IN)
  YESTERDAY        0.00          0.23 2015   0.01  -0.01     0.00
  MONTH TO DATE    0.29                      0.21   0.08     0.20
  SINCE DEC 1      0.97                      0.55   0.42     0.45
  SINCE JAN 1      0.29                      0.21   0.08     0.20

SNOWFALL (IN)
  YESTERDAY        0.0           4.6  2015   0.1   -0.1      0.0
  MONTH TO DATE    4.9                       3.7    1.2      3.0
  SINCE DEC 1     11.3                       9.4    1.9      7.3
  SINCE JUL 1     11.3                      17.2   -5.9     13.1
  SNOW DEPTH       0

DEGREE DAYS
 HEATING
  YESTERDAY       34                        34      0       34
  MONTH TO DATE  737                       724     13      724
  SINCE DEC 1   1837                      1815     22     1725
  SINCE JUL 1   2740                      3296   -556     2828

 COOLING
  YESTERDAY        0                         0      0        0
  MONTH TO DATE    0                         0      0        0
  SINCE DEC 1      0                         0      0        0
  SINCE JAN 1      0                         0      0        0
..................................................................


WIND (MPH)
  HIGHEST WIND SPEED    15   HIGHEST WIND DIRECTION    NW (330)
  HIGHEST GUST SPEED    20   HIGHEST GUST DIRECTION     N (340)
  AVERAGE WIND SPEED     7.0


SKY COVER
  POSSIBLE SUNSHINE  MM
  AVERAGE SKY COVER 0.7


WEATHER CONDITIONS
 THE FOLLOWING WEATHER WAS RECORDED YESTERDAY.
  FOG


RELATIVE HUMIDITY (PERCENT)
 HIGHEST    92          1200 AM
 LOWEST     44          1200 PM
 AVERAGE    68

..........................................................


THE COLORADO SPRINGS CO CLIMATE NORMALS FOR TODAY
                         NORMAL    RECORD    YEAR
 MAXIMUM TEMPERATURE (F)   43        70      1943
 MINIMUM TEMPERATURE (F)   18       -10      1917


SUNRISE AND SUNSET
JANUARY 22 2017.......SUNRISE   712 AM MST   SUNSET   509 PM MST
JANUARY 23 2017.......SUNRISE   712 AM MST   SUNSET   510 PM MST


-  INDICATES NEGATIVE NUMBERS.
R  INDICATES RECORD WAS SET OR TIED.
MM INDICATES DATA IS MISSING.
T  INDICATES TRACE AMOUNT.




$$
