000
CDUS45 KPUB 290034
CLICOS


CLIMATE REPORT
NATIONAL WEATHER SERVICE PUEBLO
634 PM MDT THU AUG 28 2014


...................................

...THE COLORADO SPRINGS CO CLIMATE SUMMARY FOR AUGUST 28 2014...
VALID TODAY AS OF 0500 PM LOCAL TIME.

CLIMATE NORMAL PERIOD 1981 TO 2010
CLIMATE RECORD PERIOD 1872 TO 2014


WEATHER ITEM   OBSERVED TIME   RECORD YEAR NORMAL DEPARTURE LAST
                VALUE   (LST)  VALUE       VALUE  FROM      YEAR
                                                  NORMAL
..................................................................
TEMPERATURE (F)
 TODAY
  MAXIMUM         75   1250 PM  93    1958  80     -5       88
  MINIMUM         52    434 AM  42    2004  54     -2       59
                                      1903
  AVERAGE         64                        67     -3       74

PRECIPITATION (IN)
  TODAY            0.02          2.99 2000   0.09  -0.07     0.00
  MONTH TO DATE    2.34                      3.07  -0.73     5.65
  SINCE JUN 1      8.26                      8.41  -0.15    10.86
  SINCE JAN 1     13.05                     13.52  -0.47    13.59

SNOWFALL (IN)
  TODAY            0.0           0.0  2002   0.0    0.0      0.0
  MONTH TO DATE    T                         0.0    0.0       T
  SINCE JUN 1      T                         0.0    0.0       T
  SINCE JUL 1      T                         0.0    0.0       T
  SNOW DEPTH       0

DEGREE DAYS
 HEATING
  TODAY            1                         1      0        0
  MONTH TO DATE    6                        13     -7        5
  SINCE JUN 1     68                       102    -34       35
  SINCE JUL 1     29                        23      6       10

 COOLING
  TODAY            0                         3     -3        9
  MONTH TO DATE  108                       125    -17      156
  SINCE JUN 1    406                       399      7      544
  SINCE JAN 1    419                       409     10      566
..................................................................


WIND (MPH)
  HIGHEST WIND SPEED    28   HIGHEST WIND DIRECTION     N (340)
  HIGHEST GUST SPEED    35   HIGHEST GUST DIRECTION    NW (330)
  AVERAGE WIND SPEED     5.5


SKY COVER
  POSSIBLE SUNSHINE  MM
  AVERAGE SKY COVER 0.6


WEATHER CONDITIONS
 THE FOLLOWING WEATHER WAS RECORDED TODAY.
  THUNDERSTORM
  RAIN
  LIGHT RAIN


RELATIVE HUMIDITY (PERCENT)
 HIGHEST    83          1200 AM
 LOWEST     33          1200 PM
 AVERAGE    58

..........................................................


THE COLORADO SPRINGS CO CLIMATE NORMALS FOR TOMORROW
                         NORMAL    RECORD    YEAR
 MAXIMUM TEMPERATURE (F)   80        93      1962
 MINIMUM TEMPERATURE (F)   54        38      1944


SUNRISE AND SUNSET
AUGUST 28 2014........SUNRISE   624 AM MDT   SUNSET   735 PM MDT
AUGUST 29 2014........SUNRISE   625 AM MDT   SUNSET   734 PM MDT


-  INDICATES NEGATIVE NUMBERS.
R  INDICATES RECORD WAS SET OR TIED.
MM INDICATES DATA IS MISSING.
T  INDICATES TRACE AMOUNT.




$$
