000
CDUS45 KPUB 291047
CLICOS


CLIMATE REPORT
NATIONAL WEATHER SERVICE PUEBLO
447 AM MDT SAT APR 29 2017


...................................

...THE COLORADO SPRINGS CO CLIMATE SUMMARY FOR APRIL 28 2017...

CLIMATE NORMAL PERIOD 1981 TO 2010
CLIMATE RECORD PERIOD 1872 TO 2017


WEATHER ITEM   OBSERVED TIME   RECORD YEAR NORMAL DEPARTURE LAST
                VALUE   (LST)  VALUE       VALUE  FROM      YEAR
                                                  NORMAL
..................................................................
TEMPERATURE (F)
 YESTERDAY
  MAXIMUM         53   1231 PM  81    1910  64    -11       40
  MINIMUM         29    500 AM  20    1984  37     -8       32
  AVERAGE         41                        50     -9       36

PRECIPITATION (IN)
  YESTERDAY        0.10          1.06 1941   0.06   0.04     0.30
  MONTH TO DATE    2.13                      1.30   0.83     1.46
  SINCE MAR 1      2.57                      2.30   0.27     2.19
  SINCE JAN 1      2.96                      2.96   0.00     3.73

SNOWFALL (IN)
  YESTERDAY        0.4           1.7  1958   0.2    0.2      1.4
  MONTH TO DATE    9.3                       4.7    4.6      6.5
  SINCE MAR 1     11.3                      12.8   -1.5     17.0
  SINCE JUL 1     24.7                      36.8  -12.1     44.1
  SNOW DEPTH       0

DEGREE DAYS
 HEATING
  YESTERDAY       24                        15      9       29
  MONTH TO DATE  425                       525   -100      480
  SINCE MAR 1    985                      1330   -345     1190
  SINCE JUL 1   4738                      5893  -1155     5093

 COOLING
  YESTERDAY        0                         0      0        0
  MONTH TO DATE    0                         0      0        0
  SINCE MAR 1      0                         0      0        0
  SINCE JAN 1      0                         0      0        0
..................................................................


WIND (MPH)
  HIGHEST WIND SPEED    26   HIGHEST WIND DIRECTION     N (20)
  HIGHEST GUST SPEED    33   HIGHEST GUST DIRECTION    NE (60)
  AVERAGE WIND SPEED    11.4


SKY COVER
  POSSIBLE SUNSHINE  MM
  AVERAGE SKY COVER 0.6


WEATHER CONDITIONS
 THE FOLLOWING WEATHER WAS RECORDED YESTERDAY.
  LIGHT RAIN
  LIGHT SNOW
  FOG
  HAZE


RELATIVE HUMIDITY (PERCENT)
 HIGHEST    89           900 PM
 LOWEST     14          1000 AM
 AVERAGE    52

..........................................................


THE COLORADO SPRINGS CO CLIMATE NORMALS FOR TODAY
                         NORMAL    RECORD    YEAR
 MAXIMUM TEMPERATURE (F)   64        81      2007
 MINIMUM TEMPERATURE (F)   37        17      1908


SUNRISE AND SUNSET
APRIL 29 2017.........SUNRISE   603 AM MDT   SUNSET   750 PM MDT
APRIL 30 2017.........SUNRISE   602 AM MDT   SUNSET   751 PM MDT


-  INDICATES NEGATIVE NUMBERS.
R  INDICATES RECORD WAS SET OR TIED.
MM INDICATES DATA IS MISSING.
T  INDICATES TRACE AMOUNT.




$$
