000
CDUS43 KLSX 030745
CLICOU


CLIMATE REPORT
NATIONAL WEATHER SERVICE ST LOUIS MO
245 AM CDT WED JUN 3 2015


...................................

...THE COLUMBIA ASOS CLIMATE SUMMARY FOR JUNE 2 2015...

CLIMATE NORMAL PERIOD 1981 TO 2010
CLIMATE RECORD PERIOD 1890 TO 2015


WEATHER ITEM   OBSERVED TIME   RECORD YEAR NORMAL DEPARTURE LAST
                VALUE   (LST)  VALUE       VALUE  FROM      YEAR
                                                  NORMAL
..................................................................
TEMPERATURE (F)
 YESTERDAY
  MAXIMUM         70    206 PM  98    1934  79     -9       84
  MINIMUM         57   1148 PM  45    1956  59     -2       69
  AVERAGE         64                        69     -5       77

PRECIPITATION (IN)
  YESTERDAY        0.00          2.06 1923   0.16  -0.16      T
  MONTH TO DATE    0.00                      0.31  -0.31      T
  SINCE JUN 1      0.00                      0.31  -0.31      T
  SINCE JAN 1     12.86                     16.86  -4.00    14.82

SNOWFALL (IN)
  YESTERDAY        0.0           0.0  2014   0.0    0.0      0.0
  MONTH TO DATE    0.0                       0.0    0.0      0.0
  SINCE JUN 1      0.0                       0.0    0.0      0.0
  SINCE JUL 1     12.0                      18.0   -6.0     17.8
  SNOW DEPTH       0

DEGREE DAYS
 HEATING
  YESTERDAY        1                         1      0        0
  MONTH TO DATE    6                         2      4        0
  SINCE JUN 1      6                         2      4        0
  SINCE JUL 1   4945                      5014    -69     5572

 COOLING
  YESTERDAY        0                         5     -5       12
  MONTH TO DATE    0                        10    -10       23
  SINCE JUN 1      0                        10    -10       23
  SINCE JAN 1    119                       113      6      183
..................................................................


WIND (MPH)
  HIGHEST WIND SPEED    13   HIGHEST WIND DIRECTION    SE (140)
  HIGHEST GUST SPEED    17   HIGHEST GUST DIRECTION    SW (240)
  AVERAGE WIND SPEED     4.9


SKY COVER
  AVERAGE SKY COVER 0.8


WEATHER CONDITIONS
 THE FOLLOWING WEATHER WAS RECORDED YESTERDAY.
  FOG


RELATIVE HUMIDITY (PERCENT)
 HIGHEST    93
 LOWEST     61
 AVERAGE    77

..........................................................


THE COLUMBIA ASOS CLIMATE NORMALS FOR TODAY
                         NORMAL    RECORD    YEAR
 MAXIMUM TEMPERATURE (F)   80        97      1911
 MINIMUM TEMPERATURE (F)   59        45      1945


SUNRISE AND SUNSET
JUNE  3 2015..........SUNRISE   545 AM CDT   SUNSET   829 PM CDT
JUNE  4 2015..........SUNRISE   545 AM CDT   SUNSET   830 PM CDT


-  INDICATES NEGATIVE NUMBERS.
R  INDICATES RECORD WAS SET OR TIED.
MM INDICATES DATA IS MISSING.
T  INDICATES TRACE AMOUNT.




$$
