000
CDUS43 KLSX 022131
CLICOU


CLIMATE REPORT
NATIONAL WEATHER SERVICE ST LOUIS MO
429 PM CDT TUE SEP 2 2014


...................................

...THE COLUMBIA ASOS CLIMATE SUMMARY FOR SEPTEMBER 2 2014...
VALID TODAY AS OF 0400 PM LOCAL TIME.

CLIMATE NORMAL PERIOD 1981 TO 2010
CLIMATE RECORD PERIOD 1890 TO 2014


WEATHER ITEM   OBSERVED TIME   RECORD YEAR NORMAL DEPARTURE LAST
                VALUE   (LST)  VALUE       VALUE  FROM      YEAR
                                                  NORMAL
..................................................................
TEMPERATURE (F)
 TODAY
  MAXIMUM         82    259 PM 100    1913  84     -2       86
                                      1897
  MINIMUM         69    644 AM  46    1893  62      7       61
  AVERAGE         76                        73      3       74

PRECIPITATION (IN)
  TODAY            0.05          6.61 1918   0.13  -0.08     0.00
  MONTH TO DATE    4.55                      0.27   4.28      T
  SINCE SEP 1      4.55                      0.27   4.28      T
  SINCE JAN 1     28.84                     30.02  -1.18    33.09

SNOWFALL (IN)
  TODAY            0.0           0.0  2013   0.0    0.0      0.0
  MONTH TO DATE    0.0                       0.0    0.0      0.0
  SINCE SEP 1      0.0                       0.0    0.0      0.0
  SINCE JUL 1      0.0                       0.0    0.0      0.0
  SNOW DEPTH       0

DEGREE DAYS
 HEATING
  TODAY            0                         0      0        0
  MONTH TO DATE    0                         0      0        0
  SINCE SEP 1      0                         0      0        0
  SINCE JUL 1      0                         2     -2        0

 COOLING
  TODAY           11                         8      3        9
  MONTH TO DATE   21                        17      4       25
  SINCE SEP 1     21                        17      4       25
  SINCE JAN 1   1131                      1100     31     1092
..................................................................


WIND (MPH)
  HIGHEST WIND SPEED    14   HIGHEST WIND DIRECTION    SW (220)
  HIGHEST GUST SPEED    17   HIGHEST GUST DIRECTION    SW (220)
  AVERAGE WIND SPEED     6.3


SKY COVER
  AVERAGE SKY COVER 0.7



RELATIVE HUMIDITY (PERCENT)
 HIGHEST   100           500 AM
 LOWEST     74          1200 PM
 AVERAGE    87

..........................................................


THE COLUMBIA ASOS CLIMATE NORMALS FOR TOMORROW
                         NORMAL    RECORD    YEAR
 MAXIMUM TEMPERATURE (F)   84       103      1939
 MINIMUM TEMPERATURE (F)   62        43      1974


SUNRISE AND SUNSET
SEPTEMBER  2 2014.....SUNRISE   639 AM CDT   SUNSET   738 PM CDT
SEPTEMBER  3 2014.....SUNRISE   640 AM CDT   SUNSET   736 PM CDT


-  INDICATES NEGATIVE NUMBERS.
R  INDICATES RECORD WAS SET OR TIED.
MM INDICATES DATA IS MISSING.
T  INDICATES TRACE AMOUNT.




$$
