000
CDUS45 KRIW 010031
CLICPR


CLIMATE REPORT
NATIONAL WEATHER SERVICE RIVERTON WY
629 PM MDT WED AUG 31 2016


...................................

...THE CASPER WY CLIMATE SUMMARY FOR AUGUST 31 2016...
VALID TODAY AS OF 0500 PM LOCAL TIME.

CLIMATE NORMAL PERIOD 1981 TO 2010
CLIMATE RECORD PERIOD 1939 TO 2016


WEATHER ITEM   OBSERVED TIME   RECORD YEAR NORMAL DEPARTURE LAST
                VALUE   (LST)  VALUE       VALUE  FROM      YEAR
                                                  NORMAL
..................................................................
TEMPERATURE (F)
 TODAY
  MAXIMUM         87        MM  94    2007  82      5       88
                                      1954
  MINIMUM         46        MM  33    1977  48     -2       60
                                      1965
  AVERAGE         67                        65      2       74

PRECIPITATION (IN)
  TODAY            0.00          0.14 1972   0.02  -0.02     0.00
  MONTH TO DATE    1.30                      0.85   0.45     0.83
  SINCE JUN 1      2.71                      3.87  -1.16     2.90
  SINCE JAN 1     12.17                      9.08   3.09    10.40

SNOWFALL (IN)
  TODAY            0.0                       0.0    0.0      0.0
  MONTH TO DATE    0.0                       0.0    0.0      0.0
  SINCE JUN 1      0.0                       0.1   -0.1      0.0
  SINCE JUL 1      0.0                       0.0    0.0      0.0
  SNOW DEPTH       0

DEGREE DAYS
 HEATING
  TODAY            0                         3     -3        0
  MONTH TO DATE   55                        29     26       44
  SINCE JUN 1     97                       182    -85       86
  SINCE JUL 1     60                        46     14       60

 COOLING
  TODAY            2                         3     -1        9
  MONTH TO DATE  113                       152    -39      152
  SINCE JUN 1    422                       393     29      358
  SINCE JAN 1    422                       397     25      358
..................................................................


WIND (MPH)
  HIGHEST WIND SPEED    15   HIGHEST WIND DIRECTION     E (110)
  HIGHEST GUST SPEED    20   HIGHEST GUST DIRECTION     E (110)
  AVERAGE WIND SPEED     6.7


SKY COVER
  POSSIBLE SUNSHINE  MM
  AVERAGE SKY COVER 0.0


WEATHER CONDITIONS
 THE FOLLOWING WEATHER WAS RECORDED TODAY.
  NO SIGNIFICANT WEATHER WAS OBSERVED.


RELATIVE HUMIDITY (PERCENT)
 HIGHEST    93           400 AM
 LOWEST     18           200 PM
 AVERAGE    56

..........................................................


THE CASPER WY CLIMATE NORMALS FOR TOMORROW
                         NORMAL    RECORD    YEAR
 MAXIMUM TEMPERATURE (F)   82        97      1995
 MINIMUM TEMPERATURE (F)   47        32      1965


SUNRISE AND SUNSET
AUGUST 31 2016........SUNRISE   630 AM MDT   SUNSET   741 PM MDT
SEPTEMBER  1 2016.....SUNRISE   631 AM MDT   SUNSET   739 PM MDT


-  INDICATES NEGATIVE NUMBERS.
R  INDICATES RECORD WAS SET OR TIED.
MM INDICATES DATA IS MISSING.
T  INDICATES TRACE AMOUNT.




$$
