000
CDUS45 KRIW 260730
CLICPR


CLIMATE REPORT
NATIONAL WEATHER SERVICE RIVERTON WY
1230 AM MST MON JAN 26 2015


...................................

...THE CASPER WY CLIMATE SUMMARY FOR JANUARY 25 2015...

CLIMATE NORMAL PERIOD 1981 TO 2010
CLIMATE RECORD PERIOD 1939 TO 2015


WEATHER ITEM   OBSERVED TIME   RECORD YEAR NORMAL DEPARTURE LAST
                VALUE   (LST)  VALUE       VALUE  FROM      YEAR
                                                  NORMAL
..................................................................
TEMPERATURE (F)
 YESTERDAY
  MAXIMUM         48    315 PM  51    2003  35     13       42
                                      1994
  MINIMUM         26   1214 AM -25    1949  14     12       29
  AVERAGE         37                        25     12       36

PRECIPITATION (IN)
  YESTERDAY        0.00          0.33 1954   0.02  -0.02     0.00
  MONTH TO DATE    0.35                      0.41  -0.06     0.65
  SINCE DEC 1      1.60                      0.90   0.70     1.85
  SINCE JAN 1      0.35                      0.41  -0.06     0.65

SNOWFALL (IN)
  YESTERDAY        0.0                       0.2   -0.2      0.0
  MONTH TO DATE    6.1                       7.3   -1.2     11.6
  SINCE DEC 1     23.9                      18.3    5.6     27.3
  SINCE JUL 1     38.7                      37.8    0.9     52.1
  SNOW DEPTH       0

DEGREE DAYS
 HEATING
  YESTERDAY       28                        40    -12       29
  MONTH TO DATE 1029                      1005     24      984
  SINCE DEC 1   2153                      2280   -127     2360
  SINCE JUL 1   3928                      4134   -206     4204

 COOLING
  YESTERDAY        0                         0      0        0
  MONTH TO DATE    0                         0      0        0
  SINCE DEC 1      0                         0      0        0
  SINCE JAN 1      0                         0      0        0
..................................................................


WIND (MPH)
  HIGHEST WIND SPEED    28   HIGHEST WIND DIRECTION    SW (210)
  HIGHEST GUST SPEED    35   HIGHEST GUST DIRECTION    SW (210)
  AVERAGE WIND SPEED    16.2


SKY COVER
  POSSIBLE SUNSHINE  MM
  AVERAGE SKY COVER 0.1


WEATHER CONDITIONS
 THE FOLLOWING WEATHER WAS RECORDED YESTERDAY.
  NO SIGNIFICANT WEATHER WAS OBSERVED.


RELATIVE HUMIDITY (PERCENT)
 HIGHEST    85           100 AM
 LOWEST     49           100 PM
 AVERAGE    67

..........................................................


THE CASPER WY CLIMATE NORMALS FOR TODAY
                         NORMAL    RECORD    YEAR
 MAXIMUM TEMPERATURE (F)   35        56      1982
 MINIMUM TEMPERATURE (F)   14       -27      1980


SUNRISE AND SUNSET
JANUARY 26 2015.......SUNRISE   727 AM MST   SUNSET   511 PM MST
JANUARY 27 2015.......SUNRISE   726 AM MST   SUNSET   512 PM MST


-  INDICATES NEGATIVE NUMBERS.
R  INDICATES RECORD WAS SET OR TIED.
MM INDICATES DATA IS MISSING.
T  INDICATES TRACE AMOUNT.




$$
