000
CDUS45 KRIW 300050
CLICPR


CLIMATE REPORT
NATIONAL WEATHER SERVICE RIVERTON WY
650 PM MDT WED JUL 29 2015


...................................

...THE CASPER WY CLIMATE SUMMARY FOR JULY 29 2015...
VALID TODAY AS OF 0500 PM LOCAL TIME.

CLIMATE NORMAL PERIOD 1981 TO 2010
CLIMATE RECORD PERIOD 1939 TO 2015


WEATHER ITEM   OBSERVED TIME   RECORD YEAR NORMAL DEPARTURE LAST
                VALUE   (LST)  VALUE       VALUE  FROM      YEAR
                                                  NORMAL
..................................................................
TEMPERATURE (F)
 TODAY
  MAXIMUM         83        MM 104    2006  89     -6       72
  MINIMUM         36R       MM  44    1971  54    -18       57
  AVERAGE         60                        72    -12       65

PRECIPITATION (IN)
  TODAY            0.00          1.10 1998   0.04  -0.04     0.06
  MONTH TO DATE    0.57                      1.32  -0.75     1.17
  SINCE JUN 1      2.07                      2.93  -0.86     2.52
  SINCE JAN 1      9.57                      8.14   1.43     7.28

SNOWFALL (IN)
  TODAY            0.0                       0.0    0.0      0.0
  MONTH TO DATE    0.0                       0.0    0.0       T
  SINCE JUN 1      0.0                       0.1   -0.1       T
  SINCE JUL 1      0.0                       0.0    0.0       T
  SNOW DEPTH       0

DEGREE DAYS
 HEATING
  TODAY            5                         0      5        0
  MONTH TO DATE   16                        11      5       16
  SINCE JUN 1     42                       147   -105      174
  SINCE JUL 1     16                        11      5       16

 COOLING
  TODAY            0                         7     -7        0
  MONTH TO DATE  126                       176    -50      186
  SINCE JUN 1    202                       229    -27      203
  SINCE JAN 1    202                       233    -31      209
..................................................................


WIND (MPH)
  HIGHEST WIND SPEED    13   HIGHEST WIND DIRECTION    NW (310)
  HIGHEST GUST SPEED    18   HIGHEST GUST DIRECTION     E (99)
  AVERAGE WIND SPEED     5.2


SKY COVER
  POSSIBLE SUNSHINE  MM
  AVERAGE SKY COVER 0.0


WEATHER CONDITIONS
 THE FOLLOWING WEATHER WAS RECORDED TODAY.
  NO SIGNIFICANT WEATHER WAS OBSERVED.


RELATIVE HUMIDITY (PERCENT)
 HIGHEST    76           500 AM
 LOWEST      9           200 PM
 AVERAGE    43

..........................................................


THE CASPER WY CLIMATE NORMALS FOR TOMORROW
                         NORMAL    RECORD    YEAR
 MAXIMUM TEMPERATURE (F)   89       101      2006
 MINIMUM TEMPERATURE (F)   54        38      1971


SUNRISE AND SUNSET
JULY 29 2015..........SUNRISE   554 AM MDT   SUNSET   830 PM MDT
JULY 30 2015..........SUNRISE   555 AM MDT   SUNSET   829 PM MDT


-  INDICATES NEGATIVE NUMBERS.
R  INDICATES RECORD WAS SET OR TIED.
MM INDICATES DATA IS MISSING.
T  INDICATES TRACE AMOUNT.




$$
