982
CDUS45 KRIW 230736
CLICPR


CLIMATE REPORT
NATIONAL WEATHER SERVICE RIVERTON WY
134 AM MDT THU MAR 23 2017


...................................

...THE CASPER WY CLIMATE SUMMARY FOR MARCH 22 2017...

CLIMATE NORMAL PERIOD 1981 TO 2010
CLIMATE RECORD PERIOD 1939 TO 2017


WEATHER ITEM   OBSERVED TIME   RECORD YEAR NORMAL DEPARTURE LAST
                VALUE   (LST)  VALUE       VALUE  FROM      YEAR
                                                  NORMAL
..................................................................
TEMPERATURE (F)
 YESTERDAY
  MAXIMUM         68    226 PM  74    2004  50     18       58
  MINIMUM         30    208 AM  -2    1952  24      6       30
  AVERAGE         49                        37     12       44

PRECIPITATION (IN)
  YESTERDAY        T             0.52 1984   0.03  -0.03     0.01
  MONTH TO DATE    0.38                      0.54  -0.16     0.34
  SINCE MAR 1      0.38                      0.54  -0.16     0.34
  SINCE JAN 1      1.73                      1.62   0.11     1.80

SNOWFALL (IN)
  YESTERDAY        0.0                       0.4   -0.4       T
  MONTH TO DATE    2.3                       7.4   -5.1      0.7
  SINCE MAR 1      2.3                       7.4   -5.1      0.7
  SINCE JUL 1     55.8                      56.8   -1.0     59.4
  SNOW DEPTH       0

DEGREE DAYS
 HEATING
  YESTERDAY       16                        28    -12       21
  MONTH TO DATE  512                       682   -170      587
  SINCE MAR 1    512                       682   -170      587
  SINCE JUL 1   5702                      6130   -428     5522

 COOLING
  YESTERDAY        0                         0      0        0
  MONTH TO DATE    0                         0      0        0
  SINCE MAR 1      0                         0      0        0
  SINCE JAN 1      0                         0      0        0
..................................................................


WIND (MPH)
  HIGHEST WIND SPEED    41   HIGHEST WIND DIRECTION     W (280)
  HIGHEST GUST SPEED    50   HIGHEST GUST DIRECTION     W (270)
  AVERAGE WIND SPEED    12.1


SKY COVER
  POSSIBLE SUNSHINE  MM
  AVERAGE SKY COVER 0.2


WEATHER CONDITIONS
 THE FOLLOWING WEATHER WAS RECORDED YESTERDAY.
  THUNDERSTORM
  LIGHT RAIN
  FOG
  FOG W/VISIBILITY <= 1/4 MILE


RELATIVE HUMIDITY (PERCENT)
 HIGHEST   100           100 AM
 LOWEST     29           200 PM
 AVERAGE    65

..........................................................


THE CASPER WY CLIMATE NORMALS FOR TODAY
                         NORMAL    RECORD    YEAR
 MAXIMUM TEMPERATURE (F)   50        76      2012
 MINIMUM TEMPERATURE (F)   24        -2      1965
                                             1964


SUNRISE AND SUNSET
MARCH 23 2017.........SUNRISE   703 AM MDT   SUNSET   722 PM MDT
MARCH 24 2017.........SUNRISE   701 AM MDT   SUNSET   723 PM MDT


-  INDICATES NEGATIVE NUMBERS.
R  INDICATES RECORD WAS SET OR TIED.
MM INDICATES DATA IS MISSING.
T  INDICATES TRACE AMOUNT.




$$
