000
CDUS45 KRIW 300753
CLICPR


CLIMATE REPORT
NATIONAL WEATHER SERVICE RIVERTON WY
151 AM MDT SAT MAY 30 2015


...................................

...THE CASPER WY CLIMATE SUMMARY FOR MAY 29 2015...

CLIMATE NORMAL PERIOD 1981 TO 2010
CLIMATE RECORD PERIOD 1939 TO 2015


WEATHER ITEM   OBSERVED TIME   RECORD YEAR NORMAL DEPARTURE LAST
                VALUE   (LST)  VALUE       VALUE  FROM      YEAR
                                                  NORMAL
..................................................................
TEMPERATURE (F)
 YESTERDAY
  MAXIMUM         56    408 PM  95    2003  72    -16       84
  MINIMUM         38   1159 PM  29    1947  41     -3       53
  AVERAGE         47                        56     -9       69

PRECIPITATION (IN)
  YESTERDAY        0.43          1.19 1971   0.06   0.37     0.00
  MONTH TO DATE    3.89                      1.89   2.00     0.49
  SINCE MAR 1      6.19                      4.00   2.19     3.28
  SINCE JAN 1      7.50                      5.08   2.42     4.76

SNOWFALL (IN)
  YESTERDAY        0.0                       0.0    0.0      0.0
  MONTH TO DATE    6.3                       2.9    3.4      0.9
  SINCE MAR 1     20.3                      25.4   -5.1     25.4
  SINCE JUL 1     71.7                      74.8   -3.1     91.6
  SNOW DEPTH       0

DEGREE DAYS
 HEATING
  YESTERDAY       18                         9      9        0
  MONTH TO DATE  475                       384     91      360
  SINCE MAR 1   1876                      1978   -102     1932
  SINCE JUL 1   6927                      7426   -499     7696

 COOLING
  YESTERDAY        0                         0      0        4
  MONTH TO DATE    0                         0      0        6
  SINCE MAR 1      0                         0      0        6
  SINCE JAN 1      0                         0      0        6
..................................................................


WIND (MPH)
  HIGHEST WIND SPEED    17   HIGHEST WIND DIRECTION     N (10)
  HIGHEST GUST SPEED    21   HIGHEST GUST DIRECTION     N (10)
  AVERAGE WIND SPEED     8.6


SKY COVER
  POSSIBLE SUNSHINE  MM
  AVERAGE SKY COVER 0.7


WEATHER CONDITIONS
 THE FOLLOWING WEATHER WAS RECORDED YESTERDAY.
  RAIN
  LIGHT RAIN
  FOG


RELATIVE HUMIDITY (PERCENT)
 HIGHEST    93           200 AM
 LOWEST     61           400 PM
 AVERAGE    77

..........................................................


THE CASPER WY CLIMATE NORMALS FOR TODAY
                         NORMAL    RECORD    YEAR
 MAXIMUM TEMPERATURE (F)   72        92      1984
 MINIMUM TEMPERATURE (F)   41        29      2010
                                             2006
                                             2004


SUNRISE AND SUNSET
MAY 30 2015...........SUNRISE   531 AM MDT   SUNSET   836 PM MDT
MAY 31 2015...........SUNRISE   530 AM MDT   SUNSET   837 PM MDT


-  INDICATES NEGATIVE NUMBERS.
R  INDICATES RECORD WAS SET OR TIED.
MM INDICATES DATA IS MISSING.
T  INDICATES TRACE AMOUNT.




$$
