000
CDUS45 KRIW 260748
CLICPR


CLIMATE REPORT
NATIONAL WEATHER SERVICE RIVERTON WY
131 AM MDT MON SEP 26 2016


...................................

...THE CASPER WY CLIMATE SUMMARY FOR SEPTEMBER 25 2016...

CLIMATE NORMAL PERIOD 1981 TO 2010
CLIMATE RECORD PERIOD 1939 TO 2016


WEATHER ITEM   OBSERVED TIME   RECORD YEAR NORMAL DEPARTURE LAST
                VALUE   (LST)  VALUE       VALUE  FROM      YEAR
                                                  NORMAL
..................................................................
TEMPERATURE (F)
 YESTERDAY
  MAXIMUM         64    259 PM  90    2014  69     -5       88
  MINIMUM         36    550 AM  20    1984  37     -1       40
  AVERAGE         50                        53     -3       64

PRECIPITATION (IN)
  YESTERDAY        0.00          0.21 1967   0.05  -0.05     0.00
  MONTH TO DATE    1.55                      0.88   0.67     0.04
  SINCE SEP 1      1.55                      0.88   0.67     0.04
  SINCE JAN 1     13.72                      9.96   3.76    10.44

SNOWFALL (IN)
  YESTERDAY        0.0                       0.1   -0.1      0.0
  MONTH TO DATE    0.0                       1.2   -1.2      0.0
  SINCE SEP 1      0.0                       1.2   -1.2      0.0
  SINCE JUL 1      0.0                       1.2   -1.2      0.0
  SNOW DEPTH       0

DEGREE DAYS
 HEATING
  YESTERDAY       15                        12      3        1
  MONTH TO DATE  175                       174      1       68
  SINCE SEP 1    175                       174      1       68
  SINCE JUL 1    235                       220     15      128

 COOLING
  YESTERDAY        0                         0      0        0
  MONTH TO DATE   29                        24      5       60
  SINCE SEP 1     29                        24      5       60
  SINCE JAN 1    451                       421     30      418
..................................................................


WIND (MPH)
  HIGHEST WIND SPEED    17   HIGHEST WIND DIRECTION     W (290)
  HIGHEST GUST SPEED    22   HIGHEST GUST DIRECTION     W (260)
  AVERAGE WIND SPEED     8.4


SKY COVER
  POSSIBLE SUNSHINE  MM
  AVERAGE SKY COVER 0.1


WEATHER CONDITIONS
 THE FOLLOWING WEATHER WAS RECORDED YESTERDAY.
  NO SIGNIFICANT WEATHER WAS OBSERVED.


RELATIVE HUMIDITY (PERCENT)
 HIGHEST    92           300 AM
 LOWEST     34           300 PM
 AVERAGE    63

..........................................................


THE CASPER WY CLIMATE NORMALS FOR TODAY
                         NORMAL    RECORD    YEAR
 MAXIMUM TEMPERATURE (F)   69        91      2015
 MINIMUM TEMPERATURE (F)   37        21      1972


SUNRISE AND SUNSET
SEPTEMBER 26 2016.....SUNRISE   658 AM MDT   SUNSET   655 PM MDT
SEPTEMBER 27 2016.....SUNRISE   659 AM MDT   SUNSET   653 PM MDT


-  INDICATES NEGATIVE NUMBERS.
R  INDICATES RECORD WAS SET OR TIED.
MM INDICATES DATA IS MISSING.
T  INDICATES TRACE AMOUNT.




$$
