000
CDUS46 KLOX 290902
CLICQT


CLIMATE REPORT
NATIONAL WEATHER SERVICE LOS ANGELES/OXNARD CA
201 AM PDT SUN MAY 29 2016


...................................

...THE DOWNTOWN LOS ANGELES (USC) CA CLIMATE SUMMARY FOR MAY 28 2016...

CLIMATE NORMAL PERIOD 1981 TO 2010
CLIMATE RECORD PERIOD 1877 TO 2016


WEATHER ITEM   OBSERVED TIME   RECORD YEAR NORMAL DEPARTURE LAST
                VALUE   (LST)  VALUE       VALUE  FROM      YEAR
                                                  NORMAL
..................................................................
TEMPERATURE (F)
 YESTERDAY
  MAXIMUM         72    121 PM 101    1973  75     -3       75
  MINIMUM         61   1159 PM  48    1895  58      3       57
  AVERAGE         67                        66      1       66

PRECIPITATION (IN)
  YESTERDAY        0.00          1.14 1990   0.01  -0.01     0.00
  MONTH TO DATE    0.05                      0.25  -0.20     0.93
  SINCE OCT 1      6.88                     14.54  -7.66     8.46
  SINCE JAN 1      5.85                     10.51  -4.66     3.85

SNOWFALL (IN)
  YESTERDAY        0.0
  MONTH TO DATE    0.0
  SINCE MAR 1      0.0
  SINCE JUL 1      0.0

DEGREE DAYS
 HEATING
  YESTERDAY        0                         1     -1        0
  MONTH TO DATE   20                        41    -21       41
  SINCE MAR 1    118                       299   -181      107
  SINCE JUL 1    758                      1074   -316      470

 COOLING
  YESTERDAY        2                         2      0        1
  MONTH TO DATE   25                        56    -31       16
  SINCE MAR 1    129                       120      9      224
  SINCE JAN 1    204                       143     61      281
..................................................................


WIND (MPH)
  HIGHEST WIND SPEED    10   HIGHEST WIND DIRECTION     W (280)
  HIGHEST GUST SPEED    16   HIGHEST GUST DIRECTION     W (280)
  AVERAGE WIND SPEED     3.0


SKY COVER
  POSSIBLE SUNSHINE  MM
  AVERAGE SKY COVER 0.8


WEATHER CONDITIONS
 THE FOLLOWING WEATHER WAS RECORDED YESTERDAY.
  HAZE


RELATIVE HUMIDITY (PERCENT)
 HIGHEST    78          1200 AM
 LOWEST     61           100 PM
 AVERAGE    70

..........................................................


THE DOWNTOWN LOS ANGELES (USC) CA CLIMATE NORMALS FOR TODAY
                         NORMAL    RECORD    YEAR
 MAXIMUM TEMPERATURE (F)   75        99      1978
 MINIMUM TEMPERATURE (F)   58        46      1881


SUNRISE AND SUNSET
MAY 29 2016...........SUNRISE   544 AM PDT   SUNSET   758 PM PDT
MAY 30 2016...........SUNRISE   543 AM PDT   SUNSET   759 PM PDT


-  INDICATES NEGATIVE NUMBERS.
R  INDICATES RECORD WAS SET OR TIED.
MM INDICATES DATA IS MISSING.
T  INDICATES TRACE AMOUNT.




$$
