000
CDUS46 KLOX 060856
CLICQT


CLIMATE REPORT
NATIONAL WEATHER SERVICE LOS ANGELES/OXNARD CA
1256 AM PST SAT FEB 6 2016


...................................

...THE DOWNTOWN LOS ANGELES (USC) CA CLIMATE SUMMARY FOR FEBRUARY 5 2016...

CLIMATE NORMAL PERIOD 1981 TO 2010
CLIMATE RECORD PERIOD 1877 TO 2016


WEATHER ITEM   OBSERVED TIME   RECORD YEAR NORMAL DEPARTURE LAST
                VALUE   (LST)  VALUE       VALUE  FROM      YEAR
                                                  NORMAL
..................................................................
TEMPERATURE (F)
 YESTERDAY
  MAXIMUM         76    406 PM  89    2007  68      8       82
  MINIMUM         46    618 AM  33    1899  49     -3       53
  AVERAGE         61                        58      3       68

PRECIPITATION (IN)
  YESTERDAY        0.00          2.30 1901   0.13  -0.13     0.00
  MONTH TO DATE    0.00                      0.60  -0.60     0.00
  SINCE OCT 1      4.20                      7.75  -3.55     5.70
  SINCE JAN 1      3.17                      3.72  -0.55     1.09

SNOWFALL (IN)
  YESTERDAY        0.0
  MONTH TO DATE    0.0
  SINCE DEC 1      0.0
  SINCE JUL 1      0.0

DEGREE DAYS
 HEATING
  YESTERDAY        4                         7     -3        0
  MONTH TO DATE   49                        35     14        6
  SINCE DEC 1    516                       495     21      295
  SINCE JUL 1    620                       626     -6      318

 COOLING
  YESTERDAY        0                         0      0        3
  MONTH TO DATE    0                         0      0        3
  SINCE DEC 1     10                        13     -3       29
  SINCE JAN 1      0                         9     -9       25
..................................................................


WIND (MPH)
  HIGHEST WIND SPEED     6   HIGHEST WIND DIRECTION     E (90)
  HIGHEST GUST SPEED     9   HIGHEST GUST DIRECTION     W (260)
  AVERAGE WIND SPEED     0.9


SKY COVER
  POSSIBLE SUNSHINE  MM
  AVERAGE SKY COVER 0.0


WEATHER CONDITIONS
 THE FOLLOWING WEATHER WAS RECORDED YESTERDAY.
  NO SIGNIFICANT WEATHER WAS OBSERVED.


RELATIVE HUMIDITY (PERCENT)
 HIGHEST    53           500 AM
 LOWEST     12           100 PM
 AVERAGE    33

..........................................................


THE DOWNTOWN LOS ANGELES (USC) CA CLIMATE NORMALS FOR TODAY
                         NORMAL    RECORD    YEAR
 MAXIMUM TEMPERATURE (F)   68        86      1987
 MINIMUM TEMPERATURE (F)   49        28      1883


SUNRISE AND SUNSET
FEBRUARY  6 2016......SUNRISE   647 AM PST   SUNSET   528 PM PST
FEBRUARY  7 2016......SUNRISE   646 AM PST   SUNSET   529 PM PST


-  INDICATES NEGATIVE NUMBERS.
R  INDICATES RECORD WAS SET OR TIED.
MM INDICATES DATA IS MISSING.
T  INDICATES TRACE AMOUNT.




$$
