000
CDUS46 KLOX 230859
CLICQT


CLIMATE REPORT
NATIONAL WEATHER SERVICE LOS ANGELES/OXNARD CA
1259 AM PST FRI FEB 23 2018


...................................

...THE DOWNTOWN LOS ANGELES (USC) CA CLIMATE SUMMARY FOR FEBRUARY 22 2018...

CLIMATE NORMAL PERIOD 1981 TO 2010
CLIMATE RECORD PERIOD 1877 TO 2018


WEATHER ITEM   OBSERVED TIME   RECORD YEAR NORMAL DEPARTURE LAST
                VALUE   (LST)  VALUE       VALUE  FROM      YEAR
                                                  NORMAL
..................................................................
TEMPERATURE (F)
 YESTERDAY
  MAXIMUM         62        MM  90    2002  69     -7       66
  MINIMUM         45        MM  35    1897  50     -5       51
  AVERAGE         54                        59     -5       59

PRECIPITATION (IN)
  YESTERDAY        0.00          2.19 1944   0.15  -0.15     0.00
  MONTH TO DATE    0.01                      3.01  -3.00     4.11
  SINCE OCT 1      1.90                     10.16  -8.26    18.44
  SINCE JAN 1      1.78                      6.13  -4.35    12.49

SNOWFALL (IN)
  YESTERDAY        0.0
  MONTH TO DATE    0.0
  SINCE DEC 1      0.0
  SINCE JUL 1      0.0

DEGREE DAYS
 HEATING
  YESTERDAY       11                         6      5        6
  MONTH TO DATE   89                       150    -61       87
  SINCE DEC 1    320                       610   -290      524
  SINCE JUL 1    338                       741   -403      595

 COOLING
  YESTERDAY        0                         1     -1        0
  MONTH TO DATE   13                         9      4        5
  SINCE DEC 1     48                        22     26       14
  SINCE JAN 1     36                        18     18        8
..................................................................


WIND (MPH)
  HIGHEST WIND SPEED     7   HIGHEST WIND DIRECTION     W (260)
  HIGHEST GUST SPEED    MM   HIGHEST GUST DIRECTION    MM
  AVERAGE WIND SPEED     3.1


SKY COVER
  POSSIBLE SUNSHINE  MM
  AVERAGE SKY COVER 0.1


WEATHER CONDITIONS
 THE FOLLOWING WEATHER WAS RECORDED YESTERDAY.
  NO SIGNIFICANT WEATHER WAS OBSERVED.


RELATIVE HUMIDITY (PERCENT)
 HIGHEST    68           900 PM
 LOWEST     39           100 PM
 AVERAGE    54

..........................................................


THE DOWNTOWN LOS ANGELES (USC) CA CLIMATE NORMALS FOR TODAY
                         NORMAL    RECORD    YEAR
 MAXIMUM TEMPERATURE (F)   69        90      1954
 MINIMUM TEMPERATURE (F)   50        35      1894


SUNRISE AND SUNSET
FEBRUARY 23 2018......SUNRISE   629 AM PST   SUNSET   544 PM PST
FEBRUARY 24 2018......SUNRISE   628 AM PST   SUNSET   545 PM PST


-  INDICATES NEGATIVE NUMBERS.
R  INDICATES RECORD WAS SET OR TIED.
MM INDICATES DATA IS MISSING.
T  INDICATES TRACE AMOUNT.




$$
