000
CDUS46 KLOX 270953
CLICQT


CLIMATE REPORT
NATIONAL WEATHER SERVICE LOS ANGELES/OXNARD CA
253 AM PDT MON MAR 27 2017


...................................

...THE DOWNTOWN LOS ANGELES (USC) CA CLIMATE SUMMARY FOR MARCH 26 2017...

CLIMATE NORMAL PERIOD 1981 TO 2010
CLIMATE RECORD PERIOD 1877 TO 2017


WEATHER ITEM   OBSERVED TIME   RECORD YEAR NORMAL DEPARTURE LAST
                VALUE   (LST)  VALUE       VALUE  FROM      YEAR
                                                  NORMAL
..................................................................
TEMPERATURE (F)
 YESTERDAY
  MAXIMUM         71   1202 PM  98    1988  71      0       77
  MINIMUM         57   1159 PM  39    1907  51      6       59
  AVERAGE         64                        61      3       68

PRECIPITATION (IN)
  YESTERDAY        0.00          1.53 1906   0.06  -0.06     0.00
  MONTH TO DATE    0.09                      2.17  -2.08     1.58
  SINCE OCT 1     18.59                     13.12   5.47     6.57
  SINCE JAN 1     12.64                      9.09   3.55     5.54

SNOWFALL (IN)
  YESTERDAY        0.0
  MONTH TO DATE    0.0
  SINCE MAR 1      0.0
  SINCE JUL 1      0.0

DEGREE DAYS
 HEATING
  YESTERDAY        1                         5     -4        0
  MONTH TO DATE   42                       134    -92       48
  SINCE MAR 1     42                       134    -92       48
  SINCE JUL 1    694                       909   -215      688

 COOLING
  YESTERDAY        0                         1     -1        3
  MONTH TO DATE   53                        23     30       21
  SINCE MAR 1     53                        23     30       21
  SINCE JAN 1     61                        46     15       96
..................................................................


WIND (MPH)
  HIGHEST WIND SPEED    13   HIGHEST WIND DIRECTION     W (270)
  HIGHEST GUST SPEED    18   HIGHEST GUST DIRECTION     W (270)
  AVERAGE WIND SPEED     1.6


SKY COVER
  POSSIBLE SUNSHINE  MM
  AVERAGE SKY COVER 0.3


WEATHER CONDITIONS
 THE FOLLOWING WEATHER WAS RECORDED YESTERDAY.
  HAZE


RELATIVE HUMIDITY (PERCENT)
 HIGHEST    86          1200 AM
 LOWEST     49          1200 PM
 AVERAGE    68

..........................................................


THE DOWNTOWN LOS ANGELES (USC) CA CLIMATE NORMALS FOR TODAY
                         NORMAL    RECORD    YEAR
 MAXIMUM TEMPERATURE (F)   71        91      2015
                                             1986
 MINIMUM TEMPERATURE (F)   52        37      1884


SUNRISE AND SUNSET
MARCH 27 2017.........SUNRISE   647 AM PDT   SUNSET   710 PM PDT
MARCH 28 2017.........SUNRISE   645 AM PDT   SUNSET   711 PM PDT


-  INDICATES NEGATIVE NUMBERS.
R  INDICATES RECORD WAS SET OR TIED.
MM INDICATES DATA IS MISSING.
T  INDICATES TRACE AMOUNT.




$$
