000
CDUS46 KLOX 270915
CLICQT


CLIMATE REPORT
NATIONAL WEATHER SERVICE LOS ANGELES/OXNARD CA
215 AM PDT SAT MAY 27 2017


...................................

...THE DOWNTOWN LOS ANGELES (USC) CA CLIMATE SUMMARY FOR MAY 26 2017...

CLIMATE NORMAL PERIOD 1981 TO 2010
CLIMATE RECORD PERIOD 1877 TO 2017


WEATHER ITEM   OBSERVED TIME   RECORD YEAR NORMAL DEPARTURE LAST
                VALUE   (LST)  VALUE       VALUE  FROM      YEAR
                                                  NORMAL
..................................................................
TEMPERATURE (F)
 YESTERDAY
  MAXIMUM         72    900 AM  96    1896  75     -3       74
  MINIMUM         61   1159 PM  46    1917  58      3       58
  AVERAGE         67                        66      1       66

PRECIPITATION (IN)
  YESTERDAY        0.00          0.21 1906   0.01  -0.01     0.00
  MONTH TO DATE    0.32                      0.24   0.08     0.05
  SINCE OCT 1     18.99                     14.53   4.46     6.88
  SINCE JAN 1     13.04                     10.50   2.54     5.85

SNOWFALL (IN)
  YESTERDAY        0.0
  MONTH TO DATE    0.0
  SINCE MAR 1      0.0
  SINCE JUL 1      0.0

DEGREE DAYS
 HEATING
  YESTERDAY        0                         1     -1        0
  MONTH TO DATE   23                        39    -16       20
  SINCE MAR 1     77                       297   -220      118
  SINCE JUL 1    729                      1072   -343      758

 COOLING
  YESTERDAY        2                         2      0        1
  MONTH TO DATE   87                        52     35       22
  SINCE MAR 1    259                       116    143      126
  SINCE JAN 1    267                       139    128      201
..................................................................


WIND (MPH)
  HIGHEST WIND SPEED    10   HIGHEST WIND DIRECTION     W (270)
  HIGHEST GUST SPEED    16   HIGHEST GUST DIRECTION     W (270)
  AVERAGE WIND SPEED     2.2


SKY COVER
  POSSIBLE SUNSHINE  MM
  AVERAGE SKY COVER 0.9


WEATHER CONDITIONS
 THE FOLLOWING WEATHER WAS RECORDED YESTERDAY.
  NO SIGNIFICANT WEATHER WAS OBSERVED.


RELATIVE HUMIDITY (PERCENT)
 HIGHEST    78          1100 PM
 LOWEST     53           900 AM
 AVERAGE    66

..........................................................


THE DOWNTOWN LOS ANGELES (USC) CA CLIMATE NORMALS FOR TODAY
                         NORMAL    RECORD    YEAR
 MAXIMUM TEMPERATURE (F)   75        97      1880
 MINIMUM TEMPERATURE (F)   58        47      1879


SUNRISE AND SUNSET
MAY 27 2017...........SUNRISE   545 AM PDT   SUNSET   756 PM PDT
MAY 28 2017...........SUNRISE   544 AM PDT   SUNSET   757 PM PDT


-  INDICATES NEGATIVE NUMBERS.
R  INDICATES RECORD WAS SET OR TIED.
MM INDICATES DATA IS MISSING.
T  INDICATES TRACE AMOUNT.




$$
