000
CDUS42 KILM 301002
CLICRE


CLIMATE REPORT
NATIONAL WEATHER SERVICE WILMINGTON NC
502 AM EST FRI JAN 30 2015


...................................

...THE NORTH MYRTLE BEACH SC CLIMATE SUMMARY FOR JANUARY 29 2015...

CLIMATE NORMAL PERIOD 1981 TO 2010
CLIMATE RECORD PERIOD 1949 TO 2015


WEATHER ITEM   OBSERVED TIME   RECORD YEAR NORMAL DEPARTURE LAST
                VALUE   (LST)  VALUE       VALUE  FROM      YEAR
                                                  NORMAL
..................................................................
TEMPERATURE (F)
 YESTERDAY
  MAXIMUM         52   1159 PM  75    2002  55     -3       28
  MINIMUM         25    717 AM  22    2014  37    -12       22
  AVERAGE         39                        46     -7       25

PRECIPITATION (IN)
  YESTERDAY        T                         0.15  -0.15     0.08
  MONTH TO DATE    4.09                      3.38   0.71     1.79
  SINCE DEC 1      7.29                      6.84   0.45     3.37
  SINCE JAN 1      4.09                      3.38   0.71     1.79

SNOWFALL (IN)
  YESTERDAY       MM
  MONTH TO DATE   MM
  SINCE DEC 1     MM
  SINCE JUL 1     MM
  SNOW DEPTH      MM

DEGREE DAYS
 HEATING
  YESTERDAY       26                        19      7       40
  MONTH TO DATE  469                       562    -93      638
  SINCE DEC 1    917                      1069   -152     1051
  SINCE JUL 1   1367                      1430    -63     1464

 COOLING
  YESTERDAY        0                         0      0        0
  MONTH TO DATE    1                         0      1        0
  SINCE DEC 1      3                         3      0        8
  SINCE JAN 1      1                         0      1        0
..................................................................


WIND (MPH)
  HIGHEST WIND SPEED    13   HIGHEST WIND DIRECTION    SW (240)
  HIGHEST GUST SPEED    17   HIGHEST GUST DIRECTION    SW (210)
  AVERAGE WIND SPEED     5.1


SKY COVER
  POSSIBLE SUNSHINE  MM
  AVERAGE SKY COVER 0.2


WEATHER CONDITIONS
 THE FOLLOWING WEATHER WAS RECORDED YESTERDAY.
  LIGHT RAIN


RELATIVE HUMIDITY (PERCENT)
 HIGHEST    92          1200 AM
 LOWEST     28          1100 AM
 AVERAGE    60

..........................................................


THE NORTH MYRTLE BEACH SC CLIMATE NORMALS FOR TODAY
                         NORMAL    RECORD    YEAR
 MAXIMUM TEMPERATURE (F)   55        74      1950
 MINIMUM TEMPERATURE (F)   37        21      1952


SUNRISE AND SUNSET
JANUARY 30 2015.......SUNRISE   713 AM EST   SUNSET   544 PM EST
JANUARY 31 2015.......SUNRISE   712 AM EST   SUNSET   545 PM EST


-  INDICATES NEGATIVE NUMBERS.
R  INDICATES RECORD WAS SET OR TIED.
MM INDICATES DATA IS MISSING.
T  INDICATES TRACE AMOUNT.




$$
