079
CDUS42 KILM 270845
CLICRE


CLIMATE REPORT
NATIONAL WEATHER SERVICE WILMINGTON NC
445 AM EDT MON MAR 27 2017


...................................

...THE NORTH MYRTLE BEACH SC CLIMATE SUMMARY FOR MARCH 26 2017...

CLIMATE NORMAL PERIOD 1981 TO 2010
CLIMATE RECORD PERIOD 1949 TO 2017


WEATHER ITEM   OBSERVED TIME   RECORD YEAR NORMAL DEPARTURE LAST
                VALUE   (LST)  VALUE       VALUE  FROM      YEAR
                                                  NORMAL
..................................................................
TEMPERATURE (F)
 YESTERDAY
  MAXIMUM         74    228 PM  80    2012  66      8       70
  MINIMUM         54   1217 AM  30    2014  47      7       61
  AVERAGE         64                        56      8       66

PRECIPITATION (IN)
  YESTERDAY        0.00                      0.14  -0.14     0.20
  MONTH TO DATE    1.69                      3.27  -1.58     0.85
  SINCE MAR 1      1.69                      3.27  -1.58     0.85
  SINCE JAN 1      5.22                     10.38  -5.16     8.92

SNOWFALL (IN)
  YESTERDAY       MM
  MONTH TO DATE   MM
  SINCE MAR 1     MM
  SINCE JUL 1     MM
  SNOW DEPTH      MM

DEGREE DAYS
 HEATING
  YESTERDAY        1                         9     -8        0
  MONTH TO DATE  342                       298     44      158
  SINCE MAR 1    342                       298     44      158
  SINCE JUL 1   1746                      2242   -496     1633

 COOLING
  YESTERDAY        0                         0      0        1
  MONTH TO DATE    3                         0      3       28
  SINCE MAR 1      3                         0      3       28
  SINCE JAN 1      4                         0      4       28
..................................................................


WIND (MPH)
  HIGHEST WIND SPEED    14   HIGHEST WIND DIRECTION     S (160)
  HIGHEST GUST SPEED    20   HIGHEST GUST DIRECTION     S (170)
  AVERAGE WIND SPEED     6.4


SKY COVER
  POSSIBLE SUNSHINE  MM
  AVERAGE SKY COVER 0.4


WEATHER CONDITIONS
 THE FOLLOWING WEATHER WAS RECORDED YESTERDAY.
  NO SIGNIFICANT WEATHER WAS OBSERVED.


RELATIVE HUMIDITY (PERCENT)
 HIGHEST   100          1200 AM
 LOWEST     57           100 PM
 AVERAGE    79

..........................................................


THE NORTH MYRTLE BEACH SC CLIMATE NORMALS FOR TODAY
                         NORMAL    RECORD    YEAR
 MAXIMUM TEMPERATURE (F)   67        79      1949
 MINIMUM TEMPERATURE (F)   47        25      1955


SUNRISE AND SUNSET
MARCH 27 2017.........SUNRISE   709 AM EDT   SUNSET   732 PM EDT
MARCH 28 2017.........SUNRISE   707 AM EDT   SUNSET   733 PM EDT


-  INDICATES NEGATIVE NUMBERS.
R  INDICATES RECORD WAS SET OR TIED.
MM INDICATES DATA IS MISSING.
T  INDICATES TRACE AMOUNT.




$$
