000
CDUS42 KILM 270842
CLICRE


CLIMATE REPORT
NATIONAL WEATHER SERVICE WILMINGTON NC
442 AM EDT TUE JUN 27 2017


...................................

...THE NORTH MYRTLE BEACH SC CLIMATE SUMMARY FOR JUNE 26 2017...

CLIMATE NORMAL PERIOD 1981 TO 2010
CLIMATE RECORD PERIOD 1949 TO 2017


WEATHER ITEM   OBSERVED TIME   RECORD YEAR NORMAL DEPARTURE LAST
                VALUE   (LST)  VALUE       VALUE  FROM      YEAR
                                                  NORMAL
..................................................................
TEMPERATURE (F)
 YESTERDAY
  MAXIMUM         85    421 PM 104    1952  87     -2       84
  MINIMUM         67   1159 PM  65    1955  72     -5       72
  AVERAGE         76                        79     -3       78

PRECIPITATION (IN)
  YESTERDAY        0.00                      0.17  -0.17      T
  MONTH TO DATE    3.65                      3.99  -0.34     2.21
  SINCE JUN 1      3.65                      3.99  -0.34     2.21
  SINCE JAN 1     16.86                     21.39  -4.53    17.95

DEGREE DAYS
 HEATING
  YESTERDAY        0                         0      0        0
  MONTH TO DATE    3                         0      3        0
  SINCE JUN 1      3                         0      3        0
  SINCE JUL 1   1809                      2447   -638     1781

 COOLING
  YESTERDAY       11                        14     -3       13
  MONTH TO DATE  312                       300     12      384
  SINCE JUN 1    312                       300     12      384
  SINCE JAN 1    675                       512    163      680
..................................................................


WIND (MPH)
  HIGHEST WIND SPEED    16   HIGHEST WIND DIRECTION    NE (50)
  HIGHEST GUST SPEED    21   HIGHEST GUST DIRECTION    NE (50)
  AVERAGE WIND SPEED     5.2


SKY COVER
  POSSIBLE SUNSHINE  MM
  AVERAGE SKY COVER 0.4


WEATHER CONDITIONS
 THE FOLLOWING WEATHER WAS RECORDED YESTERDAY.
  FOG


RELATIVE HUMIDITY (PERCENT)
 HIGHEST   100           200 AM
 LOWEST     40           500 PM
 AVERAGE    70

..........................................................


THE NORTH MYRTLE BEACH SC CLIMATE NORMALS FOR TODAY
                         NORMAL    RECORD    YEAR
 MAXIMUM TEMPERATURE (F)   87       103      1954
 MINIMUM TEMPERATURE (F)   72        58      2012


SUNRISE AND SUNSET
JUNE 27 2017..........SUNRISE   606 AM EDT   SUNSET   830 PM EDT
JUNE 28 2017..........SUNRISE   607 AM EDT   SUNSET   830 PM EDT


-  INDICATES NEGATIVE NUMBERS.
R  INDICATES RECORD WAS SET OR TIED.
MM INDICATES DATA IS MISSING.
T  INDICATES TRACE AMOUNT.




$$
