000
CDUS42 KILM 222143
CLICRE


CLIMATE REPORT
NATIONAL WEATHER SERVICE WILMINGTON NC
442 PM EST MON DEC 22 2014


...................................

...THE NORTH MYRTLE BEACH SC CLIMATE SUMMARY FOR DECEMBER 22 2014...
VALID TODAY AS OF 0400 PM LOCAL TIME.

CLIMATE NORMAL PERIOD 1981 TO 2010
CLIMATE RECORD PERIOD 1949 TO 2014


WEATHER ITEM   OBSERVED TIME   RECORD YEAR NORMAL DEPARTURE LAST
                VALUE   (LST)  VALUE       VALUE  FROM      YEAR
                                                  NORMAL
..................................................................
TEMPERATURE (F)
 TODAY
  MAXIMUM         47    236 PM  77    1998  57    -10       75
  MINIMUM         44    959 AM  20    1954  38      6       63
  AVERAGE         46                        47     -1       69

PRECIPITATION (IN)
  TODAY            0.04                      0.12  -0.08     0.00
  MONTH TO DATE    0.39                      2.60  -2.21     0.70
  SINCE DEC 1      0.39                      2.60  -2.21     0.70
  SINCE JAN 1     38.18                     51.15 -12.97    47.68

SNOWFALL (IN)
  TODAY           MM
  MONTH TO DATE   MM
  SINCE DEC 1     MM
  SINCE JUL 1     MM
  SNOW DEPTH      MM

DEGREE DAYS
 HEATING
  TODAY           19                        18      1        0
  MONTH TO DATE  334                       342     -8      271
  SINCE DEC 1    334                       342     -8      271
  SINCE JUL 1    784                       703     81      684

 COOLING
  TODAY            0                         0      0        4
  MONTH TO DATE    0                         0      0        7
  SINCE DEC 1      0                         0      0        7
  SINCE JAN 1   2029                      1899    130     1847
..................................................................


WIND (MPH)
  HIGHEST WIND SPEED    15   HIGHEST WIND DIRECTION     E (80)
  HIGHEST GUST SPEED    19   HIGHEST GUST DIRECTION     N (10)
  AVERAGE WIND SPEED     8.1


SKY COVER
  POSSIBLE SUNSHINE  MM
  AVERAGE SKY COVER 1.0


WEATHER CONDITIONS
 THE FOLLOWING WEATHER WAS RECORDED TODAY.
  RAIN
  LIGHT RAIN
  FOG


RELATIVE HUMIDITY (PERCENT)
 HIGHEST   100           500 AM
 LOWEST     92          1200 AM
 AVERAGE    96

..........................................................


THE NORTH MYRTLE BEACH SC CLIMATE NORMALS FOR TOMORROW
                         NORMAL    RECORD    YEAR
 MAXIMUM TEMPERATURE (F)   57        71      2013
                                             2011
                                             2007
 MINIMUM TEMPERATURE (F)   37        14      1989


SUNRISE AND SUNSET
DECEMBER 22 2014......SUNRISE   716 AM EST   SUNSET   511 PM EST
DECEMBER 23 2014......SUNRISE   717 AM EST   SUNSET   511 PM EST


-  INDICATES NEGATIVE NUMBERS.
R  INDICATES RECORD WAS SET OR TIED.
MM INDICATES DATA IS MISSING.
T  INDICATES TRACE AMOUNT.




$$
