000
CDUS42 KILM 010844
CLICRE


CLIMATE REPORT
NATIONAL WEATHER SERVICE WILMINGTON NC
444 AM EDT WED JUL 1 2015


...................................

...THE NORTH MYRTLE BEACH SC CLIMATE SUMMARY FOR JUNE 30 2015...

CLIMATE NORMAL PERIOD 1981 TO 2010
CLIMATE RECORD PERIOD 1949 TO 2015


WEATHER ITEM   OBSERVED TIME   RECORD YEAR NORMAL DEPARTURE LAST
                VALUE   (LST)  VALUE       VALUE  FROM      YEAR
                                                  NORMAL
..................................................................
TEMPERATURE (F)
 YESTERDAY
  MAXIMUM         89   1207 PM  99    1998  87      2       85
  MINIMUM         74   1159 PM  61    1955  72      2       67
  AVERAGE         82                        80      2       76

PRECIPITATION (IN)
  YESTERDAY        T                         0.17  -0.17     0.00
  MONTH TO DATE    3.16                      4.64  -1.48     2.63
  SINCE JUN 1      3.16                      4.64  -1.48     2.63
  SINCE JAN 1     23.22                     22.04   1.18    15.61

DEGREE DAYS
 HEATING
  YESTERDAY        0                         0      0        0
  MONTH TO DATE    0                         0      0        0
  SINCE JUN 1      0                         0      0        0
  SINCE JUL 1   2418                      2447    -29     2586

 COOLING
  YESTERDAY       17                        15      2       11
  MONTH TO DATE  475                       357    118      405
  SINCE JUN 1    475                       357    118      405
  SINCE JAN 1    734                       569    165      687
..................................................................


WIND (MPH)
  HIGHEST WIND SPEED    29   HIGHEST WIND DIRECTION    SW (210)
  HIGHEST GUST SPEED    35   HIGHEST GUST DIRECTION    SW (210)
  AVERAGE WIND SPEED    10.6


SKY COVER
  POSSIBLE SUNSHINE  MM
  AVERAGE SKY COVER 0.0


WEATHER CONDITIONS
 THE FOLLOWING WEATHER WAS RECORDED YESTERDAY.
  LIGHT RAIN


RELATIVE HUMIDITY (PERCENT)
 HIGHEST    82           200 AM
 LOWEST     44          1100 AM
 AVERAGE    63

..........................................................


THE NORTH MYRTLE BEACH SC CLIMATE NORMALS FOR TODAY
                         NORMAL    RECORD    YEAR
 MAXIMUM TEMPERATURE (F)   87       101      1990
 MINIMUM TEMPERATURE (F)   72        62      1955


SUNRISE AND SUNSET
JULY  1 2015..........SUNRISE   608 AM EDT   SUNSET   830 PM EDT
JULY  2 2015..........SUNRISE   608 AM EDT   SUNSET   830 PM EDT


-  INDICATES NEGATIVE NUMBERS.
R  INDICATES RECORD WAS SET OR TIED.
MM INDICATES DATA IS MISSING.
T  INDICATES TRACE AMOUNT.




$$
