000
CDUS42 KILM 290840
CLICRE


CLIMATE REPORT
NATIONAL WEATHER SERVICE WILMINGTON NC
440 AM EDT FRI MAY 29 2015


...................................

...THE NORTH MYRTLE BEACH SC CLIMATE SUMMARY FOR MAY 28 2015...

CLIMATE NORMAL PERIOD 1981 TO 2010
CLIMATE RECORD PERIOD 1949 TO 2015


WEATHER ITEM   OBSERVED TIME   RECORD YEAR NORMAL DEPARTURE LAST
                VALUE   (LST)  VALUE       VALUE  FROM      YEAR
                                                  NORMAL
..................................................................
TEMPERATURE (F)
 YESTERDAY
  MAXIMUM         80    201 PM  90    2004  81     -1       89
  MINIMUM         66   1159 PM  54    1997  64      2       71
  AVERAGE         73                        73      0       80

PRECIPITATION (IN)
  YESTERDAY        0.00                      0.12  -0.12     0.00
  MONTH TO DATE    6.80                      2.97   3.83     1.52
  SINCE MAR 1     12.87                      9.85   3.02     8.79
  SINCE JAN 1     20.06                     16.96   3.10    12.91

DEGREE DAYS
 HEATING
  YESTERDAY        0                         0      0        0
  MONTH TO DATE    8                        23    -15        9
  SINCE MAR 1    363                       502   -139      562
  SINCE JUL 1   2418                      2446    -28     2586

 COOLING
  YESTERDAY        8                         8      0       15
  MONTH TO DATE  178                       145     33      209
  SINCE MAR 1    230                       187     43      251
  SINCE JAN 1    231                       187     44      251
..................................................................


WIND (MPH)
  HIGHEST WIND SPEED    14   HIGHEST WIND DIRECTION    SE (150)
  HIGHEST GUST SPEED    17   HIGHEST GUST DIRECTION     S (160)
  AVERAGE WIND SPEED     5.9


SKY COVER
  POSSIBLE SUNSHINE  MM
  AVERAGE SKY COVER 0.1


WEATHER CONDITIONS
 THE FOLLOWING WEATHER WAS RECORDED YESTERDAY.
  NO SIGNIFICANT WEATHER WAS OBSERVED.


RELATIVE HUMIDITY (PERCENT)
 HIGHEST    87          1100 PM
 LOWEST     54           400 PM
 AVERAGE    71

..........................................................


THE NORTH MYRTLE BEACH SC CLIMATE NORMALS FOR TODAY
                         NORMAL    RECORD    YEAR
 MAXIMUM TEMPERATURE (F)   81        92      1991
 MINIMUM TEMPERATURE (F)   65        50      1951


SUNRISE AND SUNSET
MAY 29 2015...........SUNRISE   606 AM EDT   SUNSET   819 PM EDT
MAY 30 2015...........SUNRISE   606 AM EDT   SUNSET   819 PM EDT


-  INDICATES NEGATIVE NUMBERS.
R  INDICATES RECORD WAS SET OR TIED.
MM INDICATES DATA IS MISSING.
T  INDICATES TRACE AMOUNT.




$$
