000
CDUS42 KILM 210841
CLICRE


CLIMATE REPORT
NATIONAL WEATHER SERVICE WILMINGTON NC
440 AM EDT MON AUG 21 2017


...................................

...THE NORTH MYRTLE BEACH SC CLIMATE SUMMARY FOR AUGUST 20 2017...

CLIMATE NORMAL PERIOD 1981 TO 2010
CLIMATE RECORD PERIOD 1949 TO 2017


WEATHER ITEM   OBSERVED TIME   RECORD YEAR NORMAL DEPARTURE LAST
                VALUE   (LST)  VALUE       VALUE  FROM      YEAR
                                                  NORMAL
..................................................................
TEMPERATURE (F)
 YESTERDAY
  MAXIMUM         88    149 PM  95    2005  86      2       88
  MINIMUM         79    636 AM  64    1998  72      7       75
  AVERAGE         84                        79      5       82

PRECIPITATION (IN)
  YESTERDAY        0.00                      0.28  -0.28      T
  MONTH TO DATE    9.79                      4.46   5.33     2.75
  SINCE JUN 1     15.71                     15.00   0.71     8.65
  SINCE JAN 1     28.92                     32.40  -3.48    24.39

DEGREE DAYS
 HEATING
  YESTERDAY        0                         0      0        0
  MONTH TO DATE    0                         0      0        0
  SINCE JUN 1      3                         0      3        0
  SINCE JUL 1      0                         0      0        0

 COOLING
  YESTERDAY       19                        14      5       17
  MONTH TO DATE  303                       285     18      371
  SINCE JUN 1   1155                      1118     37     1390
  SINCE JAN 1   1518                      1330    188     1686
..................................................................


WIND (MPH)
  HIGHEST WIND SPEED    13   HIGHEST WIND DIRECTION    NE (60)
  HIGHEST GUST SPEED    18   HIGHEST GUST DIRECTION    NE (60)
  AVERAGE WIND SPEED     5.4


SKY COVER
  POSSIBLE SUNSHINE  MM
  AVERAGE SKY COVER 0.2


WEATHER CONDITIONS
 THE FOLLOWING WEATHER WAS RECORDED YESTERDAY.
  FOG


RELATIVE HUMIDITY (PERCENT)
 HIGHEST   100           100 AM
 LOWEST     74           600 PM
 AVERAGE    87

..........................................................


THE NORTH MYRTLE BEACH SC CLIMATE NORMALS FOR TODAY
                         NORMAL    RECORD    YEAR
 MAXIMUM TEMPERATURE (F)   86        95      2016
                                             2007
                                             2005
 MINIMUM TEMPERATURE (F)   71        61      1953


SUNRISE AND SUNSET
AUGUST 21 2017........SUNRISE   641 AM EDT   SUNSET   754 PM EDT
AUGUST 22 2017........SUNRISE   642 AM EDT   SUNSET   753 PM EDT


-  INDICATES NEGATIVE NUMBERS.
R  INDICATES RECORD WAS SET OR TIED.
MM INDICATES DATA IS MISSING.
T  INDICATES TRACE AMOUNT.




$$
