000
CDUS44 KCRP 130956
CLICRP

CLIMATE REPORT
NATIONAL WEATHER SERVICE CORPUS CHRISTI TX
355 AM CST WED DEC 13 2017


...................................

...THE CORPUS CHRISTI CLIMATE SUMMARY FOR DECEMBER 12 2017...

CLIMATE NORMAL PERIOD 1981 TO 2010
CLIMATE RECORD PERIOD 1887 TO 2017


WEATHER ITEM   OBSERVED TIME   RECORD YEAR NORMAL DEPARTURE LAST
                VALUE   (LST)  VALUE       VALUE  FROM      YEAR
                                                  NORMAL
..................................................................
TEMPERATURE (F)
 YESTERDAY
  MAXIMUM         68    354 PM  85    1981  69     -1       75
  MINIMUM         45   1123 PM  29    1966  49     -4       62
                                      1957
  AVERAGE         57                        59     -2       69

PRECIPITATION (IN)
  YESTERDAY        0.00          1.32 1947   0.06  -0.06      T
  MONTH TO DATE    3.82                      0.64   3.18     2.00
  SINCE DEC 1      3.82                      0.64   3.18     2.00
  SINCE JAN 1     30.34                     30.57  -0.23    32.53

SNOWFALL (IN)
  YESTERDAY        0.0
  MONTH TO DATE    1.0
  SINCE DEC 1      1.0
  SINCE JUL 1      1.0
  SNOW DEPTH       0

DEGREE DAYS
 HEATING
  YESTERDAY        8                         8      0        0
  MONTH TO DATE  111                        82     29       73
  SINCE DEC 1    111                        82     29       73
  SINCE JUL 1    175                       183     -8       91

 COOLING
  YESTERDAY        0                         2     -2        4
  MONTH TO DATE   24                        24      0       12
  SINCE DEC 1     24                        24      0       12
  SINCE JAN 1   4011                      3499    512     4194
..................................................................


WIND (MPH)
  HIGHEST WIND SPEED    22   HIGHEST WIND DIRECTION    NE (40)
  HIGHEST GUST SPEED    29   HIGHEST GUST DIRECTION    NE (30)
  AVERAGE WIND SPEED     9.4


SKY COVER
  POSSIBLE SUNSHINE  MM
  AVERAGE SKY COVER 0.7


WEATHER CONDITIONS
 THE FOLLOWING WEATHER WAS RECORDED YESTERDAY.
  NO SIGNIFICANT WEATHER WAS OBSERVED.


RELATIVE HUMIDITY (PERCENT)
 HIGHEST   100           400 AM
 LOWEST     27           300 PM
 AVERAGE    64

..........................................................


THE CORPUS CHRISTI CLIMATE NORMALS FOR TODAY
                         NORMAL    RECORD    YEAR
 MAXIMUM TEMPERATURE (F)   69        86      1901
 MINIMUM TEMPERATURE (F)   49        25      1989


SUNRISE AND SUNSET
DECEMBER 13 2017......SUNRISE   712 AM CST   SUNSET   537 PM CST
DECEMBER 14 2017......SUNRISE   713 AM CST   SUNSET   537 PM CST


-  INDICATES NEGATIVE NUMBERS.
R  INDICATES RECORD WAS SET OR TIED.
MM INDICATES DATA IS MISSING.
T  INDICATES TRACE AMOUNT.




$$
