000
CDUS44 KCRP 262313
CLICRP

CLIMATE REPORT
NATIONAL WEATHER SERVICE CORPUS CHRISTI TX
612 PM CDT TUE JUL 26 2016

...................................

...THE CORPUS CHRISTI CLIMATE SUMMARY FOR JULY 26 2016...
VALID AS OF 612 PM LOCAL TIME.

CLIMATE NORMAL PERIOD 1981 TO 2010
CLIMATE RECORD PERIOD 1887 TO 2016


WEATHER ITEM   OBSERVED TIME   RECORD YEAR NORMAL DEPARTURE LAST
                VALUE   (LST)  VALUE       VALUE  FROM      YEAR
                                                  NORMAL
..................................................................
TEMPERATURE (F)
 TODAY
  MAXIMUM         90    257 PM 101    1954  94     -4       97
  MINIMUM         78    536 AM  72    1993  75      3       79
                                      1989
                                      1976
  AVERAGE         84                        84      0       88

PRECIPITATION (IN)
  TODAY            0.00          1.59 1979   0.06  -0.06     0.00
  MONTH TO DATE    T                         2.49  -2.49     0.57
  SINCE JUN 1      2.95                      5.85  -2.90     2.20
  SINCE JAN 1     21.17                     16.12   5.05    32.46

SNOWFALL (IN)
  TODAY            0.0
  MONTH TO DATE    0.0
  SINCE JUN 1      0.0
  SINCE JUL 1      0.0
  SNOW DEPTH       0

DEGREE DAYS
 HEATING
  TODAY            0                         0      0        0
  MONTH TO DATE    0                         0      0        0
  SINCE JUN 1      0                         0      0        0
  SINCE JUL 1      0                         0      0        0

 COOLING
  TODAY           19                        19      0       23
  MONTH TO DATE  556                       490     66      535
  SINCE JUN 1   1116                      1012    104     1074
  SINCE JAN 1   2152                      1853    299     1904
..................................................................


WIND (MPH)
  HIGHEST WIND SPEED    21   HIGHEST WIND DIRECTION    SE (130)
  HIGHEST GUST SPEED    25   HIGHEST GUST DIRECTION    SE (130)


SKY COVER
  POSSIBLE SUNSHINE  MM
  AVERAGE SKY COVER 0.8


WEATHER CONDITIONS
 THE FOLLOWING WEATHER WAS RECORDED TODAY.
  THUNDERSTORM


RELATIVE HUMIDITY (PERCENT)
 HIGHEST    97           400 AM
 LOWEST     59          1100 AM
 AVERAGE    78

..........................................................


THE CORPUS CHRISTI CLIMATE NORMALS FOR TOMORROW
                         NORMAL    RECORD    YEAR
 MAXIMUM TEMPERATURE (F)   94       100      2013
                                             1954
 MINIMUM TEMPERATURE (F)   75        70      1960
                                             1942
                                             1903


SUNRISE AND SUNSET
JULY 26 2016..........SUNRISE   650 AM CDT   SUNSET   823 PM CDT
JULY 27 2016..........SUNRISE   651 AM CDT   SUNSET   822 PM CDT


-  INDICATES NEGATIVE NUMBERS.
R  INDICATES RECORD WAS SET OR TIED.
MM INDICATES DATA IS MISSING.
T  INDICATES TRACE AMOUNT.




$$
