000
CDUS44 KCRP 230036
CLICRP

CLIMATE REPORT
NATIONAL WEATHER SERVICE CORPUS CHRISTI TX
732 PM CDT WED MAR 22 2017


...................................

...THE CORPUS CHRISTI CLIMATE SUMMARY FOR MARCH 22 2017...
VALID TODAY AS OF 700 PM LOCAL TIME.

CLIMATE NORMAL PERIOD 1981 TO 2010
CLIMATE RECORD PERIOD 1887 TO 2017


WEATHER ITEM   OBSERVED TIME   RECORD YEAR NORMAL DEPARTURE LAST
                VALUE   (LST)  VALUE       VALUE  FROM      YEAR
                                                  NORMAL
..................................................................
TEMPERATURE (F)
 TODAY
  MAXIMUM         82    303 PM  95    1971  77      5       74
  MINIMUM         63    629 AM  35    1968  58      5       52
  AVERAGE         73                        67      6       63

PRECIPITATION (IN)
  TODAY            0.00          1.29 1911   0.06  -0.06     0.00
  MONTH TO DATE    4.89                      1.37   3.52     6.54
  SINCE MAR 1      4.89                      1.37   3.52     6.54
  SINCE JAN 1      7.73                      4.84   2.89     8.83

SNOWFALL (IN)
  TODAY            0.0
  MONTH TO DATE    0.0
  SINCE MAR 1      0.0
  SINCE JUL 1      0.0
  SNOW DEPTH       0

DEGREE DAYS
 HEATING
  TODAY            0                         2     -2        2
  MONTH TO DATE   16                        67    -51       18
  SINCE MAR 1     16                        67    -51       18
  SINCE JUL 1    368                       867   -499      637

 COOLING
  TODAY            8                         4      4        0
  MONTH TO DATE  106                        72     34      137
  SINCE MAR 1    106                        72     34      137
  SINCE JAN 1    375                       148    227      214
..................................................................


WIND (MPH)
  HIGHEST WIND SPEED    28   HIGHEST WIND DIRECTION    SE (140)
  HIGHEST GUST SPEED    33   HIGHEST GUST DIRECTION    SE (140)


SKY COVER
  POSSIBLE SUNSHINE  MM
  AVERAGE SKY COVER 0.3


WEATHER CONDITIONS
 THE FOLLOWING WEATHER WAS RECORDED TODAY.
  FOG


RELATIVE HUMIDITY (PERCENT)
 HIGHEST   100           200 AM
 LOWEST     58           200 PM
 AVERAGE    79

..........................................................


THE CORPUS CHRISTI CLIMATE NORMALS FOR TOMORROW
                         NORMAL    RECORD    YEAR
 MAXIMUM TEMPERATURE (F)   77        95      1980
 MINIMUM TEMPERATURE (F)   58        39      1968


SUNRISE AND SUNSET
MARCH 22 2017.........SUNRISE   731 AM CDT   SUNSET   743 PM CDT
MARCH 23 2017.........SUNRISE   730 AM CDT   SUNSET   743 PM CDT


-  INDICATES NEGATIVE NUMBERS.
R  INDICATES RECORD WAS SET OR TIED.
MM INDICATES DATA IS MISSING.
T  INDICATES TRACE AMOUNT.




$$
