157
CDUS44 KCRP 290725
CLICRP

CLIMATE REPORT
NATIONAL WEATHER SERVICE CORPUS CHRISTI TX
224 AM CDT THU JUN 29 2017


...................................

...THE CORPUS CHRISTI CLIMATE SUMMARY FOR JUNE 28 2017...

CLIMATE NORMAL PERIOD 1981 TO 2010
CLIMATE RECORD PERIOD 1887 TO 2017


WEATHER ITEM   OBSERVED TIME   RECORD YEAR NORMAL DEPARTURE LAST
                VALUE   (LST)  VALUE       VALUE  FROM      YEAR
                                                  NORMAL
..................................................................
TEMPERATURE (F)
 YESTERDAY
  MAXIMUM         93    330 PM 101    2013  92      1       99
  MINIMUM         75    343 AM  65    1974  75      0       74
  AVERAGE         84                        83      1       87

PRECIPITATION (IN)
  YESTERDAY        0.03          1.44 1913   0.12  -0.09      T
  MONTH TO DATE    1.93                      3.13  -1.20     2.88
  SINCE JUN 1      1.93                      3.13  -1.20     2.88
  SINCE JAN 1     15.20                     13.40   1.80    21.10

SNOWFALL (IN)
  YESTERDAY        0.0
  MONTH TO DATE    0.0
  SINCE JUN 1      0.0
  SINCE JUL 1      0.0
  SNOW DEPTH       0

DEGREE DAYS
 HEATING
  YESTERDAY        0                         0      0        0
  MONTH TO DATE    0                         0      0        0
  SINCE JUN 1      0                         0      0        0
  SINCE JUL 1    368                       898   -530      640

 COOLING
  YESTERDAY       19                        18      1       22
  MONTH TO DATE  532                       484     48      518
  SINCE JUN 1    532                       484     48      518
  SINCE JAN 1   1722                      1325    397     1554
..................................................................


WIND (MPH)
  HIGHEST WIND SPEED    20   HIGHEST WIND DIRECTION    NE (40)
  HIGHEST GUST SPEED    23   HIGHEST GUST DIRECTION     E (80)
  AVERAGE WIND SPEED     6.6


SKY COVER
  POSSIBLE SUNSHINE  MM
  AVERAGE SKY COVER 0.5


WEATHER CONDITIONS
 THE FOLLOWING WEATHER WAS RECORDED YESTERDAY.
  THUNDERSTORM
  RAIN
  FOG


RELATIVE HUMIDITY (PERCENT)
 HIGHEST    94          1100 PM
 LOWEST     52          1200 PM
 AVERAGE    73

..........................................................


THE CORPUS CHRISTI CLIMATE NORMALS FOR TODAY
                         NORMAL    RECORD    YEAR
 MAXIMUM TEMPERATURE (F)   92       107      2013
 MINIMUM TEMPERATURE (F)   75        65      1985


SUNRISE AND SUNSET
JUNE 29 2017..........SUNRISE   637 AM CDT   SUNSET   830 PM CDT
JUNE 30 2017..........SUNRISE   637 AM CDT   SUNSET   830 PM CDT


-  INDICATES NEGATIVE NUMBERS.
R  INDICATES RECORD WAS SET OR TIED.
MM INDICATES DATA IS MISSING.
T  INDICATES TRACE AMOUNT.




$$
