000
CDUS44 KCRP 280826
CLICRP

CLIMATE REPORT
NATIONAL WEATHER SERVICE CORPUS CHRISTI TX
325 AM CDT SAT MAR 28 2015


...................................

...THE CORPUS CHRISTI CLIMATE SUMMARY FOR MARCH 27 2015...

CLIMATE NORMAL PERIOD 1981 TO 2010
CLIMATE RECORD PERIOD 1887 TO 2015


WEATHER ITEM   OBSERVED TIME   RECORD YEAR NORMAL DEPARTURE LAST
                VALUE   (LST)  VALUE       VALUE  FROM      YEAR
                                                  NORMAL
..................................................................
TEMPERATURE (F)
 YESTERDAY
  MAXIMUM         80    339 PM 101    1984  78      2       82
  MINIMUM         48    704 AM  37    1955  59    -11       65
                                      1913
  AVERAGE         64                        68     -4       74

PRECIPITATION (IN)
  YESTERDAY        0.00          2.22 1992   0.06  -0.06     0.01
  MONTH TO DATE    6.13                      1.69   4.44     1.65
  SINCE MAR 1      6.13                      1.69   4.44     1.65
  SINCE JAN 1      9.58                      5.16   4.42     2.56

SNOWFALL (IN)
  YESTERDAY        0.0
  MONTH TO DATE    0.0
  SINCE MAR 1      0.0
  SINCE JUL 1      0.0
  SNOW DEPTH       0

DEGREE DAYS
 HEATING
  YESTERDAY        1                         2     -1        0
  MONTH TO DATE  116                        77     39      132
  SINCE MAR 1    116                        77     39      132
  SINCE JUL 1   1053                       877    176     1131

 COOLING
  YESTERDAY        0                         5     -5        9
  MONTH TO DATE   52                        95    -43       51
  SINCE MAR 1     52                        95    -43       51
  SINCE JAN 1     80                       171    -91      128
..................................................................


WIND (MPH)
  HIGHEST WIND SPEED    13   HIGHEST WIND DIRECTION    SE (150)
  HIGHEST GUST SPEED    15   HIGHEST GUST DIRECTION    SE (140)
  AVERAGE WIND SPEED     6.9


SKY COVER
  POSSIBLE SUNSHINE  MM
  AVERAGE SKY COVER 0.2


WEATHER CONDITIONS
 THE FOLLOWING WEATHER WAS RECORDED YESTERDAY.
  HAZE


RELATIVE HUMIDITY (PERCENT)
 HIGHEST    86           600 AM
 LOWEST     26           400 PM
 AVERAGE    56

..........................................................


THE CORPUS CHRISTI CLIMATE NORMALS FOR TODAY
                         NORMAL    RECORD    YEAR
 MAXIMUM TEMPERATURE (F)   78        98      2014
 MINIMUM TEMPERATURE (F)   59        41      1931
                                             1930


SUNRISE AND SUNSET
MARCH 28 2015.........SUNRISE   725 AM CDT   SUNSET   745 PM CDT
MARCH 29 2015.........SUNRISE   724 AM CDT   SUNSET   746 PM CDT


-  INDICATES NEGATIVE NUMBERS.
R  INDICATES RECORD WAS SET OR TIED.
MM INDICATES DATA IS MISSING.
T  INDICATES TRACE AMOUNT.




$$
