668
CDUS41 KRLX 220816
CLICRW


CLIMATE REPORT
NATIONAL WEATHER SERVICE CHARLESTON WV
316 AM EST THU FEB 22 2018


...................................

...THE CHARLESTON WV CLIMATE SUMMARY FOR FEBRUARY 21 2018...

CLIMATE NORMAL PERIOD 1981 TO 2010
CLIMATE RECORD PERIOD 1901 TO 2018


WEATHER ITEM   OBSERVED TIME   RECORD YEAR NORMAL DEPARTURE LAST
                VALUE   (LST)  VALUE       VALUE  FROM      YEAR
                                                  NORMAL
..................................................................
TEMPERATURE (F)
 YESTERDAY
  MAXIMUM         79    144 PM  80    1913  48     31       74
  MINIMUM         52   1159 PM   2    1968  30     22       43
  AVERAGE         66                        39     27       59

PRECIPITATION (IN)
  YESTERDAY        0.10          1.57 1993   0.12  -0.02     0.00
  MONTH TO DATE    6.15                      2.34   3.81     1.00
  SINCE JAN 1      9.52                      5.34   4.18     5.77

SNOWFALL (IN)
  YESTERDAY        0.0          12.0  1929   0.3   -0.3      0.0
                                      2002
                                      2001
  MONTH TO DATE    0.7                       7.5   -6.8       T
  SINCE SEP 1     10.3                      26.9  -16.6      7.5
  SNOW DEPTH       0

DEGREE DAYS
 HEATING
  YESTERDAY        0                        26    -26        6
  MONTH TO DATE  468                       590   -122      433
  SINCE DEC 1   2401                      2394      7     1954
  SINCE JUL 1   3187                      3278    -91     2608

 COOLING
  YESTERDAY        1                         0      1        0
  MONTH TO DATE    9                         0      9        0
  SINCE DEC 1      9                         1      8        0
  SINCE JAN 1      9                         0      9        0
..................................................................


WIND (MPH)
  HIGHEST WIND SPEED    26   HIGHEST WIND DIRECTION    SW (230)
  HIGHEST GUST SPEED    36   HIGHEST GUST DIRECTION    SW (220)
  AVERAGE WIND SPEED     7.3


SKY COVER
  POSSIBLE SUNSHINE  MM
  AVERAGE SKY COVER 0.6


WEATHER CONDITIONS
 THE FOLLOWING WEATHER WAS RECORDED YESTERDAY.
  HEAVY RAIN
  LIGHT RAIN


RELATIVE HUMIDITY (PERCENT)
 HIGHEST    93           900 PM
 LOWEST     54          1000 AM
 AVERAGE    74

..........................................................


THE CHARLESTON WV CLIMATE NORMALS FOR TODAY
                         NORMAL    RECORD    YEAR
 MAXIMUM TEMPERATURE (F)   48        74      1930
                                             1913
 MINIMUM TEMPERATURE (F)   30        -6      1968


SUNRISE AND SUNSET
FEBRUARY 22 2018......SUNRISE   708 AM EST   SUNSET   612 PM EST
FEBRUARY 23 2018......SUNRISE   707 AM EST   SUNSET   613 PM EST


-  INDICATES NEGATIVE NUMBERS.
R  INDICATES RECORD WAS SET OR TIED.
MM INDICATES DATA IS MISSING.
T  INDICATES TRACE AMOUNT.




$$
