000
CDUS41 KRLX 262121
CLICRW


CLIMATE REPORT
NATIONAL WEATHER SERVICE CHARLESTON WV
521 PM EDT MON JUN 26 2017


...................................

...THE CHARLESTON WV CLIMATE SUMMARY FOR JUNE 26 2017...
VALID TODAY AS OF 0500 PM LOCAL TIME.

CLIMATE NORMAL PERIOD 1981 TO 2010
CLIMATE RECORD PERIOD 1901 TO 2017


WEATHER ITEM   OBSERVED TIME   RECORD YEAR NORMAL DEPARTURE LAST
                VALUE   (LST)  VALUE       VALUE  FROM      YEAR
                                                  NORMAL
..................................................................
TEMPERATURE (F)
 TODAY
  MAXIMUM         77    344 PM  99    1934  85     -8       89
                                      1917
  MINIMUM         54    530 AM  48    1979  64    -10       65
  AVERAGE         66                        74     -8       77

PRECIPITATION (IN)
  TODAY            0.00          2.48 1918   0.13  -0.13     0.00
  MONTH TO DATE    8.33                      3.75   4.58     4.76
  SINCE JUN 1      8.33                      3.75   4.58     4.76
  SINCE JAN 1     28.06                     21.89   6.17    21.62

DEGREE DAYS
 HEATING
  TODAY            0                         0      0        0
  MONTH TO DATE    5                        10     -5        3
  SINCE JUN 1      5                        10     -5        3
  SINCE JUL 1   3533                      4475   -942     3719

 COOLING
  TODAY            1                         9     -8       12
  MONTH TO DATE  172                       181     -9      221
  SINCE JUN 1    172                       181     -9      221
  SINCE JAN 1    317                       291     26      351
..................................................................


WIND (MPH)
  HIGHEST WIND SPEED    15   HIGHEST WIND DIRECTION     W (290)
  HIGHEST GUST SPEED    23   HIGHEST GUST DIRECTION    NW (320)
  AVERAGE WIND SPEED     4.5


SKY COVER
  POSSIBLE SUNSHINE  MM
  AVERAGE SKY COVER 0.3


WEATHER CONDITIONS
 THE FOLLOWING WEATHER WAS RECORDED TODAY.
  FOG


RELATIVE HUMIDITY (PERCENT)
 HIGHEST    93           300 AM
 LOWEST     38           100 PM
 AVERAGE    66

..........................................................


THE CHARLESTON WV CLIMATE NORMALS FOR TOMORROW
                         NORMAL    RECORD    YEAR
 MAXIMUM TEMPERATURE (F)   85       103      1931
 MINIMUM TEMPERATURE (F)   64        49      1981


SUNRISE AND SUNSET
JUNE 26 2017..........SUNRISE   604 AM EDT   SUNSET   854 PM EDT
JUNE 27 2017..........SUNRISE   605 AM EDT   SUNSET   854 PM EDT


-  INDICATES NEGATIVE NUMBERS.
R  INDICATES RECORD WAS SET OR TIED.
MM INDICATES DATA IS MISSING.
T  INDICATES TRACE AMOUNT.




$$
