577
CDUS41 KRLX 240718
CLICRW


CLIMATE REPORT
NATIONAL WEATHER SERVICE CHARLESTON WV
318 AM EDT TUE MAY 24 2016


...................................

...THE CHARLESTON WV CLIMATE SUMMARY FOR MAY 23 2016...

CLIMATE NORMAL PERIOD 1981 TO 2010
CLIMATE RECORD PERIOD 1901 TO 2016


WEATHER ITEM   OBSERVED TIME   RECORD YEAR NORMAL DEPARTURE LAST
                VALUE   (LST)  VALUE       VALUE  FROM      YEAR
                                                  NORMAL
..................................................................
TEMPERATURE (F)
 YESTERDAY
  MAXIMUM         75    428 PM  92    1925  76     -1       79
                                      1921
  MINIMUM         51    635 AM  34    1963  55     -4       47
  AVERAGE         63                        65     -2       63

PRECIPITATION (IN)
  YESTERDAY        0.00          1.52 1913   0.16  -0.16     0.00
  MONTH TO DATE    5.09                      3.49   1.60     1.16
  SINCE JAN 1     16.86                     16.83   0.03    18.42

SNOWFALL (IN)
  YESTERDAY        0.0
  MONTH TO DATE    0.0
  SINCE SEP 1     33.5
  SNOW DEPTH       0

DEGREE DAYS
 HEATING
  YESTERDAY        2                         3     -1        2
  MONTH TO DATE  138                       100     38       54
  SINCE MAR 1    781                       994   -213      930
  SINCE JUL 1   3716                      4448   -732     4835

 COOLING
  YESTERDAY        0                         3     -3        0
  MONTH TO DATE   26                        46    -20      104
  SINCE MAR 1     72                        78     -6      119
  SINCE JAN 1     72                        78     -6      119
..................................................................


WIND (MPH)
  HIGHEST WIND SPEED     9   HIGHEST WIND DIRECTION     W (290)
  HIGHEST GUST SPEED    14   HIGHEST GUST DIRECTION    NW (330)
  AVERAGE WIND SPEED     1.8


SKY COVER
  POSSIBLE SUNSHINE  MM
  AVERAGE SKY COVER 0.7


WEATHER CONDITIONS
 THE FOLLOWING WEATHER WAS RECORDED YESTERDAY.
  FOG
  FOG W/VISIBILITY <= 1/4 MILE
  HAZE


RELATIVE HUMIDITY (PERCENT)
 HIGHEST   100           100 AM
 LOWEST     46           300 PM
 AVERAGE    73

..........................................................


THE CHARLESTON WV CLIMATE NORMALS FOR TODAY
                         NORMAL    RECORD    YEAR
 MAXIMUM TEMPERATURE (F)   76        92      1939
                                             1922
 MINIMUM TEMPERATURE (F)   55        32      1963


SUNRISE AND SUNSET
MAY 24 2016...........SUNRISE   608 AM EDT   SUNSET   839 PM EDT
MAY 25 2016...........SUNRISE   608 AM EDT   SUNSET   840 PM EDT


-  INDICATES NEGATIVE NUMBERS.
R  INDICATES RECORD WAS SET OR TIED.
MM INDICATES DATA IS MISSING.
T  INDICATES TRACE AMOUNT.




$$
