070
CDUS41 KRLX 120838
CLICRW


CLIMATE REPORT
NATIONAL WEATHER SERVICE CHARLESTON WV
335 AM EST FRI FEB 12 2016


...................................

...THE CHARLESTON WV CLIMATE SUMMARY FOR FEBRUARY 11 2016...

CLIMATE NORMAL PERIOD 1981 TO 2010
CLIMATE RECORD PERIOD 1901 TO 2016


WEATHER ITEM   OBSERVED TIME   RECORD YEAR NORMAL DEPARTURE LAST
                VALUE   (LST)  VALUE       VALUE  FROM      YEAR
                                                  NORMAL
..................................................................
TEMPERATURE (F)
 YESTERDAY
  MAXIMUM         25    519 PM  76    1999  46    -21       36
                                      1925
  MINIMUM         14   1127 PM   1    1979  28    -14       20
  AVERAGE         20                        37    -17       28

PRECIPITATION (IN)
  YESTERDAY        T             1.04 1983   0.12  -0.12     0.00
  MONTH TO DATE    0.97                      1.20  -0.23     0.70
  SINCE JAN 1      3.51                      4.20  -0.69     2.93

SNOWFALL (IN)
  YESTERDAY        T
  MONTH TO DATE    2.3
  SINCE SEP 1     24.0
  SNOW DEPTH       1

DEGREE DAYS
 HEATING
  YESTERDAY       45                        28     17       37
  MONTH TO DATE  301                       319    -18      331
  SINCE DEC 1   1822                      2123   -301     2098
  SINCE JUL 1   2474                      3007   -533     3141

 COOLING
  YESTERDAY        0                         0      0        0
  MONTH TO DATE    0                         0      0        0
  SINCE DEC 1      0                         1     -1        0
  SINCE JAN 1      0                         0      0        0
..................................................................


WIND (MPH)
  HIGHEST WIND SPEED    21   HIGHEST WIND DIRECTION    NW (310)
  HIGHEST GUST SPEED    28   HIGHEST GUST DIRECTION    NW (310)
  AVERAGE WIND SPEED     5.9


SKY COVER
  POSSIBLE SUNSHINE  MM
  AVERAGE SKY COVER 0.6


WEATHER CONDITIONS
 THE FOLLOWING WEATHER WAS RECORDED YESTERDAY.
  LIGHT SNOW


RELATIVE HUMIDITY (PERCENT)
 HIGHEST    74           100 AM
 LOWEST     40           400 PM
 AVERAGE    57

..........................................................


THE CHARLESTON WV CLIMATE NORMALS FOR TODAY
                         NORMAL    RECORD    YEAR
 MAXIMUM TEMPERATURE (F)   46        80      1932
 MINIMUM TEMPERATURE (F)   28        -2      1981


SUNRISE AND SUNSET
FEBRUARY 12 2016......SUNRISE   721 AM EST   SUNSET   601 PM EST
FEBRUARY 13 2016......SUNRISE   720 AM EST   SUNSET   602 PM EST


-  INDICATES NEGATIVE NUMBERS.
R  INDICATES RECORD WAS SET OR TIED.
MM INDICATES DATA IS MISSING.
T  INDICATES TRACE AMOUNT.




$$
