000
CDUS41 KRLX 300805
CLICRW


CLIMATE REPORT
NATIONAL WEATHER SERVICE CHARLESTON WV
400 AM EDT TUE JUN 30 2015


...................................

...THE CHARLESTON WV CLIMATE SUMMARY FOR JUNE 29 2015...

CLIMATE NORMAL PERIOD 1981 TO 2010
CLIMATE RECORD PERIOD 1901 TO 2015


WEATHER ITEM   OBSERVED TIME   RECORD YEAR NORMAL DEPARTURE LAST
                VALUE   (LST)  VALUE       VALUE  FROM      YEAR
                                                  NORMAL
..................................................................
TEMPERATURE (F)
 YESTERDAY
  MAXIMUM         82    441 PM 103    2012  85     -3       85
  MINIMUM         55    545 AM  35    1924  65    -10       70
  AVERAGE         69                        75     -6       78

PRECIPITATION (IN)
  YESTERDAY        0.20          1.34 1939   0.14   0.06     0.10
                                      1900
  MONTH TO DATE    5.89                      4.16   1.73     6.54
  SINCE JAN 1     25.09                     22.30   2.79    22.66

SNOWFALL (IN)
  YESTERDAY        0.0
  MONTH TO DATE    0.0
  SINCE SEP 1     29.1
  SNOW DEPTH       0

DEGREE DAYS
 HEATING
  YESTERDAY        0                         0      0        0
  MONTH TO DATE    8                        10     -2        0
  SINCE JUN 1      8                        10     -2        0
  SINCE JUL 1   4843                      4475    368     4773

 COOLING
  YESTERDAY        4                        10     -6       13
  MONTH TO DATE  281                       211     70      251
  SINCE JUN 1    281                       211     70      251
  SINCE JAN 1    470                       321    149      372
..................................................................


WIND (MPH)
  HIGHEST WIND SPEED    16   HIGHEST WIND DIRECTION     S (200)
  HIGHEST GUST SPEED    22   HIGHEST GUST DIRECTION     S (200)
  AVERAGE WIND SPEED     4.3


SKY COVER
  POSSIBLE SUNSHINE  MM
  AVERAGE SKY COVER 0.6


WEATHER CONDITIONS
 THE FOLLOWING WEATHER WAS RECORDED YESTERDAY.
  THUNDERSTORM
  HEAVY RAIN
  RAIN
  LIGHT RAIN
  FOG
  FOG W/VISIBILITY <= 1/4 MILE


RELATIVE HUMIDITY (PERCENT)
 HIGHEST   100           200 AM
 LOWEST     45           400 PM
 AVERAGE    73

..........................................................


THE CHARLESTON WV CLIMATE NORMALS FOR TODAY
                         NORMAL    RECORD    YEAR
 MAXIMUM TEMPERATURE (F)   85        99      1936
 MINIMUM TEMPERATURE (F)   65        40      1924


SUNRISE AND SUNSET
JUNE 30 2015..........SUNRISE   606 AM EDT   SUNSET   854 PM EDT
JULY  1 2015..........SUNRISE   606 AM EDT   SUNSET   854 PM EDT


-  INDICATES NEGATIVE NUMBERS.
R  INDICATES RECORD WAS SET OR TIED.
MM INDICATES DATA IS MISSING.
T  INDICATES TRACE AMOUNT.




$$
