000
CDUS41 KRLX 142133
CLICRW


CLIMATE REPORT
NATIONAL WEATHER SERVICE CHARLESTON WV
527 PM EDT SUN SEP 14 2014


...................................

...THE CHARLESTON WV CLIMATE SUMMARY FOR SEPTEMBER 14 2014...
VALID TODAY AS OF 0500 PM LOCAL TIME.

CLIMATE NORMAL PERIOD 1981 TO 2010
CLIMATE RECORD PERIOD 1901 TO 2014


WEATHER ITEM   OBSERVED TIME   RECORD YEAR NORMAL DEPARTURE LAST
                VALUE   (LST)  VALUE       VALUE  FROM      YEAR
                                                  NORMAL
..................................................................
TEMPERATURE (F)
 TODAY
  MAXIMUM         67    324 PM 102    1931  79    -12       68
  MINIMUM         49    728 AM  38    1985  58     -9       47
                                      1953
  AVERAGE         58                        68    -10       58

PRECIPITATION (IN)
  TODAY            0.00          1.35 1933   0.12  -0.12     0.00
  MONTH TO DATE    4.48                      1.56   2.92     1.48
  SINCE SEP 1      4.48                      1.56   2.92     1.48
  SINCE JAN 1     36.63                     32.67   3.96    35.52

DEGREE DAYS
 HEATING
  TODAY            7                         1      6        7
  MONTH TO DATE   11                         7      4        9
  SINCE SEP 1     11                         7      4        9
  SINCE JUL 1     11                         9      2       12

 COOLING
  TODAY            0                         4     -4        0
  MONTH TO DATE  104                        80     24       98
  SINCE SEP 1    104                        80     24       98
  SINCE JAN 1   1011                      1026    -15     1064
..................................................................


WIND (MPH)
  HIGHEST WIND SPEED     5   HIGHEST WIND DIRECTION     N (20)
  HIGHEST GUST SPEED    12   HIGHEST GUST DIRECTION    NE (50)
  AVERAGE WIND SPEED     2.2


SKY COVER
  POSSIBLE SUNSHINE  MM
  AVERAGE SKY COVER 0.9


WEATHER CONDITIONS
 THE FOLLOWING WEATHER WAS RECORDED TODAY.
  FOG
  FOG W/VISIBILITY <= 1/4 MILE


RELATIVE HUMIDITY (PERCENT)
 HIGHEST   100          1200 AM
 LOWEST     63           100 PM
 AVERAGE    82

..........................................................


THE CHARLESTON WV CLIMATE NORMALS FOR TOMORROW
                         NORMAL    RECORD    YEAR
 MAXIMUM TEMPERATURE (F)   78        98      1931
                                             1903
 MINIMUM TEMPERATURE (F)   57        40      1985
                                             1964


SUNRISE AND SUNSET
SEPTEMBER 14 2014.....SUNRISE   707 AM EDT   SUNSET   736 PM EDT
SEPTEMBER 15 2014.....SUNRISE   708 AM EDT   SUNSET   734 PM EDT


-  INDICATES NEGATIVE NUMBERS.
R  INDICATES RECORD WAS SET OR TIED.
MM INDICATES DATA IS MISSING.
T  INDICATES TRACE AMOUNT.




$$
