000
CDUS41 KRLX 302120
CLICRW


CLIMATE REPORT
NATIONAL WEATHER SERVICE CHARLESTON WV
520 PM EDT SAT MAY 30 2015


...................................

...THE CHARLESTON WV CLIMATE SUMMARY FOR MAY 30 2015...
VALID TODAY AS OF 0500 PM LOCAL TIME.

CLIMATE NORMAL PERIOD 1981 TO 2010
CLIMATE RECORD PERIOD 1901 TO 2015


WEATHER ITEM   OBSERVED TIME   RECORD YEAR NORMAL DEPARTURE LAST
                VALUE   (LST)  VALUE       VALUE  FROM      YEAR
                                                  NORMAL
..................................................................
TEMPERATURE (F)
 TODAY
  MAXIMUM         86    359 PM  96    1931  78      8       83
  MINIMUM         63    328 AM  38    1949  57      6       59
  AVERAGE         75                        67      8       71

PRECIPITATION (IN)
  TODAY            T             1.87 1908   0.16  -0.16     0.00
  MONTH TO DATE    1.94                      4.63  -2.69     2.37
  SINCE MAR 1     14.00                     11.78   2.22     9.06
  SINCE JAN 1     19.20                     17.97   1.23    16.12

DEGREE DAYS
 HEATING
  TODAY            0                         2     -2        0
  MONTH TO DATE   54                       115    -61       87
  SINCE MAR 1    930                      1009    -79     1006
  SINCE JUL 1   4835                      4463    372     4773

 COOLING
  TODAY           10                         4      6        6
  MONTH TO DATE  163                        72     91       99
  SINCE MAR 1    178                       104     74      117
  SINCE JAN 1    178                       104     74      117
..................................................................


WIND (MPH)
  HIGHEST WIND SPEED    15   HIGHEST WIND DIRECTION     S (160)
  HIGHEST GUST SPEED    19   HIGHEST GUST DIRECTION    SE (150)
  AVERAGE WIND SPEED     4.0


SKY COVER
  POSSIBLE SUNSHINE  MM
  AVERAGE SKY COVER 0.6


WEATHER CONDITIONS
 THE FOLLOWING WEATHER WAS RECORDED TODAY.
  LIGHT RAIN
  FOG
  FOG W/VISIBILITY <= 1/4 MILE
  HAZE


RELATIVE HUMIDITY (PERCENT)
 HIGHEST   100           600 AM
 LOWEST     48           400 PM
 AVERAGE    74

..........................................................


THE CHARLESTON WV CLIMATE NORMALS FOR TOMORROW
                         NORMAL    RECORD    YEAR
 MAXIMUM TEMPERATURE (F)   78        96      1931
                                             1918
 MINIMUM TEMPERATURE (F)   57        38      1966
                                             1930


SUNRISE AND SUNSET
MAY 30 2015...........SUNRISE   605 AM EDT   SUNSET   843 PM EDT
MAY 31 2015...........SUNRISE   605 AM EDT   SUNSET   843 PM EDT


-  INDICATES NEGATIVE NUMBERS.
R  INDICATES RECORD WAS SET OR TIED.
MM INDICATES DATA IS MISSING.
T  INDICATES TRACE AMOUNT.




$$
