000
CDUS41 KRLX 280715
CLICRW


CLIMATE REPORT
NATIONAL WEATHER SERVICE CHARLESTON WV
315 AM EDT FRI APR 28 2017


...................................

...THE CHARLESTON WV CLIMATE SUMMARY FOR APRIL 27 2017...

CLIMATE NORMAL PERIOD 1981 TO 2010
CLIMATE RECORD PERIOD 1901 TO 2017


WEATHER ITEM   OBSERVED TIME   RECORD YEAR NORMAL DEPARTURE LAST
                VALUE   (LST)  VALUE       VALUE  FROM      YEAR
                                                  NORMAL
..................................................................
TEMPERATURE (F)
 YESTERDAY
  MAXIMUM         75    455 PM  94    1990  71      4       76
  MINIMUM         54    515 AM  30    1926  48      6       61
                                      1919
  AVERAGE         65                        59      6       69

PRECIPITATION (IN)
  YESTERDAY        0.20          1.48 1973   0.12   0.08     0.67
  MONTH TO DATE    2.73                      2.89  -0.16     2.67
  SINCE JAN 1     14.22                     12.99   1.23    11.49

SNOWFALL (IN)
  YESTERDAY        0.0
  MONTH TO DATE    T
  SINCE SEP 1      7.5
  SNOW DEPTH       0

DEGREE DAYS
 HEATING
  YESTERDAY        0                         7     -7        0
  MONTH TO DATE  148                       275   -127      253
  SINCE MAR 1    717                       875   -158      638
  SINCE JUL 1   3424                      4329   -905     3573

 COOLING
  YESTERDAY        0                         1     -1        4
  MONTH TO DATE   24                        26     -2       35
  SINCE MAR 1     27                        31     -4       39
  SINCE JAN 1     27                        31     -4       39
..................................................................


WIND (MPH)
  HIGHEST WIND SPEED    24   HIGHEST WIND DIRECTION    SW (210)
  HIGHEST GUST SPEED    29   HIGHEST GUST DIRECTION    SW (220)
  AVERAGE WIND SPEED     5.0


SKY COVER
  POSSIBLE SUNSHINE  MM
  AVERAGE SKY COVER 0.5


WEATHER CONDITIONS
 THE FOLLOWING WEATHER WAS RECORDED YESTERDAY.
  LIGHT RAIN
  FOG
  HAZE


RELATIVE HUMIDITY (PERCENT)
 HIGHEST    93           500 AM
 LOWEST     57          1000 AM
 AVERAGE    75

..........................................................


THE CHARLESTON WV CLIMATE NORMALS FOR TODAY
                         NORMAL    RECORD    YEAR
 MAXIMUM TEMPERATURE (F)   71        90      1915
                                             1914
 MINIMUM TEMPERATURE (F)   48        29      1976


SUNRISE AND SUNSET
APRIL 28 2017.........SUNRISE   633 AM EDT   SUNSET   815 PM EDT
APRIL 29 2017.........SUNRISE   632 AM EDT   SUNSET   816 PM EDT


-  INDICATES NEGATIVE NUMBERS.
R  INDICATES RECORD WAS SET OR TIED.
MM INDICATES DATA IS MISSING.
T  INDICATES TRACE AMOUNT.




$$
