000
CDUS41 KRLX 250718
CLICRW


CLIMATE REPORT
NATIONAL WEATHER SERVICE CHARLESTON WV
316 AM EDT SAT OCT 25 2014


...................................

...THE CHARLESTON WV CLIMATE SUMMARY FOR OCTOBER 24 2014...

CLIMATE NORMAL PERIOD 1981 TO 2010
CLIMATE RECORD PERIOD 1901 TO 2014


WEATHER ITEM   OBSERVED TIME   RECORD YEAR NORMAL DEPARTURE LAST
                VALUE   (LST)  VALUE       VALUE  FROM      YEAR
                                                  NORMAL
..................................................................
TEMPERATURE (F)
 YESTERDAY
  MAXIMUM         63    418 PM  86    1931  65     -2       45
                                      1920
  MINIMUM         39   1244 AM  20    1969  43     -4       36
  AVERAGE         51                        54     -3       41

PRECIPITATION (IN)
  YESTERDAY        0.00          1.25 2007   0.09  -0.09      T
  MONTH TO DATE    3.30                      2.01   1.29     0.96
  SINCE JAN 1     39.94                     36.37   3.57    37.49

SNOWFALL (IN)
  YESTERDAY        0.0
  MONTH TO DATE    0.0
  SINCE SEP 1      0.0
  SNOW DEPTH       0

DEGREE DAYS
 HEATING
  YESTERDAY       14                        11      3       24
  MONTH TO DATE  207                       196     11      162
  SINCE SEP 1    252                       252      0      201
  SINCE JUL 1    252                       254     -2      204

 COOLING
  YESTERDAY        0                         0      0        0
  MONTH TO DATE   14                        16     -2       39
  SINCE SEP 1    141                       143     -2      154
  SINCE JAN 1   1048                      1089    -41     1120
..................................................................


WIND (MPH)
  HIGHEST WIND SPEED     8   HIGHEST WIND DIRECTION     W (250)
  HIGHEST GUST SPEED    11   HIGHEST GUST DIRECTION     S (190)
  AVERAGE WIND SPEED     1.9


SKY COVER
  POSSIBLE SUNSHINE  MM
  AVERAGE SKY COVER 0.6


WEATHER CONDITIONS
 THE FOLLOWING WEATHER WAS RECORDED YESTERDAY.
  FOG
  FOG W/VISIBILITY <= 1/4 MILE


RELATIVE HUMIDITY (PERCENT)
 HIGHEST   100          1200 AM
 LOWEST     46           400 PM
 AVERAGE    73

..........................................................


THE CHARLESTON WV CLIMATE NORMALS FOR TODAY
                         NORMAL    RECORD    YEAR
 MAXIMUM TEMPERATURE (F)   65        85      1991
 MINIMUM TEMPERATURE (F)   43        26      1965
                                             1903


SUNRISE AND SUNSET
OCTOBER 25 2014.......SUNRISE   745 AM EDT   SUNSET   635 PM EDT
OCTOBER 26 2014.......SUNRISE   746 AM EDT   SUNSET   634 PM EDT


-  INDICATES NEGATIVE NUMBERS.
R  INDICATES RECORD WAS SET OR TIED.
MM INDICATES DATA IS MISSING.
T  INDICATES TRACE AMOUNT.




$$
