071
CDUS41 KRLX 230738
CLICRW


CLIMATE REPORT
NATIONAL WEATHER SERVICE CHARLESTON WV
337 AM EDT THU MAR 23 2017


...................................

...THE CHARLESTON WV CLIMATE SUMMARY FOR MARCH 22 2017...

CLIMATE NORMAL PERIOD 1981 TO 2010
CLIMATE RECORD PERIOD 1901 TO 2017


WEATHER ITEM   OBSERVED TIME   RECORD YEAR NORMAL DEPARTURE LAST
                VALUE   (LST)  VALUE       VALUE  FROM      YEAR
                                                  NORMAL
..................................................................
TEMPERATURE (F)
 YESTERDAY
  MAXIMUM         50   1231 AM  86    2012  59     -9       68
                                      1907
  MINIMUM         30   1159 PM  16    1986  37     -7       32
  AVERAGE         40                        48     -8       50

PRECIPITATION (IN)
  YESTERDAY        T             1.31 1952   0.13  -0.13     0.00
  MONTH TO DATE    2.17                      2.84  -0.67     2.06
  SINCE JAN 1      9.47                      9.03   0.44     8.23

SNOWFALL (IN)
  YESTERDAY        0.0
  MONTH TO DATE    T
  SINCE SEP 1      7.5
  SNOW DEPTH       0

DEGREE DAYS
 HEATING
  YESTERDAY       25                        17      8       15
  MONTH TO DATE  523                       458     65      321
  SINCE MAR 1    523                       458     65      321
  SINCE JUL 1   3230                      3912   -682     3256

 COOLING
  YESTERDAY        0                         0      0        0
  MONTH TO DATE    0                         0      0        1
  SINCE MAR 1      0                         0      0        1
  SINCE JAN 1      0                         0      0        1
..................................................................


WIND (MPH)
  HIGHEST WIND SPEED    20   HIGHEST WIND DIRECTION     N (10)
  HIGHEST GUST SPEED    26   HIGHEST GUST DIRECTION     N (10)
  AVERAGE WIND SPEED     8.0


SKY COVER
  POSSIBLE SUNSHINE  MM
  AVERAGE SKY COVER 0.3


WEATHER CONDITIONS
 THE FOLLOWING WEATHER WAS RECORDED YESTERDAY.
  LIGHT RAIN


RELATIVE HUMIDITY (PERCENT)
 HIGHEST    70           600 AM
 LOWEST     27           600 PM
 AVERAGE    49

..........................................................


THE CHARLESTON WV CLIMATE NORMALS FOR TODAY
                         NORMAL    RECORD    YEAR
 MAXIMUM TEMPERATURE (F)   59        87      1907
 MINIMUM TEMPERATURE (F)   38        19      2004
                                             1959


SUNRISE AND SUNSET
MARCH 23 2017.........SUNRISE   725 AM EDT   SUNSET   741 PM EDT
MARCH 24 2017.........SUNRISE   723 AM EDT   SUNSET   742 PM EDT


-  INDICATES NEGATIVE NUMBERS.
R  INDICATES RECORD WAS SET OR TIED.
MM INDICATES DATA IS MISSING.
T  INDICATES TRACE AMOUNT.




$$
