000
CDUS41 KRLX 170819
CLICRW


CLIMATE REPORT
NATIONAL WEATHER SERVICE CHARLESTON WV
319 AM EST TUE JAN 17 2017


...................................

...THE CHARLESTON WV CLIMATE SUMMARY FOR JANUARY 16 2017...

CLIMATE NORMAL PERIOD 1981 TO 2010
CLIMATE RECORD PERIOD 1901 TO 2017


WEATHER ITEM   OBSERVED TIME   RECORD YEAR NORMAL DEPARTURE LAST
                VALUE   (LST)  VALUE       VALUE  FROM      YEAR
                                                  NORMAL
..................................................................
TEMPERATURE (F)
 YESTERDAY
  MAXIMUM         58    440 PM  70    1949  42     16       45
  MINIMUM         40    429 AM -12    1994  26     14       32
  AVERAGE         49                        34     15       39

PRECIPITATION (IN)
  YESTERDAY        0.02          1.89 1935   0.10  -0.08     0.01
  MONTH TO DATE    2.91                      1.54   1.37     0.43
  SINCE JAN 1      2.91                      1.54   1.37     0.43

SNOWFALL (IN)
  YESTERDAY        0.0
  MONTH TO DATE    4.0
  SINCE SEP 1      5.2
  SNOW DEPTH       0

DEGREE DAYS
 HEATING
  YESTERDAY       16                        31    -15       26
  MONTH TO DATE  425                       495    -70      489
  SINCE DEC 1   1217                      1351   -134      967
  SINCE JUL 1   1871                      2235   -364     1619

 COOLING
  YESTERDAY        0                         0      0        0
  MONTH TO DATE    0                         0      0        0
  SINCE DEC 1      0                         1     -1        0
  SINCE JAN 1      0                         0      0        0
..................................................................


WIND (MPH)
  HIGHEST WIND SPEED     7   HIGHEST WIND DIRECTION    NE (60)
  HIGHEST GUST SPEED     8   HIGHEST GUST DIRECTION    NE (30)
  AVERAGE WIND SPEED     0.8


SKY COVER
  POSSIBLE SUNSHINE  MM
  AVERAGE SKY COVER 0.9


WEATHER CONDITIONS
 THE FOLLOWING WEATHER WAS RECORDED YESTERDAY.
  LIGHT RAIN
  FOG


RELATIVE HUMIDITY (PERCENT)
 HIGHEST   100           300 AM
 LOWEST     77           300 PM
 AVERAGE    89

..........................................................


THE CHARLESTON WV CLIMATE NORMALS FOR TODAY
                         NORMAL    RECORD    YEAR
 MAXIMUM TEMPERATURE (F)   42        66      1928
                                             1913
 MINIMUM TEMPERATURE (F)   26       -13      1982


SUNRISE AND SUNSET
JANUARY 17 2017.......SUNRISE   741 AM EST   SUNSET   532 PM EST
JANUARY 18 2017.......SUNRISE   741 AM EST   SUNSET   533 PM EST


-  INDICATES NEGATIVE NUMBERS.
R  INDICATES RECORD WAS SET OR TIED.
MM INDICATES DATA IS MISSING.
T  INDICATES TRACE AMOUNT.




$$
