000
CDUS41 KRLX 140836
CLICRW


CLIMATE REPORT
NATIONAL WEATHER SERVICE CHARLESTON WV
334 AM EST THU DEC 14 2017


...................................

...THE CHARLESTON WV CLIMATE SUMMARY FOR DECEMBER 13 2017...

CLIMATE NORMAL PERIOD 1981 TO 2010
CLIMATE RECORD PERIOD 1901 TO 2017


WEATHER ITEM   OBSERVED TIME   RECORD YEAR NORMAL DEPARTURE LAST
                VALUE   (LST)  VALUE       VALUE  FROM      YEAR
                                                  NORMAL
..................................................................
TEMPERATURE (F)
 YESTERDAY
  MAXIMUM         45   1159 PM  72    1929  46     -1       45
  MINIMUM         18    741 AM   0    1962  30    -12       33
  AVERAGE         32                        38     -6       39

PRECIPITATION (IN)
  YESTERDAY        T             1.12 1935   0.10  -0.10     0.00
  MONTH TO DATE    0.48                      1.44  -0.96     1.07
  SINCE JAN 1     44.69                     42.20   2.49    39.17

SNOWFALL (IN)
  YESTERDAY        T             2.5  1937   0.2   -0.2      0.0
  MONTH TO DATE    1.2                       2.1   -0.9      0.2
  SINCE SEP 1      1.2                       3.5   -2.3      0.3
  SNOW DEPTH       T

DEGREE DAYS
 HEATING
  YESTERDAY       33                        27      6       26
  MONTH TO DATE  340                       332      8      338
  SINCE DEC 1    340                       332      8      338
  SINCE JUL 1   1126                      1216    -90      992

 COOLING
  YESTERDAY        0                         0      0        0
  MONTH TO DATE    0                         0      0        0
  SINCE DEC 1      0                         0      0        0
  SINCE JAN 1   1138                      1096     42     1473
..................................................................


WIND (MPH)
  HIGHEST WIND SPEED    22   HIGHEST WIND DIRECTION    SW (230)
  HIGHEST GUST SPEED    32   HIGHEST GUST DIRECTION    SW (230)
  AVERAGE WIND SPEED     8.4


SKY COVER
  POSSIBLE SUNSHINE  MM
  AVERAGE SKY COVER 0.7


WEATHER CONDITIONS
 THE FOLLOWING WEATHER WAS RECORDED YESTERDAY.
  NO SIGNIFICANT WEATHER WAS OBSERVED.


RELATIVE HUMIDITY (PERCENT)
 HIGHEST    67           700 AM
 LOWEST     27           900 PM
 AVERAGE    47

..........................................................


THE CHARLESTON WV CLIMATE NORMALS FOR TODAY
                         NORMAL    RECORD    YEAR
 MAXIMUM TEMPERATURE (F)   46        74      1927
 MINIMUM TEMPERATURE (F)   29         7      1942


SUNRISE AND SUNSET
DECEMBER 14 2017......SUNRISE   736 AM EST   SUNSET   507 PM EST
DECEMBER 15 2017......SUNRISE   736 AM EST   SUNSET   507 PM EST


-  INDICATES NEGATIVE NUMBERS.
R  INDICATES RECORD WAS SET OR TIED.
MM INDICATES DATA IS MISSING.
T  INDICATES TRACE AMOUNT.




$$
