000
CDUS41 KRLX 020717
CLICRW


CLIMATE REPORT
NATIONAL WEATHER SERVICE CHARLESTON WV
315 AM EDT THU OCT 2 2014


...................................

...THE CHARLESTON WV CLIMATE SUMMARY FOR OCTOBER 1 2014...

CLIMATE NORMAL PERIOD 1981 TO 2010
CLIMATE RECORD PERIOD 1901 TO 2014


WEATHER ITEM   OBSERVED TIME   RECORD YEAR NORMAL DEPARTURE LAST
                VALUE   (LST)  VALUE       VALUE  FROM      YEAR
                                                  NORMAL
..................................................................
TEMPERATURE (F)
 YESTERDAY
  MAXIMUM         72    344 PM  92    1919  72      0       80
  MINIMUM         56   1104 PM  31    1947  51      5       56
  AVERAGE         64                        62      2       68

PRECIPITATION (IN)
  YESTERDAY        0.00          2.30 1915   0.09  -0.09     0.00
  MONTH TO DATE    0.00                      0.09  -0.09     0.00
  SINCE JAN 1     36.64                     34.45   2.19    36.53

SNOWFALL (IN)
  YESTERDAY        0.0
  MONTH TO DATE    0.0
  SINCE SEP 1      0.0
  SNOW DEPTH       0

DEGREE DAYS
 HEATING
  YESTERDAY        1                         5     -4        0
  MONTH TO DATE    1                         5     -4        0
  SINCE SEP 1     46                        61    -15       39
  SINCE JUL 1     46                        63    -17       42

 COOLING
  YESTERDAY        0                         2     -2        3
  MONTH TO DATE    0                         2     -2        3
  SINCE SEP 1    127                       129     -2      118
  SINCE JAN 1   1034                      1075    -41     1084
..................................................................


WIND (MPH)
  HIGHEST WIND SPEED     7   HIGHEST WIND DIRECTION     N (350)
  HIGHEST GUST SPEED    10   HIGHEST GUST DIRECTION    NE (40)
  AVERAGE WIND SPEED     1.7


SKY COVER
  POSSIBLE SUNSHINE  MM
  AVERAGE SKY COVER 0.7


WEATHER CONDITIONS
 THE FOLLOWING WEATHER WAS RECORDED YESTERDAY.
  FOG
  FOG W/VISIBILITY <= 1/4 MILE
  HAZE


RELATIVE HUMIDITY (PERCENT)
 HIGHEST   100          1000 PM
 LOWEST     70           400 PM
 AVERAGE    85

..........................................................


THE CHARLESTON WV CLIMATE NORMALS FOR TODAY
                         NORMAL    RECORD    YEAR
 MAXIMUM TEMPERATURE (F)   72        95      1919
 MINIMUM TEMPERATURE (F)   50        30      1974


SUNRISE AND SUNSET
OCTOBER  2 2014.......SUNRISE   723 AM EDT   SUNSET   708 PM EDT
OCTOBER  3 2014.......SUNRISE   724 AM EDT   SUNSET   706 PM EDT


-  INDICATES NEGATIVE NUMBERS.
R  INDICATES RECORD WAS SET OR TIED.
MM INDICATES DATA IS MISSING.
T  INDICATES TRACE AMOUNT.




$$
