000
CDUS41 KRLX 220716
CLICRW


CLIMATE REPORT
NATIONAL WEATHER SERVICE CHARLESTON WV
316 AM EDT SUN OCT 22 2017


...................................

...THE CHARLESTON WV CLIMATE SUMMARY FOR OCTOBER 21 2017...

CLIMATE NORMAL PERIOD 1981 TO 2010
CLIMATE RECORD PERIOD 1901 TO 2017


WEATHER ITEM   OBSERVED TIME   RECORD YEAR NORMAL DEPARTURE LAST
                VALUE   (LST)  VALUE       VALUE  FROM      YEAR
                                                  NORMAL
..................................................................
TEMPERATURE (F)
 YESTERDAY
  MAXIMUM         78    235 PM  89    1920  66     12       65
  MINIMUM         43    704 AM  18    1952  44     -1       48
  AVERAGE         61                        55      6       57

PRECIPITATION (IN)
  YESTERDAY        0.00          1.62 2016   0.08  -0.08     1.62
  MONTH TO DATE    1.66                      1.74  -0.08     4.07
  SINCE JAN 1     39.49                     36.10   3.39    35.42

SNOWFALL (IN)
  YESTERDAY        0.0           T    1989   0.0    0.0      0.0
  MONTH TO DATE    0.0                       0.0    0.0      0.0
  SINCE SEP 1      0.0                       0.0    0.0      0.0
  SNOW DEPTH       0

DEGREE DAYS
 HEATING
  YESTERDAY        4                        10     -6        8
  MONTH TO DATE   63                       163   -100       64
  SINCE SEP 1    100                       219   -119       71
  SINCE JUL 1    100                       221   -121       71

 COOLING
  YESTERDAY        0                         0      0        0
  MONTH TO DATE   68                        16     52       37
  SINCE SEP 1    199                       143     56      286
  SINCE JAN 1   1137                      1089     48     1467
..................................................................


WIND (MPH)
  HIGHEST WIND SPEED     7   HIGHEST WIND DIRECTION    SW (230)
  HIGHEST GUST SPEED    12   HIGHEST GUST DIRECTION    SW (210)
  AVERAGE WIND SPEED     0.9


SKY COVER
  POSSIBLE SUNSHINE  MM
  AVERAGE SKY COVER 0.4


WEATHER CONDITIONS
 THE FOLLOWING WEATHER WAS RECORDED YESTERDAY.
  NO SIGNIFICANT WEATHER WAS OBSERVED.


RELATIVE HUMIDITY (PERCENT)
 HIGHEST   100          1200 AM
 LOWEST     36           200 PM
 AVERAGE    68

..........................................................


THE CHARLESTON WV CLIMATE NORMALS FOR TODAY
                         NORMAL    RECORD    YEAR
 MAXIMUM TEMPERATURE (F)   66        88      1920
 MINIMUM TEMPERATURE (F)   43        23      1952


SUNRISE AND SUNSET
OCTOBER 22 2017.......SUNRISE   743 AM EDT   SUNSET   639 PM EDT
OCTOBER 23 2017.......SUNRISE   744 AM EDT   SUNSET   637 PM EDT


-  INDICATES NEGATIVE NUMBERS.
R  INDICATES RECORD WAS SET OR TIED.
MM INDICATES DATA IS MISSING.
T  INDICATES TRACE AMOUNT.




$$
