100
CDUS42 KFFC 170818
CLICSG


CLIMATE REPORT
NATIONAL WEATHER SERVICE PEACHTREE CITY GA
417 AM EDT TUE OCT 17 2017


...................................

...THE COLUMBUS CLIMATE SUMMARY FOR OCTOBER 16 2017...

CLIMATE NORMAL PERIOD 1981 TO 2010
CLIMATE RECORD PERIOD 1948 TO 2017


WEATHER ITEM   OBSERVED TIME   RECORD YEAR NORMAL DEPARTURE LAST
                VALUE   (LST)  VALUE       VALUE  FROM      YEAR
                                                  NORMAL
..................................................................
TEMPERATURE (F)
 YESTERDAY
  MAXIMUM         75    409 PM  92    1919  77     -2       83
  MINIMUM         60   1159 PM  37    1955  55      5       63
  AVERAGE         68                        66      2       73

PRECIPITATION (IN)
  YESTERDAY        T             1.30 1932   0.08  -0.08     0.92
  MONTH TO DATE    2.26                      1.37   0.89     0.92
  SINCE SEP 1      5.45                      4.43   1.02     1.67
  SINCE JAN 1     44.46                     37.17   7.29    28.59

DEGREE DAYS
 HEATING
  YESTERDAY        0                         2     -2        0
  MONTH TO DATE    0                        21    -21        0
  SINCE SEP 1      3                        24    -21        0
  SINCE JUL 1      3                        24    -21        0

 COOLING
  YESTERDAY        3                         3      0        8
  MONTH TO DATE  193                        81    112      123
  SINCE SEP 1    566                       431    135      590
  SINCE JAN 1   2660                      2303    357     2647
..................................................................


WIND (MPH)
  HIGHEST WIND SPEED    16   HIGHEST WIND DIRECTION     N (20)
  HIGHEST GUST SPEED    23   HIGHEST GUST DIRECTION     N (20)
  AVERAGE WIND SPEED     7.5


SKY COVER
  AVERAGE SKY COVER 0.4


WEATHER CONDITIONS
 THE FOLLOWING WEATHER WAS RECORDED YESTERDAY.
  NO SIGNIFICANT WEATHER WAS OBSERVED.


RELATIVE HUMIDITY (PERCENT)
 HIGHEST    93           200 AM
 LOWEST     38           300 PM
 AVERAGE    66

..........................................................


THE COLUMBUS CLIMATE NORMALS FOR TODAY
                         NORMAL    RECORD    YEAR
 MAXIMUM TEMPERATURE (F)   77        91      1916
                                             1915
 MINIMUM TEMPERATURE (F)   55        34      1954


SUNRISE AND SUNSET
OCTOBER 17 2017.......SUNRISE   745 AM EDT   SUNSET   704 PM EDT
OCTOBER 18 2017.......SUNRISE   746 AM EDT   SUNSET   703 PM EDT


-  INDICATES NEGATIVE NUMBERS.
R  INDICATES RECORD WAS SET OR TIED.
MM INDICATES DATA IS MISSING.
T  INDICATES TRACE AMOUNT.




$$
