000
CDUS42 KFFC 230825
CLICSG


CLIMATE REPORT
NATIONAL WEATHER SERVICE PEACHTREE CITY GA
424 AM EDT TUE MAY 23 2017


...................................

...THE COLUMBUS CLIMATE SUMMARY FOR MAY 22 2017...

CLIMATE NORMAL PERIOD 1981 TO 2010
CLIMATE RECORD PERIOD 1948 TO 2017


WEATHER ITEM   OBSERVED TIME   RECORD YEAR NORMAL DEPARTURE LAST
                VALUE   (LST)  VALUE       VALUE  FROM      YEAR
                                                  NORMAL
..................................................................
TEMPERATURE (F)
 YESTERDAY
  MAXIMUM         84    204 PM  99    1933  86     -2       82
  MINIMUM         71    644 AM  45    1954  64      7       60
  AVERAGE         78                        75      3       71

PRECIPITATION (IN)
  YESTERDAY        0.03          2.25 1967   0.10  -0.07     0.00
  MONTH TO DATE    3.55                      2.24   1.31     2.51
  SINCE MAR 1      9.49                     11.25  -1.76    12.01
  SINCE JAN 1     23.75                     19.54   4.21    19.44

DEGREE DAYS
 HEATING
  YESTERDAY        0                         0      0        0
  MONTH TO DATE   13                         6      7        7
  SINCE MAR 1    239                       341   -102      221
  SINCE JUL 1   1369                      2118   -749     1611

 COOLING
  YESTERDAY       13                        10      3        6
  MONTH TO DATE  189                       155     34      141
  SINCE MAR 1    444                       255    189      279
  SINCE JAN 1    461                       259    202      281
..................................................................


WIND (MPH)
  HIGHEST WIND SPEED    10   HIGHEST WIND DIRECTION    SE (140)
  HIGHEST GUST SPEED    13   HIGHEST GUST DIRECTION    SW (220)
  AVERAGE WIND SPEED     3.5


SKY COVER
  AVERAGE SKY COVER 0.4


WEATHER CONDITIONS
 THE FOLLOWING WEATHER WAS RECORDED YESTERDAY.
  THUNDERSTORM
  LIGHT RAIN


RELATIVE HUMIDITY (PERCENT)
 HIGHEST    93           200 AM
 LOWEST     55           200 PM
 AVERAGE    74

..........................................................


THE COLUMBUS CLIMATE NORMALS FOR TODAY
                         NORMAL    RECORD    YEAR
 MAXIMUM TEMPERATURE (F)   86        99      1933
 MINIMUM TEMPERATURE (F)   64        49      1954


SUNRISE AND SUNSET
MAY 23 2017...........SUNRISE   637 AM EDT   SUNSET   837 PM EDT
MAY 24 2017...........SUNRISE   636 AM EDT   SUNSET   837 PM EDT


-  INDICATES NEGATIVE NUMBERS.
R  INDICATES RECORD WAS SET OR TIED.
MM INDICATES DATA IS MISSING.
T  INDICATES TRACE AMOUNT.




$$
