000
CDUS42 KFFC 210918
CLICSG


CLIMATE REPORT
NATIONAL WEATHER SERVICE PEACHTREE CITY GA
418 AM EST TUE FEB 21 2017


...................................

...THE COLUMBUS CLIMATE SUMMARY FOR FEBRUARY 20 2017...

CLIMATE NORMAL PERIOD 1981 TO 2010
CLIMATE RECORD PERIOD 1948 TO 2017


WEATHER ITEM   OBSERVED TIME   RECORD YEAR NORMAL DEPARTURE LAST
                VALUE   (LST)  VALUE       VALUE  FROM      YEAR
                                                  NORMAL
..................................................................
TEMPERATURE (F)
 YESTERDAY
  MAXIMUM         76    432 PM  80    1986  63     13       70
  MINIMUM         46    729 AM  21    2015  41      5       41
  AVERAGE         61                        52      9       56

PRECIPITATION (IN)
  YESTERDAY        0.00          1.80 1945   0.16  -0.16     0.00
  MONTH TO DATE    1.28                      3.12  -1.84     3.29
  SINCE DEC 1     17.13                     11.24   5.89    23.87
  SINCE JAN 1     12.76                      6.97   5.79     6.49

SNOWFALL (IN)
  YESTERDAY        0.0           0.0  2002   0.0    0.0      0.0
  MONTH TO DATE    0.0                       0.0    0.0      0.0
  SINCE DEC 1      0.0                       0.3   -0.3      0.0
  SINCE JUL 1      0.0                       0.3   -0.3      0.0
  SNOW DEPTH       0

DEGREE DAYS
 HEATING
  YESTERDAY        4                        13     -9        9
  MONTH TO DATE  177                       298   -121      305
  SINCE DEC 1    911                      1349   -438     1108
  SINCE JUL 1   1098                      1681   -583     1304

 COOLING
  YESTERDAY        0                         0      0        0
  MONTH TO DATE    4                         0      4        0
  SINCE DEC 1     14                         5      9       34
  SINCE JAN 1      9                         1      8        0
..................................................................


WIND (MPH)
  HIGHEST WIND SPEED    13   HIGHEST WIND DIRECTION    SE (130)
  HIGHEST GUST SPEED    17   HIGHEST GUST DIRECTION    SE (120)
  AVERAGE WIND SPEED     3.8


SKY COVER
  AVERAGE SKY COVER 0.0


WEATHER CONDITIONS
 THE FOLLOWING WEATHER WAS RECORDED YESTERDAY.
  NO SIGNIFICANT WEATHER WAS OBSERVED.


RELATIVE HUMIDITY (PERCENT)
 HIGHEST    93           700 AM
 LOWEST     38           400 PM
 AVERAGE    66

..........................................................


THE COLUMBUS CLIMATE NORMALS FOR TODAY
                         NORMAL    RECORD    YEAR
 MAXIMUM TEMPERATURE (F)   64        81      1922
 MINIMUM TEMPERATURE (F)   41        18      1958


SUNRISE AND SUNSET
FEBRUARY 21 2017......SUNRISE   716 AM EST   SUNSET   631 PM EST
FEBRUARY 22 2017......SUNRISE   715 AM EST   SUNSET   632 PM EST


-  INDICATES NEGATIVE NUMBERS.
R  INDICATES RECORD WAS SET OR TIED.
MM INDICATES DATA IS MISSING.
T  INDICATES TRACE AMOUNT.




$$
