000
CDUS42 KFFC 290817
CLICSG


CLIMATE REPORT
NATIONAL WEATHER SERVICE PEACHTREE CITY GA
417 AM EDT THU JUN 29 2017


...................................

...THE COLUMBUS CLIMATE SUMMARY FOR JUNE 28 2017...

CLIMATE NORMAL PERIOD 1981 TO 2010
CLIMATE RECORD PERIOD 1948 TO 2017


WEATHER ITEM   OBSERVED TIME   RECORD YEAR NORMAL DEPARTURE LAST
                VALUE   (LST)  VALUE       VALUE  FROM      YEAR
                                                  NORMAL
..................................................................
TEMPERATURE (F)
 YESTERDAY
  MAXIMUM         89    447 PM 103    1954  92     -3       95
  MINIMUM         67    500 AM  56    1974  72     -5       73
  AVERAGE         78                        82     -4       84

PRECIPITATION (IN)
  YESTERDAY        0.00          1.90 1893   0.14  -0.14     0.14
  MONTH TO DATE    2.66                      3.46  -0.80     2.15
  SINCE JUN 1      2.66                      3.46  -0.80     2.15
  SINCE JAN 1     28.23                     23.95   4.28    21.59

DEGREE DAYS
 HEATING
  YESTERDAY        0                         0      0        0
  MONTH TO DATE    0                         0      0        0
  SINCE JUN 1      0                         0      0        0
  SINCE JUL 1   1369                      2120   -751     1611

 COOLING
  YESTERDAY       13                        17     -4       19
  MONTH TO DATE  394                       412    -18      462
  SINCE JUN 1    394                       412    -18      462
  SINCE JAN 1    946                       770    176      848
..................................................................


WIND (MPH)
  HIGHEST WIND SPEED    16   HIGHEST WIND DIRECTION     S (160)
  HIGHEST GUST SPEED    23   HIGHEST GUST DIRECTION    SE (130)
  AVERAGE WIND SPEED     7.2


SKY COVER
  AVERAGE SKY COVER 0.2


WEATHER CONDITIONS
 THE FOLLOWING WEATHER WAS RECORDED YESTERDAY.
  NO SIGNIFICANT WEATHER WAS OBSERVED.


RELATIVE HUMIDITY (PERCENT)
 HIGHEST    84           400 AM
 LOWEST     43           400 PM
 AVERAGE    64

..........................................................


THE COLUMBUS CLIMATE NORMALS FOR TODAY
                         NORMAL    RECORD    YEAR
 MAXIMUM TEMPERATURE (F)   92       105      2012
 MINIMUM TEMPERATURE (F)   72        60      1974
                                             1968


SUNRISE AND SUNSET
JUNE 29 2017..........SUNRISE   635 AM EDT   SUNSET   851 PM EDT
JUNE 30 2017..........SUNRISE   636 AM EDT   SUNSET   851 PM EDT


-  INDICATES NEGATIVE NUMBERS.
R  INDICATES RECORD WAS SET OR TIED.
MM INDICATES DATA IS MISSING.
T  INDICATES TRACE AMOUNT.




$$
