000
CDUS42 KFFC 100948
CLICSG


CLIMATE REPORT
NATIONAL WEATHER SERVICE PEACHTREE CITY GA
448 AM EST SAT DEC 10 2016


...................................

...THE COLUMBUS CLIMATE SUMMARY FOR DECEMBER 9 2016...

CLIMATE NORMAL PERIOD 1981 TO 2010
CLIMATE RECORD PERIOD 1948 TO 2016


WEATHER ITEM   OBSERVED TIME   RECORD YEAR NORMAL DEPARTURE LAST
                VALUE   (LST)  VALUE       VALUE  FROM      YEAR
                                                  NORMAL
..................................................................
TEMPERATURE (F)
 YESTERDAY
  MAXIMUM         48        MM  79    1943  61    -13       69
  MINIMUM         31        MM  18    1917  40     -9       36
  AVERAGE         40                        50    -10       53

PRECIPITATION (IN)
  YESTERDAY        0.00          2.48 1919   0.15  -0.15     0.00
  MONTH TO DATE    1.97                      1.36   0.61     0.14
  SINCE DEC 1      1.97                      1.36   0.61     0.14
  SINCE JAN 1     32.74                     43.84 -11.10    45.86

SNOWFALL (IN)
  YESTERDAY        0.0           0.0  2001   0.0    0.0      0.0
  MONTH TO DATE    0.0                       0.0    0.0      0.0
  SINCE DEC 1      0.0                       0.0    0.0      0.0
  SINCE JUL 1      0.0                       0.0    0.0      0.0
  SNOW DEPTH       0

DEGREE DAYS
 HEATING
  YESTERDAY       25                        15     10       12
  MONTH TO DATE  128                       125      3       92
  SINCE DEC 1    128                       125      3       92
  SINCE JUL 1    315                       457   -142      288

 COOLING
  YESTERDAY        0                         0      0        0
  MONTH TO DATE    0                         0      0        1
  SINCE DEC 1      0                         0      0        1
  SINCE JAN 1   2755                      2364    391     2490
..................................................................


WIND (MPH)
  HIGHEST WIND SPEED    14   HIGHEST WIND DIRECTION     N (350)
  HIGHEST GUST SPEED    22   HIGHEST GUST DIRECTION     N (340)
  AVERAGE WIND SPEED     7.4


SKY COVER
  AVERAGE SKY COVER 0.0


WEATHER CONDITIONS
 THE FOLLOWING WEATHER WAS RECORDED YESTERDAY.
  NO SIGNIFICANT WEATHER WAS OBSERVED.


RELATIVE HUMIDITY (PERCENT)
 HIGHEST    53           700 AM
 LOWEST     23           400 PM
 AVERAGE    38

..........................................................


THE COLUMBUS CLIMATE NORMALS FOR TODAY
                         NORMAL    RECORD    YEAR
 MAXIMUM TEMPERATURE (F)   60        79      1972
 MINIMUM TEMPERATURE (F)   40        19      1995


SUNRISE AND SUNSET
DECEMBER 10 2016......SUNRISE   731 AM EST   SUNSET   535 PM EST
DECEMBER 11 2016......SUNRISE   732 AM EST   SUNSET   535 PM EST


-  INDICATES NEGATIVE NUMBERS.
R  INDICATES RECORD WAS SET OR TIED.
MM INDICATES DATA IS MISSING.
T  INDICATES TRACE AMOUNT.




$$
