000
CDUS42 KFFC 280935
CLICSG


CLIMATE REPORT
NATIONAL WEATHER SERVICE PEACHTREE CITY GA
435 AM EST SUN DEC 28 2014


...................................

...THE COLUMBUS CLIMATE SUMMARY FOR DECEMBER 27 2014...

CLIMATE NORMAL PERIOD 1981 TO 2010
CLIMATE RECORD PERIOD 1948 TO 2014


WEATHER ITEM   OBSERVED TIME   RECORD YEAR NORMAL DEPARTURE LAST
                VALUE   (LST)  VALUE       VALUE  FROM      YEAR
                                                  NORMAL
..................................................................
TEMPERATURE (F)
 YESTERDAY
  MAXIMUM         65    149 PM  75    2008  57      8       55
                                      1982
  MINIMUM         37    450 AM  23    1985  37      0       35
  AVERAGE         51                        47      4       45

PRECIPITATION (IN)
  YESTERDAY        0.47          1.10 2011   0.12   0.35     0.00
  MONTH TO DATE    4.02                      3.78   0.24     6.55
  SINCE DEC 1      4.02                      3.78   0.24     6.55
  SINCE JAN 1     51.53                     46.26   5.27    60.33

SNOWFALL (IN)
  YESTERDAY       MM             0.0  2001   0.0   MM        0.0
  MONTH TO DATE    0.0                       0.1   -0.1      0.0
  SINCE DEC 1      0.0                       0.1   -0.1      0.0
  SINCE JUL 1      0.0                       0.1   -0.1      0.0
  SNOW DEPTH       0

DEGREE DAYS
 HEATING
  YESTERDAY       14                        18     -4       20
  MONTH TO DATE  349                       424    -75      348
  SINCE DEC 1    349                       424    -75      348
  SINCE JUL 1    817                       756     61      696

 COOLING
  YESTERDAY        0                         0      0        0
  MONTH TO DATE    1                         0      1       17
  SINCE DEC 1      1                         0      1       17
  SINCE JAN 1   2314                      2364    -50     2364
..................................................................


WIND (MPH)
  HIGHEST WIND SPEED    13   HIGHEST WIND DIRECTION     E (80)
  HIGHEST GUST SPEED    15   HIGHEST GUST DIRECTION     E (80)
  AVERAGE WIND SPEED     3.3


SKY COVER
  AVERAGE SKY COVER 0.4


WEATHER CONDITIONS
 THE FOLLOWING WEATHER WAS RECORDED YESTERDAY.
  RAIN
  LIGHT RAIN
  FOG


RELATIVE HUMIDITY (PERCENT)
 HIGHEST    93           600 PM
 LOWEST     53          1200 PM
 AVERAGE    73

..........................................................


THE COLUMBUS CLIMATE NORMALS FOR TODAY
                         NORMAL    RECORD    YEAR
 MAXIMUM TEMPERATURE (F)   57        80      1984
 MINIMUM TEMPERATURE (F)   37        23      2010
                                             1977


SUNRISE AND SUNSET
DECEMBER 28 2014......SUNRISE   740 AM EST   SUNSET   542 PM EST
DECEMBER 29 2014......SUNRISE   741 AM EST   SUNSET   543 PM EST


-  INDICATES NEGATIVE NUMBERS.
R  INDICATES RECORD WAS SET OR TIED.
MM INDICATES DATA IS MISSING.
T  INDICATES TRACE AMOUNT.




$$
