000
CDUS42 KFFC 232035
CLICSG


CLIMATE REPORT
NATIONAL WEATHER SERVICE PEACHTREE CITY GA
435 PM EDT WED AUG 23 2017


...................................

...THE COLUMBUS CLIMATE SUMMARY FOR AUGUST 23 2017...
VALID TODAY AS OF 0400 PM LOCAL TIME.

CLIMATE NORMAL PERIOD 1981 TO 2010
CLIMATE RECORD PERIOD 1948 TO 2017


WEATHER ITEM   OBSERVED TIME   RECORD YEAR NORMAL DEPARTURE LAST
                VALUE   (LST)  VALUE       VALUE  FROM      YEAR
                                                  NORMAL
..................................................................
TEMPERATURE (F)
 TODAY
  MAXIMUM         96    307 PM 101    1968  91      5       96
  MINIMUM         78    702 AM  61    1930  72      6       75
  AVERAGE         87                        82      5       86

PRECIPITATION (IN)
  TODAY            0.00          2.18 2008   0.12  -0.12     0.87
  MONTH TO DATE    2.81                      2.86  -0.05     4.37
  SINCE JUN 1     11.37                     11.34   0.03     7.48
  SINCE JAN 1     36.94                     31.83   5.11    26.92

DEGREE DAYS
 HEATING
  TODAY            0                         0      0        0
  MONTH TO DATE    0                         0      0        0
  SINCE JUN 1      0                         0      0        0
  SINCE JUL 1      0                         0      0        0

 COOLING
  TODAY           22                        17      5       21
  MONTH TO DATE  411                       395     16      423
  SINCE JUN 1   1419                      1385     34     1526
  SINCE JAN 1   1971                      1743    228     1912
..................................................................


WIND (MPH)
  RESULTANT WIND SPEED   3   RESULTANT WIND DIRECTION   W (290)
  HIGHEST WIND SPEED    16   HIGHEST WIND DIRECTION    NW (320)
  HIGHEST GUST SPEED    21   HIGHEST GUST DIRECTION    NW (320)
  AVERAGE WIND SPEED     4.2


SKY COVER
  AVERAGE SKY COVER 0.2


WEATHER CONDITIONS
 THE FOLLOWING WEATHER WAS RECORDED TODAY.
  THUNDERSTORM


RELATIVE HUMIDITY (PERCENT)
 HIGHEST    85           100 AM
 LOWEST     43           300 PM
 AVERAGE    64

..........................................................


THE COLUMBUS CLIMATE NORMALS FOR TOMORROW
                         NORMAL    RECORD    YEAR
 MAXIMUM TEMPERATURE (F)   91       101      1938
 MINIMUM TEMPERATURE (F)   72        58      1953


SUNRISE AND SUNSET
AUGUST 23 2017........SUNRISE   709 AM EDT   SUNSET   815 PM EDT
AUGUST 24 2017........SUNRISE   710 AM EDT   SUNSET   814 PM EDT


-  INDICATES NEGATIVE NUMBERS.
R  INDICATES RECORD WAS SET OR TIED.
MM INDICATES DATA IS MISSING.
T  INDICATES TRACE AMOUNT.




$$
