000
CDUS42 KFFC 170917
CLICSG


CLIMATE REPORT
NATIONAL WEATHER SERVICE PEACHTREE CITY GA
416 AM EST SUN DEC 17 2017


...................................

...THE COLUMBUS CLIMATE SUMMARY FOR DECEMBER 16 2017...

CLIMATE NORMAL PERIOD 1981 TO 2010
CLIMATE RECORD PERIOD 1948 TO 2017


WEATHER ITEM   OBSERVED TIME   RECORD YEAR NORMAL DEPARTURE LAST
                VALUE   (LST)  VALUE       VALUE  FROM      YEAR
                                                  NORMAL
..................................................................
TEMPERATURE (F)
 YESTERDAY
  MAXIMUM         58    358 PM  82    1971  59     -1       57
  MINIMUM         27    658 AM  17    1951  39    -12       30
  AVERAGE         43                        49     -6       44

PRECIPITATION (IN)
  YESTERDAY        0.00          3.08 1970   0.13  -0.13     0.00
  MONTH TO DATE    1.92                      2.31  -0.39     3.37
  SINCE DEC 1      1.92                      2.31  -0.39     3.37
  SINCE JAN 1     50.36                     44.79   5.57    34.14

SNOWFALL (IN)
  YESTERDAY        0.0           0.0  2001   0.0    0.0      0.0
  MONTH TO DATE    T                         0.0    0.0      0.0
  SINCE DEC 1      T                         0.0    0.0      0.0
  SINCE JUL 1      T                         0.0    0.0      0.0
  SNOW DEPTH       0

DEGREE DAYS
 HEATING
  YESTERDAY       22                        16      6       21
  MONTH TO DATE  236                       234      2      232
  SINCE DEC 1    236                       234      2      232
  SINCE JUL 1    500                       566    -66      419

 COOLING
  YESTERDAY        0                         0      0        0
  MONTH TO DATE    4                         0      4        0
  SINCE DEC 1      4                         0      4        0
  SINCE JAN 1   2718                      2364    354     2755
..................................................................


WIND (MPH)
  HIGHEST WIND SPEED     7   HIGHEST WIND DIRECTION    SW (230)
  HIGHEST GUST SPEED     9   HIGHEST GUST DIRECTION     N (340)
  AVERAGE WIND SPEED     1.3


SKY COVER
  AVERAGE SKY COVER 0.0


WEATHER CONDITIONS
 THE FOLLOWING WEATHER WAS RECORDED YESTERDAY.
  HAZE


RELATIVE HUMIDITY (PERCENT)
 HIGHEST    85           500 AM
 LOWEST     30           400 PM
 AVERAGE    58

..........................................................


THE COLUMBUS CLIMATE NORMALS FOR TODAY
                         NORMAL    RECORD    YEAR
 MAXIMUM TEMPERATURE (F)   59        79      1984
 MINIMUM TEMPERATURE (F)   39        18      1960
                                             1901


SUNRISE AND SUNSET
DECEMBER 17 2017......SUNRISE   735 AM EST   SUNSET   537 PM EST
DECEMBER 18 2017......SUNRISE   736 AM EST   SUNSET   537 PM EST


-  INDICATES NEGATIVE NUMBERS.
R  INDICATES RECORD WAS SET OR TIED.
MM INDICATES DATA IS MISSING.
T  INDICATES TRACE AMOUNT.




$$
