000
CDUS42 KFFC 280816
CLICSG


CLIMATE REPORT
NATIONAL WEATHER SERVICE PEACHTREE CITY GA
416 AM EDT TUE MAR 28 2017


...................................

...THE COLUMBUS CLIMATE SUMMARY FOR MARCH 27 2017...

CLIMATE NORMAL PERIOD 1981 TO 2010
CLIMATE RECORD PERIOD 1948 TO 2017


WEATHER ITEM   OBSERVED TIME   RECORD YEAR NORMAL DEPARTURE LAST
                VALUE   (LST)  VALUE       VALUE  FROM      YEAR
                                                  NORMAL
..................................................................
TEMPERATURE (F)
 YESTERDAY
  MAXIMUM         82    432 PM  88    1994  72     10       66
                                      1921
                                      1910
  MINIMUM         60    226 AM  21    1955  48     12       59
  AVERAGE         71                        60     11       63

PRECIPITATION (IN)
  YESTERDAY        0.00          3.90 2005   0.18  -0.18     0.26
  MONTH TO DATE    1.22                      4.80  -3.58     2.39
  SINCE MAR 1      1.22                      4.80  -3.58     2.39
  SINCE JAN 1     15.48                     13.09   2.39     9.82

SNOWFALL (IN)
  YESTERDAY        0.0           0.0  2002   0.0    0.0      0.0
                                      2001
                                      2000
  MONTH TO DATE    0.0                       0.1   -0.1      0.0
  SINCE MAR 1      0.0                       0.1   -0.1      0.0
  SINCE JUL 1      0.0                       0.4   -0.4      0.0
  SNOW DEPTH      MM

DEGREE DAYS
 HEATING
  YESTERDAY        0                         6     -6        2
  MONTH TO DATE  203                       224    -21      137
  SINCE MAR 1    203                       224    -21      137
  SINCE JUL 1   1333                      2001   -668     1527

 COOLING
  YESTERDAY        6                         1      5        0
  MONTH TO DATE   39                        20     19       51
  SINCE MAR 1     39                        20     19       51
  SINCE JAN 1     56                        24     32       53
..................................................................


WIND (MPH)
  HIGHEST WIND SPEED    16   HIGHEST WIND DIRECTION     S (190)
  HIGHEST GUST SPEED    20   HIGHEST GUST DIRECTION    SW (230)
  AVERAGE WIND SPEED     5.9


SKY COVER
  AVERAGE SKY COVER 0.3


WEATHER CONDITIONS
 THE FOLLOWING WEATHER WAS RECORDED YESTERDAY.
  NO SIGNIFICANT WEATHER WAS OBSERVED.


RELATIVE HUMIDITY (PERCENT)
 HIGHEST    87           400 AM
 LOWEST     39           500 PM
 AVERAGE    63

..........................................................


THE COLUMBUS CLIMATE NORMALS FOR TODAY
                         NORMAL    RECORD    YEAR
 MAXIMUM TEMPERATURE (F)   73        90      1929
 MINIMUM TEMPERATURE (F)   48        31      1937


SUNRISE AND SUNSET
MARCH 28 2017.........SUNRISE   733 AM EDT   SUNSET   757 PM EDT
MARCH 29 2017.........SUNRISE   731 AM EDT   SUNSET   758 PM EDT


-  INDICATES NEGATIVE NUMBERS.
R  INDICATES RECORD WAS SET OR TIED.
MM INDICATES DATA IS MISSING.
T  INDICATES TRACE AMOUNT.




$$
