000
CDUS44 KOHX 260756
CLICSV

CLIMATE REPORT
NATIONAL WEATHER SERVICE NASHVILLE TN
251 AM CDT SAT JUL 26 2014


...................................

...THE CROSSVILLE CLIMATE SUMMARY FOR JULY 25 2014...

CLIMATE NORMAL PERIOD 1981 TO 2010
CLIMATE RECORD PERIOD 1954 TO 2014


WEATHER ITEM   OBSERVED TIME   RECORD YEAR NORMAL DEPARTURE
                VALUE   (LST)  VALUE       VALUE  FROM
                                                  NORMAL
...............................................................
TEMPERATURE (F)
 YESTERDAY
  MAXIMUM         78    403 PM  95    1993  84     -6
  MINIMUM         57    606 AM  56    2003  65     -8
  AVERAGE         68                        75     -7

PRECIPITATION (IN)
  YESTERDAY        0.00          1.40 2004   0.17  -0.17
  MONTH TO DATE    4.93                      4.17   0.76
  SINCE JUN 1      9.26                      8.77   0.49
  SINCE JAN 1     27.17                     33.15  -5.98

DEGREE DAYS
 HEATING
  YESTERDAY        0                                0
  MONTH TO DATE    0                                0
  SINCE JUN 1      0                              -14
  SINCE JUL 1      0                                0

 COOLING
  YESTERDAY        3                               -7
  MONTH TO DATE  177                              -67
  SINCE JUN 1    405                              -34
  SINCE JAN 1    523                                1
...............................................................


WIND (MPH)
  HIGHEST WIND SPEED    12   HIGHEST WIND DIRECTION     W (280)
  HIGHEST GUST SPEED    15   HIGHEST GUST DIRECTION     W (270)
  AVERAGE WIND SPEED     2.7


SKY COVER
  POSSIBLE SUNSHINE  MM
  AVERAGE SKY COVER 0.3


WEATHER CONDITIONS
 THE FOLLOWING WEATHER WAS RECORDED YESTERDAY.
  FOG
  FOG W/VISIBILITY <= 1/4 MILE


RELATIVE HUMIDITY (PERCENT)
 HIGHEST   100           400 AM
 LOWEST     40          1200 PM
 AVERAGE    70

..........................................................


THE CROSSVILLE CLIMATE NORMALS FOR TODAY
                         NORMAL    RECORD    YEAR
 MAXIMUM TEMPERATURE (F)   84        97      1993
 MINIMUM TEMPERATURE (F)   65        56      1962


SUNRISE AND SUNSET
JULY 26 2014..........SUNRISE   543 AM CDT   SUNSET   750 PM CDT
JULY 27 2014..........SUNRISE   544 AM CDT   SUNSET   749 PM CDT


-  INDICATES NEGATIVE NUMBERS.
R  INDICATES RECORD WAS SET OR TIED.
MM INDICATES DATA IS MISSING.
T  INDICATES TRACE AMOUNT.




$$
