000
CDUS44 KOHX 100619
CLICSV


CLIMATE REPORT
NATIONAL WEATHER SERVICE NASHVILLE TN
118 AM CDT THU JUL 10 2014


...................................

...THE CROSSVILLE CLIMATE SUMMARY FOR JULY 9 2014...

CLIMATE NORMAL PERIOD 1981 TO 2010
CLIMATE RECORD PERIOD 1954 TO 2014


WEATHER ITEM   OBSERVED TIME   RECORD YEAR NORMAL DEPARTURE
                VALUE   (LST)  VALUE       VALUE  FROM
                                                  NORMAL
...............................................................
TEMPERATURE (F)
 YESTERDAY
  MAXIMUM         78    904 AM  98    1988  84     -6
  MINIMUM         68    223 PM  53    1961  65      3
  AVERAGE         73                        75     -2

PRECIPITATION (IN)
  YESTERDAY        1.05          1.14 1987   0.17   0.88
  MONTH TO DATE    1.28                      1.46  -0.18
  SINCE JUN 1      5.61                      6.06  -0.45
  SINCE JAN 1     23.52                     30.44  -6.92

DEGREE DAYS
 HEATING
  YESTERDAY        0                                0
  MONTH TO DATE    0                                0
  SINCE JUN 1      0                              -14
  SINCE JUL 1      0                                0

 COOLING
  YESTERDAY        8                               -2
  MONTH TO DATE   69                              -15
  SINCE JUN 1    297                               18
  SINCE JAN 1    415                               53
...............................................................


WIND (MPH)
  HIGHEST WIND SPEED    21   HIGHEST WIND DIRECTION     W (270)
  HIGHEST GUST SPEED    31   HIGHEST GUST DIRECTION     W (270)
  AVERAGE WIND SPEED     4.5


SKY COVER
  POSSIBLE SUNSHINE  MM
  AVERAGE SKY COVER 0.7


WEATHER CONDITIONS
 THE FOLLOWING WEATHER WAS RECORDED YESTERDAY.
  THUNDERSTORM
  HEAVY RAIN
  RAIN
  LIGHT RAIN
  FOG
  FOG W/VISIBILITY <= 1/4 MILE
  HAZE


RELATIVE HUMIDITY (PERCENT)
 HIGHEST    97           800 PM
 LOWEST     62           900 AM
 AVERAGE    80

..........................................................


THE CROSSVILLE CLIMATE NORMALS FOR TODAY
                         NORMAL    RECORD    YEAR
 MAXIMUM TEMPERATURE (F)   84        93      1988
 MINIMUM TEMPERATURE (F)   65        46      1961


SUNRISE AND SUNSET
JULY 10 2014..........SUNRISE   532 AM CDT   SUNSET   759 PM CDT
JULY 11 2014..........SUNRISE   533 AM CDT   SUNSET   759 PM CDT


-  INDICATES NEGATIVE NUMBERS.
R  INDICATES RECORD WAS SET OR TIED.
MM INDICATES DATA IS MISSING.
T  INDICATES TRACE AMOUNT.




$$
