000
CDUS45 KTFX 201001
CLICTB


CLIMATE REPORT
NATIONAL WEATHER SERVICE GREAT FALLS MT
300 AM MST SAT DEC 20 2014


...................................

...THE CUT BANK MT CLIMATE SUMMARY FOR DECEMBER 19 2014...

CLIMATE NORMAL PERIOD 1981 TO 2010
CLIMATE RECORD PERIOD 1903 TO 2014


WEATHER ITEM   OBSERVED TIME   RECORD YEAR NORMAL DEPARTURE LAST
                VALUE   (LST)  VALUE       VALUE  FROM      YEAR
                                                  NORMAL
..................................................................
TEMPERATURE (F)
 YESTERDAY
  MAXIMUM         42    154 PM  61    1954  32     10       21
  MINIMUM         25    255 AM -24    1990  11     14      -11
  AVERAGE         34                        22     12        5

PRECIPITATION (IN)
  YESTERDAY        0.00          0.15 1925   0.01  -0.01     0.03
  MONTH TO DATE    0.05                      0.13  -0.08     0.40
  SINCE OCT 1      1.85                      0.93   0.92     1.17
  SINCE JAN 1     16.76                     10.81   5.95    14.87

SNOWFALL (IN)
  YESTERDAY       MM
  SNOW DEPTH       2

DEGREE DAYS
 HEATING
  YESTERDAY       31                        44    -13       60
  MONTH TO DATE  739                       802    -63      961
  SINCE DEC 1    739                       802    -63      961
  SINCE JUL 1   2837                      3065   -228     3050

 COOLING
  YESTERDAY        0                         0      0        0
  MONTH TO DATE    0                         0      0        0
  SINCE DEC 1      0                         0      0        0
  SINCE JAN 1    208                       162     46      226
..................................................................


WIND (MPH)
  HIGHEST WIND SPEED    24   HIGHEST WIND DIRECTION     W (250)
  HIGHEST GUST SPEED    30   HIGHEST GUST DIRECTION     W (260)
  AVERAGE WIND SPEED    11.5


SKY COVER
  AVERAGE SKY COVER 0.2


WEATHER CONDITIONS
 THE FOLLOWING WEATHER WAS RECORDED YESTERDAY.
  NO SIGNIFICANT WEATHER WAS OBSERVED.


RELATIVE HUMIDITY (PERCENT)
 HIGHEST    78           600 AM
 LOWEST     65           200 PM
 AVERAGE    72

..........................................................


THE CUT BANK MT CLIMATE NORMALS FOR TODAY
                         NORMAL    RECORD    YEAR
 MAXIMUM TEMPERATURE (F)   32        54      2003
                                             1954
 MINIMUM TEMPERATURE (F)   11       -29      1990


SUNRISE AND SUNSET
DECEMBER 20 2014......SUNRISE   819 AM MST   SUNSET   436 PM MST
DECEMBER 21 2014......SUNRISE   819 AM MST   SUNSET   436 PM MST


-  INDICATES NEGATIVE NUMBERS.
R  INDICATES RECORD WAS SET OR TIED.
MM INDICATES DATA IS MISSING.
T  INDICATES TRACE AMOUNT.




$$
