000
CDUS45 KTFX 162230
CLICTB


CLIMATE REPORT
NATIONAL WEATHER SERVICE GREAT FALLS MT
430 PM MDT MON OCT 16 2017


...................................

...THE CUT BANK MT CLIMATE SUMMARY FOR OCTOBER 16 2017...
VALID TODAY AS OF 0400 PM LOCAL TIME.

CLIMATE NORMAL PERIOD 1981 TO 2010
CLIMATE RECORD PERIOD 1903 TO 2017


WEATHER ITEM   OBSERVED TIME   RECORD YEAR NORMAL DEPARTURE LAST
                VALUE   (LST)  VALUE       VALUE  FROM      YEAR
                                                  NORMAL
..................................................................
TEMPERATURE (F)
 TODAY
  MAXIMUM         63    130 PM  81    1927  56      7       54
  MINIMUM         47    714 AM   9    1969  30     17       39
  AVERAGE         55                        43     12       47

PRECIPITATION (IN)
  TODAY            0.00          0.32 1918   0.01  -0.01     0.00
  MONTH TO DATE    0.37                      0.28   0.09     0.44
  SINCE OCT 1      0.37                      0.28   0.09     0.44
  SINCE JAN 1      8.49                     10.16  -1.67    10.34

DEGREE DAYS
 HEATING
  TODAY           10                        22    -12       18
  MONTH TO DATE  402                       309     93      401
  SINCE SEP 1    744                       652     92      750
  SINCE JUL 1    827                       846    -19      923

 COOLING
  TODAY            0                         0      0        0
  MONTH TO DATE    0                         0      0        0
  SINCE SEP 1     24                         8     16        5
  SINCE JAN 1    250                       161     89      108
..................................................................


WIND (MPH)
  HIGHEST WIND SPEED    35   HIGHEST WIND DIRECTION    SW (240)
  HIGHEST GUST SPEED    43   HIGHEST GUST DIRECTION    SW (230)
  AVERAGE WIND SPEED    24.5


SKY COVER
  AVERAGE SKY COVER 0.0


WEATHER CONDITIONS
 THE FOLLOWING WEATHER WAS RECORDED TODAY.
  NO SIGNIFICANT WEATHER WAS OBSERVED.


RELATIVE HUMIDITY (PERCENT)
 HIGHEST    46          1200 AM
 LOWEST     21           100 PM
 AVERAGE    34

..........................................................


THE CUT BANK MT CLIMATE NORMALS FOR TOMORROW
                         NORMAL    RECORD    YEAR
 MAXIMUM TEMPERATURE (F)   55        77      1963
 MINIMUM TEMPERATURE (F)   30         3      1930


SUNRISE AND SUNSET
OCTOBER 16 2017.......SUNRISE   752 AM MDT   SUNSET   638 PM MDT
OCTOBER 17 2017.......SUNRISE   753 AM MDT   SUNSET   636 PM MDT


-  INDICATES NEGATIVE NUMBERS.
R  INDICATES RECORD WAS SET OR TIED.
MM INDICATES DATA IS MISSING.
T  INDICATES TRACE AMOUNT.




$$
