660
CDUS45 KTFX 251021
CLICTB


CLIMATE REPORT
NATIONAL WEATHER SERVICE GREAT FALLS MT
420 AM MDT THU AUG 25 2016


...................................

...THE CUT BANK MT CLIMATE SUMMARY FOR AUGUST 24 2016...

CLIMATE NORMAL PERIOD 1981 TO 2010
CLIMATE RECORD PERIOD 1903 TO 2016


WEATHER ITEM   OBSERVED TIME   RECORD YEAR NORMAL DEPARTURE LAST
                VALUE   (LST)  VALUE       VALUE  FROM      YEAR
                                                  NORMAL
..................................................................
TEMPERATURE (F)
 YESTERDAY
  MAXIMUM         67    526 PM 102    1930  77    -10       86
  MINIMUM         44   1015 PM  28    1992  47     -3       48
  AVERAGE         56                        62     -6       67

PRECIPITATION (IN)
  YESTERDAY        0.00          1.12 1987   0.04  -0.04     0.00
  MONTH TO DATE    1.17                      0.91   0.26     0.60
  SINCE OCT 1     10.56                      9.40   1.16     8.28
  SINCE JAN 1      8.64                      8.38   0.26     5.75

SNOWFALL (IN)
  YESTERDAY       MM
  SNOW DEPTH       0

DEGREE DAYS
 HEATING
  YESTERDAY        9                         4      5        0
  MONTH TO DATE   71                        69      2       74
  SINCE JUN 1    309                       388    -79      271
  SINCE JUL 1    145                       155    -10      141

 COOLING
  YESTERDAY        0                         1     -1        2
  MONTH TO DATE   25                        58    -33       72
  SINCE JUN 1     98                       145    -47      202
  SINCE JAN 1     98                       147    -49      202
..................................................................


WIND (MPH)
  HIGHEST WIND SPEED    21   HIGHEST WIND DIRECTION     N (340)
  HIGHEST GUST SPEED    27   HIGHEST GUST DIRECTION    NW (330)
  AVERAGE WIND SPEED    10.0


SKY COVER
  AVERAGE SKY COVER 0.6


WEATHER CONDITIONS
 THE FOLLOWING WEATHER WAS RECORDED YESTERDAY.
  NO SIGNIFICANT WEATHER WAS OBSERVED.


RELATIVE HUMIDITY (PERCENT)
 HIGHEST    86           500 AM
 LOWEST     34           500 PM
 AVERAGE    60

..........................................................


THE CUT BANK MT CLIMATE NORMALS FOR TODAY
                         NORMAL    RECORD    YEAR
 MAXIMUM TEMPERATURE (F)   77        95      1926
 MINIMUM TEMPERATURE (F)   46        25      1910


SUNRISE AND SUNSET
AUGUST 25 2016........SUNRISE   638 AM MDT   SUNSET   824 PM MDT
AUGUST 26 2016........SUNRISE   639 AM MDT   SUNSET   822 PM MDT


-  INDICATES NEGATIVE NUMBERS.
R  INDICATES RECORD WAS SET OR TIED.
MM INDICATES DATA IS MISSING.
T  INDICATES TRACE AMOUNT.




$$
