000
CDUS45 KTFX 301009
CLICTB


CLIMATE REPORT
NATIONAL WEATHER SERVICE GREAT FALLS MT
407 AM MDT THU OCT 30 2014


...................................

...THE CUT BANK MT CLIMATE SUMMARY FOR OCTOBER 29 2014...

CLIMATE NORMAL PERIOD 1981 TO 2010
CLIMATE RECORD PERIOD 1903 TO 2014


WEATHER ITEM   OBSERVED TIME   RECORD YEAR NORMAL DEPARTURE LAST
                VALUE   (LST)  VALUE       VALUE  FROM      YEAR
                                                  NORMAL
..................................................................
TEMPERATURE (F)
 YESTERDAY
  MAXIMUM         59   1235 PM  79    1912  49     10       22
  MINIMUM         36   1150 PM -14    1991  26     10       12
  AVERAGE         48                        38     10       17

PRECIPITATION (IN)
  YESTERDAY        0.00          0.52 1951   0.01  -0.01     0.00
  MONTH TO DATE    0.27                      0.42  -0.15     0.35
  SINCE OCT 1      0.27                      0.42  -0.15     0.35
  SINCE JAN 1     15.18                     10.30   4.88    14.05

SNOWFALL (IN)
  YESTERDAY       MM
  SNOW DEPTH       0

DEGREE DAYS
 HEATING
  YESTERDAY       17                        27    -10       48
  MONTH TO DATE  425                       632   -207      667
  SINCE SEP 1    739                       975   -236      890
  SINCE JUL 1    836                      1169   -333      962

 COOLING
  YESTERDAY        0                         0      0        0
  MONTH TO DATE    0                         0      0        0
  SINCE SEP 1     11                         8      3       31
  SINCE JAN 1    208                       161     47      226
..................................................................


WIND (MPH)
  HIGHEST WIND SPEED    35   HIGHEST WIND DIRECTION     W (260)
  HIGHEST GUST SPEED    40   HIGHEST GUST DIRECTION     W (250)
  AVERAGE WIND SPEED    19.3


SKY COVER
  AVERAGE SKY COVER 0.1


WEATHER CONDITIONS
 THE FOLLOWING WEATHER WAS RECORDED YESTERDAY.
  NO SIGNIFICANT WEATHER WAS OBSERVED.


RELATIVE HUMIDITY (PERCENT)
 HIGHEST    79          1100 PM
 LOWEST     39          1100 AM
 AVERAGE    59

..........................................................


THE CUT BANK MT CLIMATE NORMALS FOR TODAY
                         NORMAL    RECORD    YEAR
 MAXIMUM TEMPERATURE (F)   49        73      1983
 MINIMUM TEMPERATURE (F)   26       -14      1991


SUNRISE AND SUNSET
OCTOBER 30 2014.......SUNRISE   813 AM MDT   SUNSET   613 PM MDT
OCTOBER 31 2014.......SUNRISE   814 AM MDT   SUNSET   611 PM MDT


-  INDICATES NEGATIVE NUMBERS.
R  INDICATES RECORD WAS SET OR TIED.
MM INDICATES DATA IS MISSING.
T  INDICATES TRACE AMOUNT.




$$
