000
CDUS45 KTFX 260741
CLICTB


CLIMATE REPORT
NATIONAL WEATHER SERVICE GREAT FALLS MT
139 AM MDT THU MAR 26 2015


...................................

...THE CUT BANK MT CLIMATE SUMMARY FOR MARCH 25 2015...

CLIMATE NORMAL PERIOD 1981 TO 2010
CLIMATE RECORD PERIOD 1903 TO 2015


WEATHER ITEM   OBSERVED TIME   RECORD YEAR NORMAL DEPARTURE LAST
                VALUE   (LST)  VALUE       VALUE  FROM      YEAR
                                                  NORMAL
..................................................................
TEMPERATURE (F)
 YESTERDAY
  MAXIMUM         47    412 PM  66    1999  46      1       33
  MINIMUM         18    631 AM -19    1955  23     -5       15
  AVERAGE         33                        34     -1       24

PRECIPITATION (IN)
  YESTERDAY        T             0.31 1940   0.02  -0.02     0.00
  MONTH TO DATE    0.25                      0.39  -0.14     0.56
  SINCE OCT 1      3.67                      1.82   1.85     3.09
  SINCE JAN 1      1.14                      0.80   0.34     1.89

SNOWFALL (IN)
  YESTERDAY       MM
  SNOW DEPTH       T

DEGREE DAYS
 HEATING
  YESTERDAY       32                        31      1       41
  MONTH TO DATE  687                       865   -178      999
  SINCE MAR 1    687                       865   -178      999
  SINCE JUL 1   6349                      6925   -576     7205

 COOLING
  YESTERDAY        0                         0      0        0
  MONTH TO DATE    0                         0      0        0
  SINCE MAR 1      0                         0      0        0
  SINCE JAN 1      0                         0      0        0
..................................................................


WIND (MPH)
  HIGHEST WIND SPEED    35   HIGHEST WIND DIRECTION     W (250)
  HIGHEST GUST SPEED    40   HIGHEST GUST DIRECTION     W (250)
  AVERAGE WIND SPEED    15.4


SKY COVER
  AVERAGE SKY COVER 0.3


WEATHER CONDITIONS
 THE FOLLOWING WEATHER WAS RECORDED YESTERDAY.
  LIGHT SNOW
  FOG
  FOG W/VISIBILITY <= 1/4 MILE


RELATIVE HUMIDITY (PERCENT)
 HIGHEST   100           200 AM
 LOWEST     38           100 PM
 AVERAGE    69

..........................................................


THE CUT BANK MT CLIMATE NORMALS FOR TODAY
                         NORMAL    RECORD    YEAR
 MAXIMUM TEMPERATURE (F)   46        66      1960
 MINIMUM TEMPERATURE (F)   24       -30      1904


SUNRISE AND SUNSET
MARCH 26 2015.........SUNRISE   720 AM MDT   SUNSET   751 PM MDT
MARCH 27 2015.........SUNRISE   718 AM MDT   SUNSET   753 PM MDT


-  INDICATES NEGATIVE NUMBERS.
R  INDICATES RECORD WAS SET OR TIED.
MM INDICATES DATA IS MISSING.
T  INDICATES TRACE AMOUNT.




$$
