000
CDUS45 KTFX 280748
CLICTB


CLIMATE REPORT
NATIONAL WEATHER SERVICE GREAT FALLS MT
1246 AM MST TUE FEB 28 2017


...................................

...THE CUT BANK MT CLIMATE SUMMARY FOR FEBRUARY 27 2017...

CLIMATE NORMAL PERIOD 1981 TO 2010
CLIMATE RECORD PERIOD 1903 TO 2017


WEATHER ITEM   OBSERVED TIME   RECORD YEAR NORMAL DEPARTURE LAST
                VALUE   (LST)  VALUE       VALUE  FROM      YEAR
                                                  NORMAL
..................................................................
TEMPERATURE (F)
 YESTERDAY
  MAXIMUM         20    534 PM  71    1992  38    -18       56
  MINIMUM          3    716 AM -24    1960  15    -12       26
  AVERAGE         12                        26    -14       41

PRECIPITATION (IN)
  YESTERDAY        T             0.32 1989   0.01  -0.01     0.03
  MONTH TO DATE    0.16                      0.20  -0.04     0.04
  SINCE OCT 1      2.19                      1.42   0.77     2.40
  SINCE JAN 1      0.76                      0.40   0.36     0.48

SNOWFALL (IN)
  YESTERDAY       MM
  SNOW DEPTH       2

DEGREE DAYS
 HEATING
  YESTERDAY       53                        39     14       24
  MONTH TO DATE 1190                      1104     86      757
  SINCE DEC 1   4319                      3759    560     3370
  SINCE JUL 1   6297                      6022    275     5408

 COOLING
  YESTERDAY        0                         0      0        0
  MONTH TO DATE    0                         0      0        0
  SINCE DEC 1      0                         0      0        0
  SINCE JAN 1      0                         0      0        0
..................................................................


WIND (MPH)
  HIGHEST WIND SPEED    17   HIGHEST WIND DIRECTION     S (160)
  HIGHEST GUST SPEED    21   HIGHEST GUST DIRECTION    SE (150)
  AVERAGE WIND SPEED     7.4


SKY COVER
  AVERAGE SKY COVER 0.5


WEATHER CONDITIONS
 THE FOLLOWING WEATHER WAS RECORDED YESTERDAY.
  LIGHT SNOW
  FOG
  HAZE


RELATIVE HUMIDITY (PERCENT)
 HIGHEST    96           800 AM
 LOWEST     73           300 PM
 AVERAGE    85

..........................................................


THE CUT BANK MT CLIMATE NORMALS FOR TODAY
                         NORMAL    RECORD    YEAR
 MAXIMUM TEMPERATURE (F)   38        66      1992
 MINIMUM TEMPERATURE (F)   15       -25      1911


SUNRISE AND SUNSET
FEBRUARY 28 2017......SUNRISE   712 AM MST   SUNSET   612 PM MST
MARCH  1 2017.........SUNRISE   710 AM MST   SUNSET   614 PM MST


-  INDICATES NEGATIVE NUMBERS.
R  INDICATES RECORD WAS SET OR TIED.
MM INDICATES DATA IS MISSING.
T  INDICATES TRACE AMOUNT.




$$
