000
CDUS45 KTFX 230945
CLICTB


CLIMATE REPORT
NATIONAL WEATHER SERVICE GREAT FALLS MT
344 AM MDT TUE MAY 23 2017


...................................

...THE CUT BANK MT CLIMATE SUMMARY FOR MAY 22 2017...

CLIMATE NORMAL PERIOD 1981 TO 2010
CLIMATE RECORD PERIOD 1903 TO 2017


WEATHER ITEM   OBSERVED TIME   RECORD YEAR NORMAL DEPARTURE LAST
                VALUE   (LST)  VALUE       VALUE  FROM      YEAR
                                                  NORMAL
..................................................................
TEMPERATURE (F)
 YESTERDAY
  MAXIMUM         74    442 PM  83    2006  64     10       51
                                      1988
  MINIMUM         42    214 AM  25    1995  39      3       35
  AVERAGE         58                        52      6       43

PRECIPITATION (IN)
  YESTERDAY        0.00          0.95 1968   0.07  -0.07     0.06
  MONTH TO DATE    0.70                      1.18  -0.48     1.81
  SINCE OCT 1      6.19                      3.89   2.30     6.39
  SINCE JAN 1      4.76                      2.87   1.89     4.47

SNOWFALL (IN)
  YESTERDAY       MM
  SNOW DEPTH       0

DEGREE DAYS
 HEATING
  YESTERDAY        7                        13     -6       22
  MONTH TO DATE  309                       361    -52      351
  SINCE MAR 1   2017                      2121   -104     1766
  SINCE JUL 1   8368                      8181    187     7231

 COOLING
  YESTERDAY        0                         0      0        0
  MONTH TO DATE    0                         0      0        0
  SINCE MAR 1      0                         0      0        0
  SINCE JAN 1      0                         0      0        0
..................................................................


WIND (MPH)
  HIGHEST WIND SPEED    15   HIGHEST WIND DIRECTION     W (280)
  HIGHEST GUST SPEED    19   HIGHEST GUST DIRECTION     N (20)
  AVERAGE WIND SPEED     6.9


SKY COVER
  AVERAGE SKY COVER 0.3


WEATHER CONDITIONS
 THE FOLLOWING WEATHER WAS RECORDED YESTERDAY.
  NO SIGNIFICANT WEATHER WAS OBSERVED.


RELATIVE HUMIDITY (PERCENT)
 HIGHEST    76           100 AM
 LOWEST     23           500 PM
 AVERAGE    50

..........................................................


THE CUT BANK MT CLIMATE NORMALS FOR TODAY
                         NORMAL    RECORD    YEAR
 MAXIMUM TEMPERATURE (F)   65        86      2001
                                             1941
 MINIMUM TEMPERATURE (F)   40        25      1960


SUNRISE AND SUNSET
MAY 23 2017...........SUNRISE   539 AM MDT   SUNSET   914 PM MDT
MAY 24 2017...........SUNRISE   538 AM MDT   SUNSET   916 PM MDT


-  INDICATES NEGATIVE NUMBERS.
R  INDICATES RECORD WAS SET OR TIED.
MM INDICATES DATA IS MISSING.
T  INDICATES TRACE AMOUNT.




$$
