405
CDUS42 KTAE 232232
CLICTY


CLIMATE REPORT
NATIONAL WEATHER SERVICE TALLAHASSEE FL
531 PM EST FRI FEB 23 2018


...................................

...THE CROSS CITY  CLIMATE SUMMARY FOR FEBRUARY 23 2018...
VALID TODAY AS OF 0500 PM LOCAL TIME.

CLIMATE NORMAL PERIOD 1981 TO 2010
CLIMATE RECORD PERIOD 1948 TO 2018


WEATHER ITEM   OBSERVED TIME   NORMAL DEPARTURE LAST
                VALUE   (LST)  VALUE  FROM      YEAR
                                      NORMAL
......................................................
TEMPERATURE (F)
 TODAY
  MAXIMUM         84    400 PM  72     12       79
  MINIMUM         57        MM  45     12       61
  AVERAGE         71            58     13

PRECIPITATION (IN)
  TODAY            0.00          0.16  -0.16     0.05
  MONTH TO DATE    2.83          2.47   0.36     1.12
  SINCE DEC 1     10.86          9.03   1.83     6.42
  SINCE JAN 1      7.61          6.51   1.10     2.55

DEGREE DAYS
 HEATING
  TODAY            0
  MONTH TO DATE   48
  SINCE DEC 1    796
  SINCE JUL 1    949

 COOLING
  TODAY            6
  MONTH TO DATE   75
  SINCE DEC 1    112
  SINCE JAN 1     85
......................................................


WIND (MPH)
  RESULTANT WIND SPEED   2   RESULTANT WIND DIRECTION  SE (150)
  HIGHEST WIND SPEED     9   HIGHEST WIND DIRECTION    SW (240)
  HIGHEST GUST SPEED    MM   HIGHEST GUST DIRECTION    MM
  AVERAGE WIND SPEED     4.7



WEATHER CONDITIONS
 THE FOLLOWING WEATHER WAS RECORDED TODAY.
  FOG
  FOG W/VISIBILITY <= 1/4 MILE
  HAZE


RELATIVE HUMIDITY (PERCENT)
 HIGHEST   100
 LOWEST     44
 AVERAGE    72

..........................................................


THE CROSS CITY  CLIMATE NORMALS FOR TOMORROW
                         NORMAL
 MAXIMUM TEMPERATURE (F)   72
 MINIMUM TEMPERATURE (F)   45



-  INDICATES NEGATIVE NUMBERS.
R  INDICATES RECORD WAS SET OR TIED.
MM INDICATES DATA IS MISSING.
T  INDICATES TRACE AMOUNT.




$$
