000
CDUS42 KTAE 300631
CLICTY


CLIMATE REPORT
NATIONAL WEATHER SERVICE TALLAHASSEE FL
231 AM EDT FRI SEP 30 2016


...................................

...THE CROSS CITY  CLIMATE SUMMARY FOR SEPTEMBER 29 2016...

CLIMATE NORMAL PERIOD 1981 TO 2010
CLIMATE RECORD PERIOD 1948 TO 2016


WEATHER ITEM   OBSERVED TIME   NORMAL DEPARTURE LAST
                VALUE   (LST)  VALUE  FROM      YEAR
                                      NORMAL
......................................................
TEMPERATURE (F)
 YESTERDAY
  MAXIMUM         90    300 PM  86      4       90
  MINIMUM         72    100 AM  65      7       75
  AVERAGE         81            76      5

PRECIPITATION (IN)
  YESTERDAY        0.00          0.11  -0.11     0.03
  MONTH TO DATE   15.07          4.35  10.72     8.09
  SINCE SEP 1     15.07          4.35  10.72     8.09
  SINCE JAN 1     59.42         39.72  19.70    62.33

DEGREE DAYS
 HEATING
  YESTERDAY        0             0      0
  MONTH TO DATE    0             0      0
  SINCE SEP 1      0             0      0
  SINCE JUL 1      0             0      0

 COOLING
  YESTERDAY       16            11      5
  MONTH TO DATE  457           391     66
  SINCE SEP 1    457           391     66
  SINCE JAN 1   2771          2329    442
......................................................


WIND (MPH)
  RESULTANT WIND SPEED   3   RESULTANT WIND DIRECTION  SW (240)
  HIGHEST WIND SPEED    12   HIGHEST WIND DIRECTION     W (260)
  HIGHEST GUST SPEED    MM   HIGHEST GUST DIRECTION    MM
  AVERAGE WIND SPEED     3.5



WEATHER CONDITIONS
 THE FOLLOWING WEATHER WAS RECORDED YESTERDAY.
  THUNDERSTORM
  RAIN
  LIGHT RAIN
  FOG


RELATIVE HUMIDITY (PERCENT)
 HIGHEST   100
 LOWEST     56

..........................................................




SUNRISE AND SUNSET
SEPTEMBER 30 2016.....SUNRISE   725 AM EDT   SUNSET   719 PM EDT
OCTOBER  1 2016.......SUNRISE   726 AM EDT   SUNSET   717 PM EDT


-  INDICATES NEGATIVE NUMBERS.
R  INDICATES RECORD WAS SET OR TIED.
MM INDICATES DATA IS MISSING.
T  INDICATES TRACE AMOUNT.




$$
