000
CDUS42 KTAE 210637
CLICTY


CLIMATE REPORT
NATIONAL WEATHER SERVICE TALLAHASSEE FL
237 AM EDT SUN SEP 21 2014


...................................

...THE CROSS CITY (AWOS) CLIMATE SUMMARY FOR SEPTEMBER 20 2014...

CLIMATE NORMAL PERIOD 1981 TO 2010
CLIMATE RECORD PERIOD 1948 TO 2014


WEATHER ITEM   OBSERVED TIME   NORMAL DEPARTURE LAST
                VALUE   (LST)  VALUE  FROM      YEAR
                                      NORMAL
......................................................
TEMPERATURE (F)
 YESTERDAY
  MAXIMUM         87    124 PM  88     -1
  MINIMUM         68   1159 PM  68      0
  AVERAGE         78            78      0

PRECIPITATION (IN)
  YESTERDAY        0.25          0.12   0.13     0.02
  MONTH TO DATE   10.31          3.34   6.97     0.78
  SINCE SEP 1     10.31          3.34   6.97     0.78
  SINCE JAN 1     50.69         38.71  11.98    53.56

DEGREE DAYS
 HEATING
  YESTERDAY        0             0      0
  MONTH TO DATE    0             0      0
  SINCE SEP 1      0             0      0
  SINCE JUL 1      0             0      0

 COOLING
  YESTERDAY       13            13      0
  MONTH TO DATE  305           286     19
  SINCE SEP 1    305           286     19
  SINCE JAN 1   2367          2224    143
......................................................


WIND (MPH)
  RESULTANT WIND SPEED   4   RESULTANT WIND DIRECTION  NE (40)
  HIGHEST WIND SPEED    15   HIGHEST WIND DIRECTION    NE (60)
  HIGHEST GUST SPEED    20   HIGHEST GUST DIRECTION     E (70)
  AVERAGE WIND SPEED     3.8



WEATHER CONDITIONS
 THE FOLLOWING WEATHER WAS RECORDED YESTERDAY.
  NO SIGNIFICANT WEATHER WAS OBSERVED.


RELATIVE HUMIDITY (PERCENT)
 HIGHEST    97
 LOWEST     61

..........................................................




SUNRISE AND SUNSET
SEPTEMBER 21 2014.....SUNRISE   720 AM EDT   SUNSET   730 PM EDT
SEPTEMBER 22 2014.....SUNRISE   721 AM EDT   SUNSET   729 PM EDT


-  INDICATES NEGATIVE NUMBERS.
R  INDICATES RECORD WAS SET OR TIED.
MM INDICATES DATA IS MISSING.
T  INDICATES TRACE AMOUNT.




$$
