000
CDUS42 KTAE 230638
CLICTY


CLIMATE REPORT
NATIONAL WEATHER SERVICE TALLAHASSEE FL
138 AM EST THU NOV 23 2017


...................................

...THE CROSS CITY  CLIMATE SUMMARY FOR NOVEMBER 22 2017...

CLIMATE NORMAL PERIOD 1981 TO 2010
CLIMATE RECORD PERIOD 1948 TO 2017


WEATHER ITEM   OBSERVED TIME   NORMAL DEPARTURE LAST
                VALUE   (LST)  VALUE  FROM      YEAR
                                      NORMAL
......................................................
TEMPERATURE (F)
 YESTERDAY
  MAXIMUM         78        MM  74      4       73
  MINIMUM         54        MM  48      6       30
  AVERAGE         66            61      5

PRECIPITATION (IN)
  YESTERDAY        0.02          0.10  -0.08     0.00
  MONTH TO DATE    0.28          1.81  -1.53     0.00
  SINCE SEP 1      6.68          9.67  -2.99    15.25
  SINCE JAN 1     53.13         45.04   8.09    59.60

DEGREE DAYS
 HEATING
  YESTERDAY        0             6     -6
  MONTH TO DATE   70            85    -15
  SINCE SEP 1    121           117      4
  SINCE JUL 1    121           117      4

 COOLING
  YESTERDAY        1             1      0
  MONTH TO DATE   44            50     -6
  SINCE SEP 1    768           655    113
  SINCE JAN 1   2886          2593    293
......................................................


WIND (MPH)
  RESULTANT WIND SPEED   4   RESULTANT WIND DIRECTION  NE (50)
  HIGHEST WIND SPEED     8   HIGHEST WIND DIRECTION    NE (40)
  HIGHEST GUST SPEED    MM   HIGHEST GUST DIRECTION    MM
  AVERAGE WIND SPEED     4.2



WEATHER CONDITIONS
 THE FOLLOWING WEATHER WAS RECORDED YESTERDAY.
  LIGHT RAIN
  FOG
  FOG W/VISIBILITY <= 1/4 MILE
  HAZE


RELATIVE HUMIDITY (PERCENT)
 HIGHEST    MM
 LOWEST     56

..........................................................




SUNRISE AND SUNSET
NOVEMBER 23 2017......SUNRISE   704 AM EST   SUNSET   534 PM EST
NOVEMBER 24 2017......SUNRISE   704 AM EST   SUNSET   534 PM EST


-  INDICATES NEGATIVE NUMBERS.
R  INDICATES RECORD WAS SET OR TIED.
MM INDICATES DATA IS MISSING.
T  INDICATES TRACE AMOUNT.




$$
