000
CDUS42 KTAE 300653
CLICTY


CLIMATE REPORT
NATIONAL WEATHER SERVICE TALLAHASSEE FL
249 AM EDT THU OCT 30 2014


...................................

...THE CROSS CITY (AWOS) CLIMATE SUMMARY FOR OCTOBER 29 2014...

CLIMATE NORMAL PERIOD 1981 TO 2010
CLIMATE RECORD PERIOD 1948 TO 2014


WEATHER ITEM   OBSERVED TIME   NORMAL DEPARTURE LAST
                VALUE   (LST)  VALUE  FROM      YEAR
                                      NORMAL
......................................................
TEMPERATURE (F)
 YESTERDAY
  MAXIMUM         85    344 PM  80      5
  MINIMUM         55    707 AM  53      2
  AVERAGE         70            67      3

PRECIPITATION (IN)
  YESTERDAY        0.00          0.09  -0.09     0.00
  MONTH TO DATE    1.76          3.23  -1.47     1.23
  SINCE SEP 1     14.43          7.69   6.74     6.39
  SINCE JAN 1     54.81         43.06  11.75    59.17

DEGREE DAYS
 HEATING
  YESTERDAY        0             2     -2
  MONTH TO DATE   15            27    -12
  SINCE SEP 1     15            27    -12
  SINCE JUL 1     15            27    -12

 COOLING
  YESTERDAY        5             4      1
  MONTH TO DATE  188           193     -5
  SINCE SEP 1    615           597     18
  SINCE JAN 1   2677          2535    142
......................................................


WIND (MPH)
  RESULTANT WIND SPEED   1   RESULTANT WIND DIRECTION  SW (240)
  HIGHEST WIND SPEED    12   HIGHEST WIND DIRECTION     W (290)
  HIGHEST GUST SPEED    15   HIGHEST GUST DIRECTION    SW (240)
  AVERAGE WIND SPEED     2.2



WEATHER CONDITIONS
 THE FOLLOWING WEATHER WAS RECORDED YESTERDAY.
  NO SIGNIFICANT WEATHER WAS OBSERVED.


RELATIVE HUMIDITY (PERCENT)
 HIGHEST    97
 LOWEST     32

..........................................................




SUNRISE AND SUNSET
OCTOBER 30 2014.......SUNRISE   744 AM EDT   SUNSET   647 PM EDT
OCTOBER 31 2014.......SUNRISE   745 AM EDT   SUNSET   647 PM EDT


-  INDICATES NEGATIVE NUMBERS.
R  INDICATES RECORD WAS SET OR TIED.
MM INDICATES DATA IS MISSING.
T  INDICATES TRACE AMOUNT.




$$
