715
CDUS42 KTAE 090633
CLICTY


CLIMATE REPORT
NATIONAL WEATHER SERVICE TALLAHASSEE FL
131 AM EST FRI DEC 9 2016

...................................

...THE CROSS CITY  CLIMATE SUMMARY FOR DECEMBER 8 2016...

CLIMATE NORMAL PERIOD 1981 TO 2010
CLIMATE RECORD PERIOD 1948 TO 2016


WEATHER ITEM   OBSERVED TIME   NORMAL DEPARTURE LAST
                VALUE   (LST)  VALUE  FROM      YEAR
                                      NORMAL
......................................................
TEMPERATURE (F)
 YESTERDAY
  MAXIMUM         70    200 PM  68      2       73
  MINIMUM         45    500 AM  45      0       40
  AVERAGE         58            56      2

PRECIPITATION (IN)
  YESTERDAY        0.00          0.10  -0.10     0.00
  MONTH TO DATE    3.09          0.75   2.34     0.26
  SINCE DEC 1      3.09          0.75   2.34     0.26
  SINCE JAN 1     62.69         46.59  16.10    65.88

DEGREE DAYS
 HEATING
  YESTERDAY        7             9     -2
  MONTH TO DATE   36            68    -32
  SINCE DEC 1     36            68    -32
  SINCE JUL 1    161           236    -75

 COOLING
  YESTERDAY        0             1     -1
  MONTH TO DATE   12             8      4
  SINCE DEC 1     12             8      4
  SINCE JAN 1   3033          2610    423
......................................................


WIND (MPH)
  RESULTANT WIND SPEED   4   RESULTANT WIND DIRECTION   N (0)
  HIGHEST WIND SPEED    12   HIGHEST WIND DIRECTION     N (360)
  HIGHEST GUST SPEED    18   HIGHEST GUST DIRECTION     N (360)
  AVERAGE WIND SPEED     5.0



WEATHER CONDITIONS
 THE FOLLOWING WEATHER WAS RECORDED YESTERDAY.
  FOG


RELATIVE HUMIDITY (PERCENT)
 HIGHEST   100
 LOWEST     52

..........................................................



SUNRISE AND SUNSET
DECEMBER  9 2016......SUNRISE   716 AM EST   SUNSET   534 PM EST
DECEMBER 10 2016......SUNRISE   717 AM EST   SUNSET   534 PM EST


-  INDICATES NEGATIVE NUMBERS.
R  INDICATES RECORD WAS SET OR TIED.
MM INDICATES DATA IS MISSING.
T  INDICATES TRACE AMOUNT.

$$
