000
CDUS42 KCAE 210527
CLICUB


CLIMATE REPORT
NATIONAL WEATHER SERVICE COLUMBIA SC
127 AM EDT MON APR 21 2014


...................................

...THE HAMILTON - OWENS AIRPORT SC CLIMATE SUMMARY FOR APRIL 20 2014...

CLIMATE NORMAL PERIOD 1981 TO 2010
CLIMATE RECORD PERIOD 9999 TO 9999


WEATHER ITEM   OBSERVED TIME   RECORD YEAR NORMAL DEPARTURE LAST
                VALUE   (LST)  VALUE       VALUE  FROM      YEAR
                                                  NORMAL
..................................................................
TEMPERATURE (F)
 YESTERDAY
  MAXIMUM         71    338 PM  MM      MM  78     -7       68
  MINIMUM         50    158 AM  MM      MM  53     -3       49
  AVERAGE         61                        65     -4       59

PRECIPITATION (IN)
  YESTERDAY        0.02         MM      MM   0.10  -0.08     0.00
  MONTH TO DATE    2.69                      1.89   0.80     2.35
  SINCE MAR 1      6.58                      5.77   0.81     6.23
  SINCE JAN 1     12.96                     13.05  -0.09    12.86

DEGREE DAYS
 HEATING
  YESTERDAY        4                         3      1        6
  MONTH TO DATE   76                        80     -4       64
  SINCE MAR 1    468                       354    114      497
  SINCE JUL 1   2460                      2283    177     2155

 COOLING
  YESTERDAY        0                         3     -3        0
  MONTH TO DATE   39                        47     -8       65
  SINCE MAR 1     41                        62    -21       76
  SINCE JAN 1     47                        65    -18      100
..................................................................


WIND (MPH)
  HIGHEST WIND SPEED    14   HIGHEST WIND DIRECTION    NE (30)
  HIGHEST GUST SPEED    23   HIGHEST GUST DIRECTION    NE (30)
  AVERAGE WIND SPEED     4.8


SKY COVER
  AVERAGE SKY COVER 0.9


WEATHER CONDITIONS
 THE FOLLOWING WEATHER WAS RECORDED YESTERDAY.
  LIGHT RAIN
  FOG


RELATIVE HUMIDITY (PERCENT)
 HIGHEST    86           100 AM
 LOWEST     32          1100 AM

..........................................................


THE HAMILTON - OWENS AIRPORT SC CLIMATE NORMALS FOR TODAY
                         NORMAL    RECORD    YEAR
 MAXIMUM TEMPERATURE (F)   78        MM        MM
 MINIMUM TEMPERATURE (F)   54        MM        MM


SUNRISE AND SUNSET
APRIL 21 2014.........SUNRISE   646 AM EDT   SUNSET   800 PM EDT
APRIL 22 2014.........SUNRISE   645 AM EDT   SUNSET   801 PM EDT


-  INDICATES NEGATIVE NUMBERS.
R  INDICATES RECORD WAS SET OR TIED.
MM INDICATES DATA IS MISSING.
T  INDICATES TRACE AMOUNT.




$$
