000
CDUS42 KCAE 290603
CLICUB


CLIMATE REPORT
NATIONAL WEATHER SERVICE COLUMBIA SC
203 AM EDT THU SEP 29 2016


...................................

...THE HAMILTON - OWENS AIRPORT SC CLIMATE SUMMARY FOR SEPTEMBER 28 2016...

CLIMATE NORMAL PERIOD 1981 TO 2010
CLIMATE RECORD PERIOD 9999 TO 9999


WEATHER ITEM   OBSERVED TIME   NORMAL DEPARTURE LAST
                VALUE   (LST)  VALUE  FROM      YEAR
                                      NORMAL
......................................................
TEMPERATURE (F)
 YESTERDAY
  MAXIMUM         91   1251 PM  82      9       79
  MINIMUM         71    610 AM  62      9       72
  AVERAGE         81            72      9       76

PRECIPITATION (IN)
  YESTERDAY        T             0.13  -0.13     0.03
  MONTH TO DATE    5.56          3.80   1.76     6.06
  SINCE SEP 1      5.56          3.80   1.76     6.06
  SINCE JAN 1     33.29         35.65  -2.36    38.34

DEGREE DAYS
 HEATING
  YESTERDAY        0             0      0        0
  MONTH TO DATE    0             0      0        0
  SINCE SEP 1      0             0      0        0
  SINCE JUL 1      0             0      0        0

 COOLING
  YESTERDAY       16             7      9       11
  MONTH TO DATE  418           315    103      323
  SINCE SEP 1    418           315    103      323
  SINCE JAN 1   2652          2133    519     2474
......................................................


WIND (MPH)
  HIGHEST WIND SPEED    15   HIGHEST WIND DIRECTION    SW (220)
  HIGHEST GUST SPEED    21   HIGHEST GUST DIRECTION     S (200)
  AVERAGE WIND SPEED     5.3


SKY COVER
  AVERAGE SKY COVER 0.3


WEATHER CONDITIONS
 THE FOLLOWING WEATHER WAS RECORDED YESTERDAY.
  THUNDERSTORM
  LIGHT RAIN


RELATIVE HUMIDITY (PERCENT)
 HIGHEST    90           600 AM
 LOWEST     50           100 PM

..........................................................


THE HAMILTON - OWENS AIRPORT SC CLIMATE NORMALS FOR TODAY
                         NORMAL    RECORD    YEAR
 MAXIMUM TEMPERATURE (F)   82        MM        MM
 MINIMUM TEMPERATURE (F)   62        MM        MM


SUNRISE AND SUNSET
SEPTEMBER 29 2016.....SUNRISE   717 AM EDT   SUNSET   710 PM EDT
SEPTEMBER 30 2016.....SUNRISE   718 AM EDT   SUNSET   709 PM EDT


-  INDICATES NEGATIVE NUMBERS.
R  INDICATES RECORD WAS SET OR TIED.
MM INDICATES DATA IS MISSING.
T  INDICATES TRACE AMOUNT.




$$
