000
CDUS42 KCAE 170734
CLICUB


CLIMATE REPORT
NATIONAL WEATHER SERVICE COLUMBIA SC
334 AM EDT WED SEP 17 2014


...................................

...THE HAMILTON - OWENS AIRPORT SC CLIMATE SUMMARY FOR SEPTEMBER 16 2014...

CLIMATE NORMAL PERIOD 1981 TO 2010
CLIMATE RECORD PERIOD 9999 TO 9999


WEATHER ITEM   OBSERVED TIME   RECORD YEAR NORMAL DEPARTURE LAST
                VALUE   (LST)  VALUE       VALUE  FROM      YEAR
                                                  NORMAL
..................................................................
TEMPERATURE (F)
 YESTERDAY
  MAXIMUM         90    418 PM  MM      MM  86      4       91
  MINIMUM         73   1159 PM  MM      MM  66      7       71
  AVERAGE         82                        76      6       81

PRECIPITATION (IN)
  YESTERDAY        0.09         MM      MM   0.15  -0.06     0.78
  MONTH TO DATE    3.24                      2.28   0.96     0.80
  SINCE SEP 1      3.24                      2.28   0.96     0.80
  SINCE JAN 1     32.90                     34.13  -1.23    43.69

DEGREE DAYS
 HEATING
  YESTERDAY        0                         0      0        0
  MONTH TO DATE    0                         0      0        0
  SINCE SEP 1      0                         0      0        0
  SINCE JUL 1      0                         0      0        0

 COOLING
  YESTERDAY       17                        11      6       16
  MONTH TO DATE  251                       205     46      255
  SINCE SEP 1    251                       205     46      255
  SINCE JAN 1   2178                      2023    155     1983
..................................................................


WIND (MPH)
  HIGHEST WIND SPEED     9   HIGHEST WIND DIRECTION     S (160)
  HIGHEST GUST SPEED    17   HIGHEST GUST DIRECTION     S (180)
  AVERAGE WIND SPEED     1.6


SKY COVER
  AVERAGE SKY COVER 0.6


WEATHER CONDITIONS
 THE FOLLOWING WEATHER WAS RECORDED YESTERDAY.
  HEAVY RAIN
  RAIN
  LIGHT RAIN
  FOG
  HAZE


RELATIVE HUMIDITY (PERCENT)
 HIGHEST    93           300 AM
 LOWEST     47           400 PM

..........................................................


THE HAMILTON - OWENS AIRPORT SC CLIMATE NORMALS FOR TODAY
                         NORMAL    RECORD    YEAR
 MAXIMUM TEMPERATURE (F)   86        MM        MM
 MINIMUM TEMPERATURE (F)   66        MM        MM


SUNRISE AND SUNSET
SEPTEMBER 17 2014.....SUNRISE   709 AM EDT   SUNSET   728 PM EDT
SEPTEMBER 18 2014.....SUNRISE   709 AM EDT   SUNSET   726 PM EDT


-  INDICATES NEGATIVE NUMBERS.
R  INDICATES RECORD WAS SET OR TIED.
MM INDICATES DATA IS MISSING.
T  INDICATES TRACE AMOUNT.




$$
