000
CDUS42 KCAE 220528
CLICUB


CLIMATE REPORT
NATIONAL WEATHER SERVICE COLUMBIA SC
127 AM EDT MON MAY 22 2017


...................................

...THE HAMILTON - OWENS AIRPORT SC CLIMATE SUMMARY FOR MAY 21 2017...

CLIMATE NORMAL PERIOD 1981 TO 2010
CLIMATE RECORD PERIOD 9999 TO 9999


WEATHER ITEM   OBSERVED TIME   NORMAL DEPARTURE LAST
                VALUE   (LST)  VALUE  FROM      YEAR
                                      NORMAL
......................................................
TEMPERATURE (F)
 YESTERDAY
  MAXIMUM         87   1240 PM  85      2       84
  MINIMUM         72    253 AM  62     10       63
  AVERAGE         80            74      6       74

PRECIPITATION (IN)
  YESTERDAY        0.16          0.11   0.05     0.44
  MONTH TO DATE    2.65          1.85   0.80     3.88
  SINCE MAR 1     10.77          8.42   2.35     8.43
  SINCE JAN 1     18.47         15.70   2.77    13.35

DEGREE DAYS
 HEATING
  YESTERDAY        0             0      0        0
  MONTH TO DATE   10            11     -1        6
  SINCE MAR 1    309           383    -74      217
  SINCE JUL 1   1573          2312   -739     1717

 COOLING
  YESTERDAY       15             9      6        9
  MONTH TO DATE  178           137     41      152
  SINCE MAR 1    404           233    171      337
  SINCE JAN 1    422           236    186      340
......................................................


WIND (MPH)
  HIGHEST WIND SPEED    12   HIGHEST WIND DIRECTION     S (180)
  HIGHEST GUST SPEED    16   HIGHEST GUST DIRECTION    SE (120)
  AVERAGE WIND SPEED     5.0


SKY COVER
  AVERAGE SKY COVER 0.5


WEATHER CONDITIONS
 THE FOLLOWING WEATHER WAS RECORDED YESTERDAY.
  HEAVY RAIN
  RAIN
  LIGHT RAIN
  FOG


RELATIVE HUMIDITY (PERCENT)
 HIGHEST    93           200 AM
 LOWEST     51           100 PM

..........................................................


THE HAMILTON - OWENS AIRPORT SC CLIMATE NORMALS FOR TODAY
                         NORMAL    RECORD    YEAR
 MAXIMUM TEMPERATURE (F)   85        MM        MM
 MINIMUM TEMPERATURE (F)   62        MM        MM


SUNRISE AND SUNSET
MAY 22 2017...........SUNRISE   618 AM EDT   SUNSET   824 PM EDT
MAY 23 2017...........SUNRISE   617 AM EDT   SUNSET   824 PM EDT


-  INDICATES NEGATIVE NUMBERS.
R  INDICATES RECORD WAS SET OR TIED.
MM INDICATES DATA IS MISSING.
T  INDICATES TRACE AMOUNT.




$$
