000
CDUS42 KCAE 290643
CLICUB


CLIMATE REPORT
NATIONAL WEATHER SERVICE COLUMBIA SC
243 AM EDT WED MAR 29 2017


...................................

...THE HAMILTON - OWENS AIRPORT SC CLIMATE SUMMARY FOR MARCH 28 2017...

CLIMATE NORMAL PERIOD 1981 TO 2010
CLIMATE RECORD PERIOD 9999 TO 9999


WEATHER ITEM   OBSERVED TIME   NORMAL DEPARTURE LAST
                VALUE   (LST)  VALUE  FROM      YEAR
                                      NORMAL
......................................................
TEMPERATURE (F)
 YESTERDAY
  MAXIMUM         84    328 PM  72     12       82
  MINIMUM         62    705 AM  48     14       56
  AVERAGE         73            60     13       69

PRECIPITATION (IN)
  YESTERDAY        0.00          0.13  -0.13     0.08
  MONTH TO DATE    2.22          3.51  -1.29     2.09
  SINCE MAR 1      2.22          3.51  -1.29     2.09
  SINCE JAN 1      9.92         10.79  -0.87     7.01

DEGREE DAYS
 HEATING
  YESTERDAY        0             6     -6        0
  MONTH TO DATE  269           257     12      130
  SINCE MAR 1    269           257     12      130
  SINCE JUL 1   1533          2186   -653     1630

 COOLING
  YESTERDAY        8             1      7        4
  MONTH TO DATE   31             8     23       70
  SINCE MAR 1     31             8     23       70
  SINCE JAN 1     49            11     38       73
......................................................


WIND (MPH)
  HIGHEST WIND SPEED    17   HIGHEST WIND DIRECTION     W (270)
  HIGHEST GUST SPEED    21   HIGHEST GUST DIRECTION     W (260)
  AVERAGE WIND SPEED     5.6


SKY COVER
  AVERAGE SKY COVER 0.3


WEATHER CONDITIONS
 THE FOLLOWING WEATHER WAS RECORDED YESTERDAY.
  THUNDERSTORM


RELATIVE HUMIDITY (PERCENT)
 HIGHEST    84           600 AM
 LOWEST     40           100 PM

..........................................................


THE HAMILTON - OWENS AIRPORT SC CLIMATE NORMALS FOR TODAY
                         NORMAL    RECORD    YEAR
 MAXIMUM TEMPERATURE (F)   72        MM        MM
 MINIMUM TEMPERATURE (F)   48        MM        MM


SUNRISE AND SUNSET
MARCH 29 2017.........SUNRISE   715 AM EDT   SUNSET   743 PM EDT
MARCH 30 2017.........SUNRISE   714 AM EDT   SUNSET   743 PM EDT


-  INDICATES NEGATIVE NUMBERS.
R  INDICATES RECORD WAS SET OR TIED.
MM INDICATES DATA IS MISSING.
T  INDICATES TRACE AMOUNT.




$$
