000
CDUS42 KCAE 200636
CLICUB


CLIMATE REPORT
NATIONAL WEATHER SERVICE COLUMBIA SC
235 AM EDT WED AUG 20 2014


...................................

...THE HAMILTON - OWENS AIRPORT SC CLIMATE SUMMARY FOR AUGUST 19 2014...

CLIMATE NORMAL PERIOD 1981 TO 2010
CLIMATE RECORD PERIOD 9999 TO 9999


WEATHER ITEM   OBSERVED TIME   RECORD YEAR NORMAL DEPARTURE LAST
                VALUE   (LST)  VALUE       VALUE  FROM      YEAR
                                                  NORMAL
..................................................................
TEMPERATURE (F)
 YESTERDAY
  MAXIMUM         91    526 PM  MM      MM  91      0       79
  MINIMUM         74    643 AM  MM      MM  71      3       72
  AVERAGE         83                        81      2       76

PRECIPITATION (IN)
  YESTERDAY        T            MM      MM   0.16  -0.16     0.83
  MONTH TO DATE    4.47                      3.20   1.27     6.74
  SINCE JUN 1     10.95                     13.29  -2.34    24.54
  SINCE JAN 1     28.91                     30.11  -1.20    41.64

DEGREE DAYS
 HEATING
  YESTERDAY        0                         0      0        0
  MONTH TO DATE    0                         0      0        0
  SINCE JUN 1      0                         0      0        0
  SINCE JUL 1      0                         0      0        0

 COOLING
  YESTERDAY       18                        16      2       11
  MONTH TO DATE  299                       319    -20      283
  SINCE JUN 1   1317                      1299     18     1240
  SINCE JAN 1   1710                      1635     75     1550
..................................................................


WIND (MPH)
  HIGHEST WIND SPEED    15   HIGHEST WIND DIRECTION     W (260)
  HIGHEST GUST SPEED    20   HIGHEST GUST DIRECTION     W (270)
  AVERAGE WIND SPEED     5.8


SKY COVER
  AVERAGE SKY COVER 0.2


WEATHER CONDITIONS
 THE FOLLOWING WEATHER WAS RECORDED YESTERDAY.
  LIGHT RAIN


RELATIVE HUMIDITY (PERCENT)
 HIGHEST    84           600 AM
 LOWEST     49           400 PM

..........................................................


THE HAMILTON - OWENS AIRPORT SC CLIMATE NORMALS FOR TODAY
                         NORMAL    RECORD    YEAR
 MAXIMUM TEMPERATURE (F)   90        MM        MM
 MINIMUM TEMPERATURE (F)   71        MM        MM


SUNRISE AND SUNSET
AUGUST 20 2014........SUNRISE   649 AM EDT   SUNSET   805 PM EDT
AUGUST 21 2014........SUNRISE   650 AM EDT   SUNSET   804 PM EDT


-  INDICATES NEGATIVE NUMBERS.
R  INDICATES RECORD WAS SET OR TIED.
MM INDICATES DATA IS MISSING.
T  INDICATES TRACE AMOUNT.




$$
