000
CDUS43 KUNR 200831
CLICUT


CLIMATE REPORT
NATIONAL WEATHER SERVICE RAPID CITY SD
131 AM MST SAT DEC 20 2014


...................................

...THE CUSTER COUNTY AIRPORT SD CLIMATE SUMMARY FOR DECEMBER 19 2014...

CLIMATE NORMAL PERIOD 1981 TO 2010
CLIMATE RECORD PERIOD 9999 TO 9999


WEATHER ITEM   OBSERVED TIME   NORMAL DEPARTURE LAST
                VALUE   (LST)  VALUE  FROM      YEAR
                                      NORMAL
......................................................
TEMPERATURE (F)
 YESTERDAY
  MAXIMUM         42   1217 PM  33      9       26
  MINIMUM         18    636 AM  13      5       -1
  AVERAGE         30            23      7       13

PRECIPITATION (IN)
  YESTERDAY        0.00          0.01  -0.01     0.45
  MONTH TO DATE    0.01          0.22  -0.21     0.85
  SINCE DEC 1      0.01          0.22  -0.21     0.85
  SINCE JAN 1     20.06         18.79   1.27    22.27

DEGREE DAYS
 HEATING
  YESTERDAY       35            42     -7       52
  MONTH TO DATE  587           787   -200      885
  SINCE DEC 1    587           787   -200      885
  SINCE JUL 1   2675          2968   -293     2997

 COOLING
  YESTERDAY        0             0      0        0
  MONTH TO DATE    0             0      0        0
  SINCE DEC 1      0             0      0        0
  SINCE JAN 1    152           177    -25      187
......................................................


WIND (MPH)
  HIGHEST WIND SPEED    13   HIGHEST WIND DIRECTION     W (260)
  HIGHEST GUST SPEED    19   HIGHEST GUST DIRECTION    SW (240)
  AVERAGE WIND SPEED     4.2


SKY COVER
  AVERAGE SKY COVER 0.1


WEATHER CONDITIONS
 THE FOLLOWING WEATHER WAS RECORDED YESTERDAY.
  NO SIGNIFICANT WEATHER WAS OBSERVED.


RELATIVE HUMIDITY (PERCENT)
 HIGHEST    74
 LOWEST     34
 AVERAGE    54

..........................................................




SUNRISE AND SUNSET
DECEMBER 20 2014......SUNRISE   724 AM MST   SUNSET   420 PM MST
DECEMBER 21 2014......SUNRISE   725 AM MST   SUNSET   420 PM MST


-  INDICATES NEGATIVE NUMBERS.
R  INDICATES RECORD WAS SET OR TIED.
MM INDICATES DATA IS MISSING.
T  INDICATES TRACE AMOUNT.




$$
