000
CDUS43 KUNR 280832
CLICUT


CLIMATE REPORT
NATIONAL WEATHER SERVICE RAPID CITY SD
232 AM MDT SAT MAY 28 2016


...................................

...THE CUSTER COUNTY AIRPORT SD CLIMATE SUMMARY FOR MAY 27 2016...

CLIMATE NORMAL PERIOD 1981 TO 2010
CLIMATE RECORD PERIOD 9999 TO 9999


WEATHER ITEM   OBSERVED TIME   NORMAL DEPARTURE LAST
                VALUE   (LST)  VALUE  FROM      YEAR
                                      NORMAL
......................................................
TEMPERATURE (F)
 YESTERDAY
  MAXIMUM         58    950 AM  63     -5       65
  MINIMUM         38   1148 PM  40     -2       43
  AVERAGE         48            52     -4       54

PRECIPITATION (IN)
  YESTERDAY        0.03          0.10  -0.07     0.00
  MONTH TO DATE    1.36          2.66  -1.30     5.82
  SINCE MAR 1      3.66          5.79  -2.13     8.13
  SINCE JAN 1      4.27          6.65  -2.38     8.53

DEGREE DAYS
 HEATING
  YESTERDAY       17            14      3       11
  MONTH TO DATE  469           467      2      544
  SINCE MAR 1   2010          2282   -272     2084
  SINCE JUL 1   7065          8117  -1052     7533

 COOLING
  YESTERDAY        0             0      0        0
  MONTH TO DATE    0             0      0        0
  SINCE MAR 1      0             0      0        0
  SINCE JAN 1      0             0      0        0
......................................................


WIND (MPH)
  HIGHEST WIND SPEED    15   HIGHEST WIND DIRECTION    NE (40)
  HIGHEST GUST SPEED    22   HIGHEST GUST DIRECTION     S (190)
  AVERAGE WIND SPEED     5.1


SKY COVER
  AVERAGE SKY COVER 0.6


WEATHER CONDITIONS
 THE FOLLOWING WEATHER WAS RECORDED YESTERDAY.
  LIGHT RAIN
  FOG


RELATIVE HUMIDITY (PERCENT)
 HIGHEST    96
 LOWEST     43
 AVERAGE    70

..........................................................




SUNRISE AND SUNSET
MAY 28 2016...........SUNRISE   518 AM MDT   SUNSET   827 PM MDT
MAY 29 2016...........SUNRISE   517 AM MDT   SUNSET   827 PM MDT


-  INDICATES NEGATIVE NUMBERS.
R  INDICATES RECORD WAS SET OR TIED.
MM INDICATES DATA IS MISSING.
T  INDICATES TRACE AMOUNT.




$$
