000
CDUS43 KUNR 230835
CLICUT


CLIMATE REPORT
NATIONAL WEATHER SERVICE RAPID CITY SD
133 AM MST FRI FEB 23 2018


...................................

...THE CUSTER COUNTY AIRPORT SD CLIMATE SUMMARY FOR FEBRUARY 22 2018...

CLIMATE NORMAL PERIOD 1981 TO 2010
CLIMATE RECORD PERIOD 9999 TO 9999


WEATHER ITEM   OBSERVED TIME   NORMAL DEPARTURE LAST
                VALUE   (LST)  VALUE  FROM      YEAR
                                      NORMAL
......................................................
TEMPERATURE (F)
 YESTERDAY
  MAXIMUM         31    109 PM  37     -6       44
  MINIMUM          1   1156 PM  16    -15       24
  AVERAGE         16            27    -11       34

PRECIPITATION (IN)
  YESTERDAY        0.00          0.01  -0.01      T
  MONTH TO DATE    1.83          0.42   1.41     0.69
  SINCE DEC 1      3.39          1.13   2.26     2.96
  SINCE JAN 1      2.31          0.75   1.56     1.68

DEGREE DAYS
 HEATING
  YESTERDAY       49            38     11       31
  MONTH TO DATE 1104           875    229      695
  SINCE DEC 1   3566          3429    137     3477
  SINCE JUL 1   5530          5610    -80     5096

 COOLING
  YESTERDAY        0             0      0        0
  MONTH TO DATE    0             0      0        0
  SINCE DEC 1      0             0      0        0
  SINCE JAN 1      0             0      0        0
......................................................


WIND (MPH)
  HIGHEST WIND SPEED    10   HIGHEST WIND DIRECTION     W (280)
  HIGHEST GUST SPEED    14   HIGHEST GUST DIRECTION     W (270)
  AVERAGE WIND SPEED     3.9


SKY COVER
  AVERAGE SKY COVER 0.1


WEATHER CONDITIONS
 THE FOLLOWING WEATHER WAS RECORDED YESTERDAY.
  HAZE


RELATIVE HUMIDITY (PERCENT)
 HIGHEST    91
 LOWEST     38
 AVERAGE    65

..........................................................




SUNRISE AND SUNSET
FEBRUARY 23 2018......SUNRISE   641 AM MST   SUNSET   535 PM MST
FEBRUARY 24 2018......SUNRISE   639 AM MST   SUNSET   537 PM MST


-  INDICATES NEGATIVE NUMBERS.
R  INDICATES RECORD WAS SET OR TIED.
MM INDICATES DATA IS MISSING.
T  INDICATES TRACE AMOUNT.




$$
