000
CDUS43 KUNR 240832
CLICUT


CLIMATE REPORT
NATIONAL WEATHER SERVICE RAPID CITY SD
231 AM MDT SAT JUN 24 2017


...................................

...THE CUSTER COUNTY AIRPORT SD CLIMATE SUMMARY FOR JUNE 23 2017...

CLIMATE NORMAL PERIOD 1981 TO 2010
CLIMATE RECORD PERIOD 9999 TO 9999


WEATHER ITEM   OBSERVED TIME   NORMAL DEPARTURE LAST
                VALUE   (LST)  VALUE  FROM      YEAR
                                      NORMAL
......................................................
TEMPERATURE (F)
 YESTERDAY
  MAXIMUM         64    312 PM  74    -10       83
  MINIMUM         41   1128 PM  49     -8       49
  AVERAGE         53            61     -8       66

PRECIPITATION (IN)
  YESTERDAY        0.01          0.10  -0.09     0.00
  MONTH TO DATE    1.23          2.53  -1.30     1.47
  SINCE JUN 1      1.23          2.53  -1.30     1.47
  SINCE JAN 1      9.11          9.64  -0.53     6.05

DEGREE DAYS
 HEATING
  YESTERDAY       12             5      7        0
  MONTH TO DATE  106           192    -86       49
  SINCE JUN 1    106           192    -86       49
  SINCE JUL 1   7550          8361   -811     7164

 COOLING
  YESTERDAY        0             1     -1        1
  MONTH TO DATE   15            11      4       64
  SINCE JUN 1     15            11      4       64
  SINCE JAN 1     15            12      3       64
......................................................


WIND (MPH)
  HIGHEST WIND SPEED    22   HIGHEST WIND DIRECTION     W (270)
  HIGHEST GUST SPEED    33   HIGHEST GUST DIRECTION     W (270)
  AVERAGE WIND SPEED     8.8


SKY COVER
  AVERAGE SKY COVER 0.2


WEATHER CONDITIONS
 THE FOLLOWING WEATHER WAS RECORDED YESTERDAY.
  NO SIGNIFICANT WEATHER WAS OBSERVED.


RELATIVE HUMIDITY (PERCENT)
 HIGHEST    70
 LOWEST     19
 AVERAGE    45

..........................................................




SUNRISE AND SUNSET
JUNE 24 2017..........SUNRISE   514 AM MDT   SUNSET   840 PM MDT
JUNE 25 2017..........SUNRISE   514 AM MDT   SUNSET   840 PM MDT


-  INDICATES NEGATIVE NUMBERS.
R  INDICATES RECORD WAS SET OR TIED.
MM INDICATES DATA IS MISSING.
T  INDICATES TRACE AMOUNT.




$$
