000
CDUS41 KILN 200557
CLICVG


CLIMATE REPORT
NATIONAL WEATHER SERVICE WILMINGTON OH
1256 AM EST FRI JAN 20 2017


...................................

...THE CINCINNATI OH CLIMATE SUMMARY FOR JANUARY 19 2017...

CLIMATE NORMAL PERIOD 1981 TO 2010
CLIMATE RECORD PERIOD 1869 TO 2017


WEATHER ITEM   OBSERVED TIME   RECORD YEAR NORMAL DEPARTURE LAST
                VALUE   (LST)  VALUE       VALUE  FROM      YEAR
                                                  NORMAL
..................................................................
TEMPERATURE (F)
 YESTERDAY
  MAXIMUM         49    633 PM  72    1907  39     10       21
  MINIMUM         36    608 AM -24    1994  23     13        7
  AVERAGE         43                        31     12       14

PRECIPITATION (IN)
  YESTERDAY        0.13          1.57 1907   0.10   0.03      T
  MONTH TO DATE    2.86                      1.86   0.00     1.11
  SINCE DEC 1      7.29                      5.23   2.06     7.20
  SINCE JAN 1      2.86                      1.86   0.00     1.11

SNOWFALL (IN)
  YESTERDAY        0.0           5.5  1956   0.2   -0.2       T
  MONTH TO DATE    2.5                       3.7   -1.2      4.8
  SINCE DEC 1      4.7                       8.5   -3.8      4.8
  SINCE JUL 1      4.7                       9.3   -4.6      4.8
  SNOW DEPTH       0

DEGREE DAYS
 HEATING
  YESTERDAY       22                        34    -12       51
  MONTH TO DATE  561                       646    -85      670
  SINCE DEC 1   1530                      1605    -75     1246
  SINCE JUL 1   2212                      2565   -353     1991

 COOLING
  YESTERDAY        0                         0      0        0
  MONTH TO DATE    0                         0      0        0
  SINCE DEC 1      0                         0      0        0
  SINCE JAN 1      0                         0      0        0
..................................................................


WIND (MPH)
  RESULTANT WIND SPEED   5   RESULTANT WIND DIRECTION  SE (120)
  HIGHEST WIND SPEED    13   HIGHEST WIND DIRECTION    SE (120)
  HIGHEST GUST SPEED    18   HIGHEST GUST DIRECTION    SE (120)
  AVERAGE WIND SPEED     6.2


SKY COVER
  POSSIBLE SUNSHINE  MM
  AVERAGE SKY COVER 1.0


WEATHER CONDITIONS
 THE FOLLOWING WEATHER WAS RECORDED YESTERDAY.
  RAIN
  LIGHT RAIN
  FOG


RELATIVE HUMIDITY (PERCENT)
 HIGHEST   100           900 AM
 LOWEST     71           200 PM
 AVERAGE    86

..........................................................


THE CINCINNATI OH CLIMATE NORMALS FOR TODAY
                         NORMAL    RECORD    YEAR
 MAXIMUM TEMPERATURE (F)   39        71      1906
 MINIMUM TEMPERATURE (F)   23       -21      1985


SUNRISE AND SUNSET
JANUARY 20 2017.......SUNRISE   754 AM EST   SUNSET   546 PM EST
JANUARY 21 2017.......SUNRISE   753 AM EST   SUNSET   547 PM EST


-  INDICATES NEGATIVE NUMBERS.
R  INDICATES RECORD WAS SET OR TIED.
MM INDICATES DATA IS MISSING.
T  INDICATES TRACE AMOUNT.




$$
