000
CDUS41 KILN 250534
CLICVG


CLIMATE REPORT
NATIONAL WEATHER SERVICE WILMINGTON OH
1234 AM EST SAT FEB 25 2017


...................................

...THE CINCINNATI OH CLIMATE SUMMARY FOR FEBRUARY 24 2017...

CLIMATE NORMAL PERIOD 1981 TO 2010
CLIMATE RECORD PERIOD 1869 TO 2017


WEATHER ITEM   OBSERVED TIME   RECORD YEAR NORMAL DEPARTURE LAST
                VALUE   (LST)  VALUE       VALUE  FROM      YEAR
                                                  NORMAL
..................................................................
TEMPERATURE (F)
 YESTERDAY
  MAXIMUM         78R   342 PM  72    1930  46     32       61
  MINIMUM         52   1159 PM  -7    2015  28     24       33
  AVERAGE         65                        37     28       47

PRECIPITATION (IN)
  YESTERDAY        0.06          1.37 2011   0.10  -0.04     1.03
  MONTH TO DATE    1.92                      2.41  -0.49     4.99
  SINCE DEC 1     10.02                      8.78   1.24    12.47
  SINCE JAN 1      5.59                      5.41   0.18     6.38

SNOWFALL (IN)
  YESTERDAY        0.0           3.6  1990   0.2   -0.2       T
  MONTH TO DATE    1.6                       5.8   -4.2      7.9
  SINCE DEC 1      8.0                      17.1   -9.1     16.4
  SINCE JUL 1      8.0                      17.9   -9.9     16.4
  SNOW DEPTH       0

DEGREE DAYS
 HEATING
  YESTERDAY        0                        28    -28       18
  MONTH TO DATE  492                       745   -253      712
  SINCE DEC 1   2309                      2757   -448     2351
  SINCE JUL 1   2991                      3717   -726     3096

 COOLING
  YESTERDAY        0                         0      0        0
  MONTH TO DATE    0                         0      0        0
  SINCE DEC 1      0                         0      0        0
  SINCE JAN 1      0                         0      0        0
..................................................................


WIND (MPH)
  RESULTANT WIND SPEED  14   RESULTANT WIND DIRECTION   S (190)
  HIGHEST WIND SPEED    32   HIGHEST WIND DIRECTION     W (280)
  HIGHEST GUST SPEED    43   HIGHEST GUST DIRECTION     W (280)
  AVERAGE WIND SPEED    15.1


SKY COVER
  POSSIBLE SUNSHINE  MM
  AVERAGE SKY COVER 0.7


WEATHER CONDITIONS
 THE FOLLOWING WEATHER WAS RECORDED YESTERDAY.
  THUNDERSTORM
  HEAVY RAIN
  LIGHT RAIN
  FOG


RELATIVE HUMIDITY (PERCENT)
 HIGHEST    93           300 AM
 LOWEST     40           300 PM
 AVERAGE    67

..........................................................


THE CINCINNATI OH CLIMATE NORMALS FOR TODAY
                         NORMAL    RECORD    YEAR
 MAXIMUM TEMPERATURE (F)   46        75      2000
 MINIMUM TEMPERATURE (F)   28        -7      1967


SUNRISE AND SUNSET
FEBRUARY 25 2017......SUNRISE   717 AM EST   SUNSET   627 PM EST
FEBRUARY 26 2017......SUNRISE   715 AM EST   SUNSET   628 PM EST


-  INDICATES NEGATIVE NUMBERS.
R  INDICATES RECORD WAS SET OR TIED.
MM INDICATES DATA IS MISSING.
T  INDICATES TRACE AMOUNT.




$$
