000
CDUS41 KILN 262114
CLICVG


CLIMATE REPORT
NATIONAL WEATHER SERVICE WILMINGTON OH
514 PM EDT MON JUN 26 2017


...................................

...THE CINCINNATI OH CLIMATE SUMMARY FOR JUNE 26 2017...
VALID TODAY AS OF 0500 PM LOCAL TIME.

CLIMATE NORMAL PERIOD 1981 TO 2010
CLIMATE RECORD PERIOD 1869 TO 2017


WEATHER ITEM   OBSERVED TIME   RECORD YEAR NORMAL DEPARTURE LAST
                VALUE   (LST)  VALUE       VALUE  FROM      YEAR
                                                  NORMAL
..................................................................
TEMPERATURE (F)
 TODAY
  MAXIMUM         74    259 PM  98    1954  85    -11       92
  MINIMUM         53    555 AM  49    1974  65    -12       70
  AVERAGE         64                        75    -11       81

PRECIPITATION (IN)
  TODAY            0.00          2.28 2013   0.11  -0.11     0.02
  MONTH TO DATE    5.21                      3.57   1.64     2.49
  SINCE JUN 1      5.21                      3.57   1.64     2.49
  SINCE JAN 1     28.61                     22.16   6.45    22.10

SNOWFALL (IN)
  TODAY            0.0           0.0    MM   0.0    0.0      0.0
  MONTH TO DATE    0.0                       0.0    0.0      0.0
  SINCE JUN 1      0.0                       0.0    0.0      0.0
  SINCE JUL 1     10.0                      22.1  -12.1     19.2
  SNOW DEPTH       0

DEGREE DAYS
 HEATING
  TODAY            1                         0      1        0
  MONTH TO DATE    5                        12     -7        2
  SINCE JUN 1      5                        12     -7        2
  SINCE JUL 1   4015                      4972   -957     4136

 COOLING
  TODAY            0                        10    -10       16
  MONTH TO DATE  178                       186     -8      251
  SINCE JUN 1    178                       186     -8      251
  SINCE JAN 1    312                       280     32      344
..................................................................


WIND (MPH)
  HIGHEST WIND SPEED    15   HIGHEST WIND DIRECTION    NW (300)
  HIGHEST GUST SPEED    24   HIGHEST GUST DIRECTION     W (280)
  AVERAGE WIND SPEED     8.7


SKY COVER
  POSSIBLE SUNSHINE  MM
  AVERAGE SKY COVER 0.4


WEATHER CONDITIONS
 THE FOLLOWING WEATHER WAS RECORDED TODAY.
  NO SIGNIFICANT WEATHER WAS OBSERVED.


RELATIVE HUMIDITY (PERCENT)
 HIGHEST    89           600 AM
 LOWEST     41           200 PM
 AVERAGE    65

..........................................................


THE CINCINNATI OH CLIMATE NORMALS FOR TOMORROW
                         NORMAL    RECORD    YEAR
 MAXIMUM TEMPERATURE (F)   85       102      1944
 MINIMUM TEMPERATURE (F)   65        49      1927
                                             1926


SUNRISE AND SUNSET
JUNE 26 2017..........SUNRISE   615 AM EDT   SUNSET   909 PM EDT
JUNE 27 2017..........SUNRISE   615 AM EDT   SUNSET   909 PM EDT


-  INDICATES NEGATIVE NUMBERS.
R  INDICATES RECORD WAS SET OR TIED.
MM INDICATES DATA IS MISSING.
T  INDICATES TRACE AMOUNT.




$$
