000
CDUS41 KILN 262155
CLICVG


CLIMATE REPORT
NATIONAL WEATHER SERVICE WILMINGTON OH
455 PM EST MON JAN 26 2015


...................................

...THE CINCINNATI OH CLIMATE SUMMARY FOR JANUARY 26 2015...
VALID TODAY AS OF 0400 PM LOCAL TIME.

CLIMATE NORMAL PERIOD 1981 TO 2010
CLIMATE RECORD PERIOD 1869 TO 2015


WEATHER ITEM   OBSERVED TIME   RECORD YEAR NORMAL DEPARTURE LAST
                VALUE   (LST)  VALUE       VALUE  FROM      YEAR
                                                  NORMAL
..................................................................
TEMPERATURE (F)
 TODAY
  MAXIMUM         31    321 PM  69    1967  39     -8       45
                                      1950
                                      1944
  MINIMUM         20    847 AM  -9    1897  23     -3        6
  AVERAGE         26                        31     -5       26

PRECIPITATION (IN)
  TODAY            0.02          1.57 2012   0.09  -0.07      T
  MONTH TO DATE    2.23                      2.51  -0.28     2.80
  SINCE DEC 1      5.83                      5.88  -0.05     7.73
  SINCE JAN 1      2.23                      2.51  -0.28     2.80

SNOWFALL (IN)
  TODAY            0.4           5.7  1978   0.3    0.1       T
  MONTH TO DATE    1.2                       5.3   -4.1     20.4
  SINCE DEC 1      1.3                      10.1   -8.8     30.8
  SINCE JUL 1      6.4                      10.9   -4.5     33.2
  SNOW DEPTH       T

DEGREE DAYS
 HEATING
  TODAY           39                        34      5       39
  MONTH TO DATE  896                       884     12     1038
  SINCE DEC 1   1738                      1843   -105     1953
  SINCE JUL 1   2876                      2803     73     2989

 COOLING
  TODAY            0                         0      0        0
  MONTH TO DATE    0                         0      0        0
  SINCE DEC 1      0                         0      0        0
  SINCE JAN 1      0                         0      0        0
..................................................................


WIND (MPH)
  HIGHEST WIND SPEED    23   HIGHEST WIND DIRECTION     N (350)
  HIGHEST GUST SPEED    28   HIGHEST GUST DIRECTION     N (350)
  AVERAGE WIND SPEED    13.4


SKY COVER
  POSSIBLE SUNSHINE  MM
  AVERAGE SKY COVER 0.9


WEATHER CONDITIONS
 THE FOLLOWING WEATHER WAS RECORDED TODAY.
  LIGHT SNOW
  FOG
  BLOWING SNOW


RELATIVE HUMIDITY (PERCENT)
 HIGHEST    92          1200 AM
 LOWEST     63           300 PM
 AVERAGE    78

..........................................................


THE CINCINNATI OH CLIMATE NORMALS FOR TOMORROW
                         NORMAL    RECORD    YEAR
 MAXIMUM TEMPERATURE (F)   39        70      1944
 MINIMUM TEMPERATURE (F)   23       -11      2003
                                             1963


SUNRISE AND SUNSET
JANUARY 26 2015.......SUNRISE   750 AM EST   SUNSET   553 PM EST
JANUARY 27 2015.......SUNRISE   749 AM EST   SUNSET   554 PM EST


-  INDICATES NEGATIVE NUMBERS.
R  INDICATES RECORD WAS SET OR TIED.
MM INDICATES DATA IS MISSING.
T  INDICATES TRACE AMOUNT.




$$
