937
CDUS41 KILN 110540
CLICVG


CLIMATE REPORT
NATIONAL WEATHER SERVICE WILMINGTON OH
1239 AM EST THU FEB 11 2016


...................................

...THE CINCINNATI OH CLIMATE SUMMARY FOR FEBRUARY 10 2016...

CLIMATE NORMAL PERIOD 1981 TO 2010
CLIMATE RECORD PERIOD 1869 TO 2016


WEATHER ITEM   OBSERVED TIME   RECORD YEAR NORMAL DEPARTURE LAST
                VALUE   (LST)  VALUE       VALUE  FROM      YEAR
                                                  NORMAL
..................................................................
TEMPERATURE (F)
 YESTERDAY
  MAXIMUM         18    737 PM  76    1932  42    -24       35
  MINIMUM         11   1045 PM -12    1899  25    -14       23
  AVERAGE         15                        33    -18       29

PRECIPITATION (IN)
  YESTERDAY        0.03          1.65 1883   0.10  -0.07     0.00
  MONTH TO DATE    2.17                      1.04   1.13     0.37
  SINCE DEC 1      9.65                      7.41   2.24     6.32
  SINCE JAN 1      3.56                      4.04  -0.48     2.72

SNOWFALL (IN)
  YESTERDAY        0.7           2.8  2003   0.3    0.4      0.0
  MONTH TO DATE    4.8                       2.7    2.1      1.1
  SINCE DEC 1     13.3                      14.0   -0.7      2.4
  SINCE JUL 1     13.3                      14.8   -1.5      7.5
  SNOW DEPTH       3

DEGREE DAYS
 HEATING
  YESTERDAY       50                        32     18       36
  MONTH TO DATE  299                       326    -27      311
  SINCE DEC 1   1938                      2338   -400     2228
  SINCE JUL 1   2683                      3298   -615     3366

 COOLING
  YESTERDAY        0                         0      0        0
  MONTH TO DATE    0                         0      0        0
  SINCE DEC 1      0                         0      0        0
  SINCE JAN 1      0                         0      0        0
..................................................................


WIND (MPH)
  RESULTANT WIND SPEED   9   RESULTANT WIND DIRECTION   W (270)
  HIGHEST WIND SPEED    21   HIGHEST WIND DIRECTION     W (270)
  HIGHEST GUST SPEED    24   HIGHEST GUST DIRECTION     W (270)
  AVERAGE WIND SPEED    10.7


SKY COVER
  POSSIBLE SUNSHINE  MM
  AVERAGE SKY COVER 0.9


WEATHER CONDITIONS
 THE FOLLOWING WEATHER WAS RECORDED YESTERDAY.
  SNOW
  LIGHT SNOW
  FOG
  HAZE
  BLOWING SNOW


RELATIVE HUMIDITY (PERCENT)
 HIGHEST    80           100 AM
 LOWEST     54           500 PM
 AVERAGE    67

..........................................................


THE CINCINNATI OH CLIMATE NORMALS FOR TODAY
                         NORMAL    RECORD    YEAR
 MAXIMUM TEMPERATURE (F)   42        74      1999
 MINIMUM TEMPERATURE (F)   25       -10      1885


SUNRISE AND SUNSET
FEBRUARY 11 2016......SUNRISE   735 AM EST   SUNSET   611 PM EST
FEBRUARY 12 2016......SUNRISE   734 AM EST   SUNSET   612 PM EST


-  INDICATES NEGATIVE NUMBERS.
R  INDICATES RECORD WAS SET OR TIED.
MM INDICATES DATA IS MISSING.
T  INDICATES TRACE AMOUNT.




$$
