000
CDUS41 KILN 280600
CLICVG


CLIMATE REPORT
NATIONAL WEATHER SERVICE WILMINGTON OH
154 AM EDT THU JUL 28 2016


...................................

...THE CINCINNATI OH CLIMATE SUMMARY FOR JULY 27 2016...

CLIMATE NORMAL PERIOD 1981 TO 2010
CLIMATE RECORD PERIOD 1869 TO 2016


WEATHER ITEM   OBSERVED TIME   RECORD YEAR NORMAL DEPARTURE LAST
                VALUE   (LST)  VALUE       VALUE  FROM      YEAR
                                                  NORMAL
..................................................................
TEMPERATURE (F)
 YESTERDAY
  MAXIMUM         89    459 PM 101    1936  86      3       89
  MINIMUM         73    611 AM  49    1962  66      7       72
  AVERAGE         81                        76      5       81

PRECIPITATION (IN)
  YESTERDAY        0.01          4.07 1926   0.12  -0.11      T
  MONTH TO DATE    2.94                      3.28  -0.34     4.08
  SINCE JUN 1      5.43                      7.31  -1.88    11.41
  SINCE JAN 1     25.04                     25.90  -0.86    28.64

SNOWFALL (IN)
  YESTERDAY        0.0           0.0         0.0    0.0      0.0
  MONTH TO DATE    0.0                       0.0    0.0      0.0
  SINCE JUN 1      0.0                       0.0    0.0      0.0
  SINCE JUL 1      0.0                       0.0    0.0      0.0
  SNOW DEPTH       0

DEGREE DAYS
 HEATING
  YESTERDAY        0                         0      0        0
  MONTH TO DATE    0                         0      0        0
  SINCE JUN 1      2                        15    -13       19
  SINCE JUL 1      0                         0      0        0

 COOLING
  YESTERDAY       16                        11      5       16
  MONTH TO DATE  326                       295     31      264
  SINCE JUN 1    609                       521     88      523
  SINCE JAN 1    702                       615     87      672
..................................................................


WIND (MPH)
  RESULTANT WIND SPEED   1   RESULTANT WIND DIRECTION   W (270)
  HIGHEST WIND SPEED     9   HIGHEST WIND DIRECTION     W (260)
  HIGHEST GUST SPEED    12   HIGHEST GUST DIRECTION     W (290)
  AVERAGE WIND SPEED     2.4


SKY COVER
  POSSIBLE SUNSHINE  MM
  AVERAGE SKY COVER 0.8


WEATHER CONDITIONS
 THE FOLLOWING WEATHER WAS RECORDED YESTERDAY.
  FOG


RELATIVE HUMIDITY (PERCENT)
 HIGHEST   100           300 AM
 LOWEST     55           500 PM
 AVERAGE    78

..........................................................


THE CINCINNATI OH CLIMATE NORMALS FOR TODAY
                         NORMAL    RECORD    YEAR
 MAXIMUM TEMPERATURE (F)   86       103      1930
 MINIMUM TEMPERATURE (F)   66        53      2013
                                             1962
                                             1920


SUNRISE AND SUNSET
JULY 28 2016..........SUNRISE   636 AM EDT   SUNSET   854 PM EDT
JULY 29 2016..........SUNRISE   637 AM EDT   SUNSET   853 PM EDT


-  INDICATES NEGATIVE NUMBERS.
R  INDICATES RECORD WAS SET OR TIED.
MM INDICATES DATA IS MISSING.
T  INDICATES TRACE AMOUNT.




$$
