000
CDUS41 KILN 210540
CLICVG


CLIMATE REPORT
NATIONAL WEATHER SERVICE WILMINGTON OH
1240 AM EST SUN DEC 21 2014


...................................

...THE CINCINNATI OH CLIMATE SUMMARY FOR DECEMBER 20 2014...

CLIMATE NORMAL PERIOD 1981 TO 2010
CLIMATE RECORD PERIOD 1869 TO 2014


WEATHER ITEM   OBSERVED TIME   RECORD YEAR NORMAL DEPARTURE LAST
                VALUE   (LST)  VALUE       VALUE  FROM      YEAR
                                                  NORMAL
..................................................................
TEMPERATURE (F)
 YESTERDAY
  MAXIMUM         32   1159 PM  67    1877  40     -8       61
  MINIMUM         29    908 AM  -9    1981  25      4       51
  AVERAGE         31                        33     -2       56

PRECIPITATION (IN)
  YESTERDAY        T             1.18 1881   0.11  -0.11     0.01
  MONTH TO DATE    2.61                      2.16   0.45     2.34
  SINCE DEC 1      2.61                      2.16   0.45     2.34
  SINCE JAN 1     41.30                     41.31  -0.01    46.91

SNOWFALL (IN)
  YESTERDAY        T             5.7  1942   0.2   -0.2      0.0
  MONTH TO DATE    T                         2.7   -2.7     10.1
  SINCE DEC 1      T                         2.7   -2.7     10.1
  SINCE JUL 1      5.1                       3.5    1.6     12.5
  SNOW DEPTH       0

DEGREE DAYS
 HEATING
  YESTERDAY       34                        32      2        9
  MONTH TO DATE  544                       593    -49      601
  SINCE DEC 1    544                       593    -49      601
  SINCE JUL 1   1682                      1553    129     1637

 COOLING
  YESTERDAY        0                         0      0        0
  MONTH TO DATE    0                         0      0        0
  SINCE DEC 1      0                         0      0        0
  SINCE JAN 1   1077                      1121    -44     1150
..................................................................


WIND (MPH)
  RESULTANT WIND SPEED   1   RESULTANT WIND DIRECTION  NE (50)
  HIGHEST WIND SPEED     8   HIGHEST WIND DIRECTION     E (80)
  HIGHEST GUST SPEED     9   HIGHEST GUST DIRECTION     E (70)
  AVERAGE WIND SPEED     1.8


SKY COVER
  POSSIBLE SUNSHINE  MM
  AVERAGE SKY COVER 1.0


WEATHER CONDITIONS
 THE FOLLOWING WEATHER WAS RECORDED YESTERDAY.
  LIGHT SNOW
  HAZE


RELATIVE HUMIDITY (PERCENT)
 HIGHEST    78          1000 AM
 LOWEST     63          1200 AM
 AVERAGE    71

..........................................................


THE CINCINNATI OH CLIMATE NORMALS FOR TODAY
                         NORMAL    RECORD    YEAR
 MAXIMUM TEMPERATURE (F)   40        69      1967
 MINIMUM TEMPERATURE (F)   25       -14      1989


SUNRISE AND SUNSET
DECEMBER 21 2014......SUNRISE   754 AM EST   SUNSET   520 PM EST
DECEMBER 22 2014......SUNRISE   755 AM EST   SUNSET   520 PM EST


-  INDICATES NEGATIVE NUMBERS.
R  INDICATES RECORD WAS SET OR TIED.
MM INDICATES DATA IS MISSING.
T  INDICATES TRACE AMOUNT.




$$
