000
CDUS41 KILN 122050
CLICVG


CLIMATE REPORT
NATIONAL WEATHER SERVICE WILMINGTON OH
450 PM EDT SAT JUL 12 2014


...................................

...THE CINCINNATI OH CLIMATE SUMMARY FOR JULY 12 2014...
VALID TODAY AS OF 0400 PM LOCAL TIME.

CLIMATE NORMAL PERIOD 1981 TO 2010
CLIMATE RECORD PERIOD 1869 TO 2014


WEATHER ITEM   OBSERVED TIME   RECORD YEAR NORMAL DEPARTURE LAST
                VALUE   (LST)  VALUE       VALUE  FROM      YEAR
                                                  NORMAL
..................................................................
TEMPERATURE (F)
 TODAY
  MAXIMUM         86    154 PM 105    1936  86      0       81
  MINIMUM         61    452 AM  50    1963  66     -5       61
  AVERAGE         74                        76     -2       71

PRECIPITATION (IN)
  TODAY            0.00          2.31 1937   0.12  -0.12     0.00
  MONTH TO DATE    0.68                      1.44  -0.76     4.04
  SINCE JUN 1      6.90                      5.47   1.43    10.06
  SINCE JAN 1     24.37                     24.06   0.31    27.94

SNOWFALL (IN)
  TODAY            0.0           0.0    MM   0.0    0.0      0.0
  MONTH TO DATE    0.0                       0.0    0.0      0.0
  SINCE JUN 1      0.0                       0.0    0.0      0.0
  SINCE JUL 1      0.0                       0.0    0.0      0.0
  SNOW DEPTH       0

DEGREE DAYS
 HEATING
  TODAY            0                         0      0        0
  MONTH TO DATE    0                         0      0        0
  SINCE JUN 1      3                        15    -12        1
  SINCE JUL 1      0                         0      0        0

 COOLING
  TODAY            9                        11     -2        6
  MONTH TO DATE   95                       130    -35      110
  SINCE JUN 1    369                       356     13      349
  SINCE JAN 1    503                       450     53      488
..................................................................


WIND (MPH)
  HIGHEST WIND SPEED    15   HIGHEST WIND DIRECTION     W (250)
  HIGHEST GUST SPEED    20   HIGHEST GUST DIRECTION     W (260)
  AVERAGE WIND SPEED     3.5


SKY COVER
  POSSIBLE SUNSHINE  MM
  AVERAGE SKY COVER 0.6


WEATHER CONDITIONS
 THE FOLLOWING WEATHER WAS RECORDED TODAY.
  FOG
  HAZE


RELATIVE HUMIDITY (PERCENT)
 HIGHEST    90           300 AM
 LOWEST     47          1100 AM
 AVERAGE    69

..........................................................


THE CINCINNATI OH CLIMATE NORMALS FOR TOMORROW
                         NORMAL    RECORD    YEAR
 MAXIMUM TEMPERATURE (F)   86       102      1936
 MINIMUM TEMPERATURE (F)   66        50      1975


SUNRISE AND SUNSET
JULY 12 2014..........SUNRISE   623 AM EDT   SUNSET   905 PM EDT
JULY 13 2014..........SUNRISE   624 AM EDT   SUNSET   905 PM EDT


-  INDICATES NEGATIVE NUMBERS.
R  INDICATES RECORD WAS SET OR TIED.
MM INDICATES DATA IS MISSING.
T  INDICATES TRACE AMOUNT.




$$
