000
CDUS45 KCYS 040743
CLICYS


CLIMATE REPORT
NATIONAL WEATHER SERVICE CHEYENNE WY
137 AM MDT TUE AUG 4 2015


...................................

...THE CHEYENNE WYOMING AIRPORT CLIMATE SUMMARY FOR AUGUST 3 2015...

CLIMATE NORMAL PERIOD 1981 TO 2010
CLIMATE RECORD PERIOD 1871 TO 2015


WEATHER ITEM   OBSERVED TIME   RECORD YEAR NORMAL DEPARTURE LAST
                VALUE   (LST)  VALUE       VALUE  FROM      YEAR
                                                  NORMAL
..................................................................
TEMPERATURE (F)
 YESTERDAY
  MAXIMUM         86   1253 PM  93    2003  83      3       82
                                      1954
                                      1947
  MINIMUM         58    421 AM  40    1884  56      2       53
  AVERAGE         72                        70      2       68

PRECIPITATION (IN)
  YESTERDAY        T             0.90 1965   0.08  -0.08     0.00
  MONTH TO DATE    T                         0.24  -0.24     0.00
  SINCE JAN 1     12.96                     10.74   2.22    12.18

SNOWFALL (IN)
  YESTERDAY        0.0          MM      MM   0.0    0.0      0.0
  MONTH TO DATE    0.0                       0.0    0.0      0.0
  SINCE JUL 1      0.0                       0.0    0.0      0.0
  SNOW DEPTH       0

DEGREE DAYS
 HEATING
  YESTERDAY        0                         1     -1        0
  MONTH TO DATE    0                         3     -3        0
  SINCE JUN 1     63                       159    -96      155
  SINCE JUL 1     27                        25      2       29

 COOLING
  YESTERDAY        7                         5      2        3
  MONTH TO DATE   21                        15      6        4
  SINCE JUN 1    213                       222     -9      176
  SINCE JAN 1    213                       225    -12      177
..................................................................


WIND (MPH)
  HIGHEST WIND SPEED    26   HIGHEST WIND DIRECTION     S (190)
  HIGHEST GUST SPEED    35   HIGHEST GUST DIRECTION     S (180)
  AVERAGE WIND SPEED    10.8


SKY COVER
  AVERAGE SKY COVER 0.2


WEATHER CONDITIONS
 THE FOLLOWING WEATHER WAS RECORDED YESTERDAY.
  NO SIGNIFICANT WEATHER WAS OBSERVED.


RELATIVE HUMIDITY (PERCENT)
 HIGHEST    72           300 AM
 LOWEST     18           100 PM
 AVERAGE    45

..........................................................


THE CHEYENNE WYOMING AIRPORT CLIMATE NORMALS FOR TODAY
                         NORMAL    RECORD    YEAR
 MAXIMUM TEMPERATURE (F)   83        95      1979
 MINIMUM TEMPERATURE (F)   56        42      1980


SUNRISE AND SUNSET
AUGUST  4 2015........SUNRISE   558 AM MDT   SUNSET   813 PM MDT
AUGUST  5 2015........SUNRISE   559 AM MDT   SUNSET   811 PM MDT


-  INDICATES NEGATIVE NUMBERS.
R  INDICATES RECORD WAS SET OR TIED.
MM INDICATES DATA IS MISSING.
T  INDICATES TRACE AMOUNT.




$$
