000
CDUS45 KCYS 180727
CLICYS


CLIMATE REPORT
NATIONAL WEATHER SERVICE CHEYENNE WY
126 AM MDT THU SEP 18 2014


...................................

...THE CHEYENNE WYOMING CLIMATE SUMMARY FOR SEPTEMBER 17 2014...

CLIMATE NORMAL PERIOD 1981 TO 2010
CLIMATE RECORD PERIOD 1871 TO 2014


WEATHER ITEM   OBSERVED TIME   RECORD YEAR NORMAL DEPARTURE LAST
                VALUE   (LST)  VALUE       VALUE  FROM      YEAR
                                                  NORMAL
..................................................................
TEMPERATURE (F)
 YESTERDAY
  MAXIMUM         87    109 PM  91    2000  71     16       80
  MINIMUM         50    620 AM  23    1965  44      6       51
  AVERAGE         69                        58     11       66

PRECIPITATION (IN)
  YESTERDAY        T             0.34 1971   0.05  -0.05     0.00
  MONTH TO DATE    0.37                      0.88  -0.51     6.21
  SINCE JAN 1     14.03                     13.33   0.70    14.64

SNOWFALL (IN)
  YESTERDAY        0.0           3.6  1971   0.1   -0.1      0.0
  MONTH TO DATE    0.7                       0.4    0.3      0.0
  SINCE JUL 1      0.7                       0.4    0.3      0.0
  SNOW DEPTH       0

DEGREE DAYS
 HEATING
  YESTERDAY        0                         8     -8        0
  MONTH TO DATE  127                        86     41       48
  SINCE SEP 1    127                        86     41       48
  SINCE JUL 1    185                       142     43       63

 COOLING
  YESTERDAY        4                         0      4        1
  MONTH TO DATE   13                        21     -8       67
  SINCE SEP 1     13                        21     -8       67
  SINCE JAN 1    279                       347    -68      520
..................................................................


WIND (MPH)
  HIGHEST WIND SPEED    25   HIGHEST WIND DIRECTION     N (10)
  HIGHEST GUST SPEED    33   HIGHEST GUST DIRECTION     N (360)
  AVERAGE WIND SPEED     7.3


SKY COVER
  AVERAGE SKY COVER 0.1


WEATHER CONDITIONS
 THE FOLLOWING WEATHER WAS RECORDED YESTERDAY.
  LIGHT RAIN


RELATIVE HUMIDITY (PERCENT)
 HIGHEST    59           500 AM
 LOWEST     11           100 PM
 AVERAGE    35

..........................................................


THE CHEYENNE WYOMING CLIMATE NORMALS FOR TODAY
                         NORMAL    RECORD    YEAR
 MAXIMUM TEMPERATURE (F)   71        88      1937
 MINIMUM TEMPERATURE (F)   44        24      1971


SUNRISE AND SUNSET
SEPTEMBER 18 2014.....SUNRISE   643 AM MDT   SUNSET   703 PM MDT
SEPTEMBER 19 2014.....SUNRISE   644 AM MDT   SUNSET   702 PM MDT


-  INDICATES NEGATIVE NUMBERS.
R  INDICATES RECORD WAS SET OR TIED.
MM INDICATES DATA IS MISSING.
T  INDICATES TRACE AMOUNT.




$$
