000
CDUS45 KCYS 272221
CLICYS


CLIMATE REPORT
NATIONAL WEATHER SERVICE CHEYENNE WY
321 PM MST THU NOV 27 2014


...................................

...THE CHEYENNE WYOMING CLIMATE SUMMARY FOR NOVEMBER 27 2014...
VALID AS OF 0300 PM LOCAL TIME.

CLIMATE NORMAL PERIOD 1981 TO 2010
CLIMATE RECORD PERIOD 1871 TO 2014


WEATHER ITEM   OBSERVED TIME   RECORD YEAR NORMAL DEPARTURE LAST
                VALUE   (LST)  VALUE       VALUE  FROM      YEAR
                                                  NORMAL
..................................................................
TEMPERATURE (F)
 TODAY
  MAXIMUM         56    155 PM  68    1950  41     15       57
  MINIMUM         41   1202 AM -13    1976  20     21       22
  AVERAGE         49                        30     19       40

PRECIPITATION (IN)
  TODAY            0.00          0.54 1983   0.02  -0.02     0.00
  MONTH TO DATE    1.11                      0.54   0.57     0.16
  SINCE SEP 1      3.36                      2.95   0.41     9.25
  SINCE JAN 1     17.02                     15.40   1.62    17.68

SNOWFALL (IN)
  TODAY            0.0           6.2  1983   0.3   -0.3      0.0
  MONTH TO DATE    9.9                       7.1    2.8      3.1
  SINCE JUL 1     11.4                      13.4   -2.0     15.6
  SNOW DEPTH       0

DEGREE DAYS
 HEATING
  TODAY           16                        34    -18       25
  MONTH TO DATE  892                       784    108      770
  SINCE SEP 1   1484                      1587   -103     1613
  SINCE JUL 1   1542                      1643   -101     1628

 COOLING
  TODAY            0                         0      0        0
  MONTH TO DATE    0                         0      0        0
  SINCE SEP 1     35                        22     13       67
  SINCE JAN 1    301                       348    -47      520
..................................................................


WIND (MPH)
  HIGHEST WIND SPEED    33   HIGHEST WIND DIRECTION     W (280)
  HIGHEST GUST SPEED    41   HIGHEST GUST DIRECTION     W (280)
  AVERAGE WIND SPEED    20.9


SKY COVER
  AVERAGE SKY COVER 0.0


WEATHER CONDITIONS
 THE FOLLOWING WEATHER WAS RECORDED TODAY.
  NO SIGNIFICANT WEATHER WAS OBSERVED.


RELATIVE HUMIDITY (PERCENT)
 HIGHEST    59          1200 AM
 LOWEST     26          1200 PM
 AVERAGE    43

..........................................................


THE CHEYENNE WYOMING CLIMATE NORMALS FOR TOMORROW
                         NORMAL    RECORD    YEAR
 MAXIMUM TEMPERATURE (F)   41        66      1901
 MINIMUM TEMPERATURE (F)   20       -12      1919


SUNRISE AND SUNSET
NOVEMBER 27 2014......SUNRISE   701 AM MST   SUNSET   433 PM MST
NOVEMBER 28 2014......SUNRISE   702 AM MST   SUNSET   432 PM MST


-  INDICATES NEGATIVE NUMBERS.
R  INDICATES RECORD WAS SET OR TIED.
MM INDICATES DATA IS MISSING.
T  INDICATES TRACE AMOUNT.




$$
