000
CDUS45 KCYS 182134
CLICYS


CLIMATE REPORT
NATIONAL WEATHER SERVICE CHEYENNE WY
334 PM MDT FRI APR 18 2014


...................................

...THE CHEYENNE WYOMING CLIMATE SUMMARY FOR APRIL 18 2014...
VALID AS OF 0300 PM LOCAL TIME.

CLIMATE NORMAL PERIOD 1981 TO 2010
CLIMATE RECORD PERIOD 1871 TO 2014


WEATHER ITEM   OBSERVED TIME   RECORD YEAR NORMAL DEPARTURE LAST
                VALUE   (LST)  VALUE       VALUE  FROM      YEAR
                                                  NORMAL
..................................................................
TEMPERATURE (F)
 TODAY
  MAXIMUM         73    130 PM  78    1987  56     17       27
  MINIMUM         35    520 AM   3    1953  31      4       10
  AVERAGE         54                        43     11       19

PRECIPITATION (IN)
  TODAY            0.00          0.63 1920   0.06  -0.06     0.00
  MONTH TO DATE    0.64                      0.96  -0.32     1.87
  SINCE MAR 1      1.54                      2.01  -0.47     2.50
  SINCE JAN 1      3.70                      2.81   0.89     3.38

SNOWFALL (IN)
  TODAY            0.0           7.0  1920   0.3   -0.3      0.0
  MONTH TO DATE    6.1                       7.0   -0.9     27.9
  SINCE JUL 1     77.6                      54.8   22.8     73.1
  SNOW DEPTH       0

DEGREE DAYS
 HEATING
  TODAY           11                        22    -11       46
  MONTH TO DATE  414                       431    -17      580
  SINCE MAR 1   1287                      1332    -45     1510
  SINCE JUL 1   6491                      6351    140     6443

 COOLING
  TODAY            0                         0      0        0
  MONTH TO DATE    0                         0      0        0
  SINCE MAR 1      0                         0      0        0
  SINCE JAN 1      0                         0      0        0
..................................................................


WIND (MPH)
  HIGHEST WIND SPEED    23   HIGHEST WIND DIRECTION     S (190)
  HIGHEST GUST SPEED    29   HIGHEST GUST DIRECTION     S (200)
  AVERAGE WIND SPEED    10.4


SKY COVER
  AVERAGE SKY COVER 0.0


WEATHER CONDITIONS
 THE FOLLOWING WEATHER WAS RECORDED TODAY.
  NO SIGNIFICANT WEATHER WAS OBSERVED.


RELATIVE HUMIDITY (PERCENT)
 HIGHEST    76           200 AM
 LOWEST     20           100 PM
 AVERAGE    48

..........................................................


THE CHEYENNE WYOMING CLIMATE NORMALS FOR TOMORROW
                         NORMAL    RECORD    YEAR
 MAXIMUM TEMPERATURE (F)   56        78      1962
 MINIMUM TEMPERATURE (F)   32         0      1966


SUNRISE AND SUNSET
APRIL 18 2014.........SUNRISE   615 AM MDT   SUNSET   742 PM MDT
APRIL 19 2014.........SUNRISE   614 AM MDT   SUNSET   744 PM MDT


-  INDICATES NEGATIVE NUMBERS.
R  INDICATES RECORD WAS SET OR TIED.
MM INDICATES DATA IS MISSING.
T  INDICATES TRACE AMOUNT.




$$
