000
CDUS45 KCYS 110727
CLICYS


CLIMATE REPORT
NATIONAL WEATHER SERVICE CHEYENNE WY
1227 AM MST THU FEB 11 2016


...................................

...THE CHEYENNE WYOMING AIRPORT CLIMATE SUMMARY FOR FEBRUARY 10 2016...

CLIMATE NORMAL PERIOD 1981 TO 2010
CLIMATE RECORD PERIOD 1871 TO 2016


WEATHER ITEM   OBSERVED TIME   RECORD YEAR NORMAL DEPARTURE LAST
                VALUE   (LST)  VALUE       VALUE  FROM      YEAR
                                                  NORMAL
..................................................................
TEMPERATURE (F)
 YESTERDAY
  MAXIMUM         58    259 PM  67    1962  39     19       50
  MINIMUM         35   1103 PM -18    1899  18     17       34
  AVERAGE         47                        29     18       42

PRECIPITATION (IN)
  YESTERDAY        0.00          0.52 1995   0.01  -0.01      T
  MONTH TO DATE    0.67                      0.14   0.53     0.31
  SINCE JAN 1      1.15                      0.47   0.68     0.37

SNOWFALL (IN)
  YESTERDAY        0.0           7.5  1995   0.3   -0.3       T
  MONTH TO DATE   10.9                       2.6    8.3      3.9
  SINCE JUL 1     45.6                      31.2   14.4     27.3
  SNOW DEPTH       T

DEGREE DAYS
 HEATING
  YESTERDAY       18                        36    -18       23
  MONTH TO DATE  374                       368      6      234
  SINCE DEC 1   2621                      2647    -26     2357
  SINCE JUL 1   4048                      4395   -347     3960

 COOLING
  YESTERDAY        0                         0      0        0
  MONTH TO DATE    0                         0      0        0
  SINCE DEC 1      0                         0      0        0
  SINCE JAN 1      0                         0      0        0
..................................................................


WIND (MPH)
  HIGHEST WIND SPEED    33   HIGHEST WIND DIRECTION     W (280)
  HIGHEST GUST SPEED    43   HIGHEST GUST DIRECTION     W (280)
  AVERAGE WIND SPEED    17.5


SKY COVER
  AVERAGE SKY COVER 0.0


WEATHER CONDITIONS
 THE FOLLOWING WEATHER WAS RECORDED YESTERDAY.
  NO SIGNIFICANT WEATHER WAS OBSERVED.


RELATIVE HUMIDITY (PERCENT)
 HIGHEST    44           900 PM
 LOWEST     17           300 PM
 AVERAGE    31

..........................................................


THE CHEYENNE WYOMING AIRPORT CLIMATE NORMALS FOR TODAY
                         NORMAL    RECORD    YEAR
 MAXIMUM TEMPERATURE (F)   40        71      1962
 MINIMUM TEMPERATURE (F)   18       -21      1905


SUNRISE AND SUNSET
FEBRUARY 11 2016......SUNRISE   700 AM MST   SUNSET   528 PM MST
FEBRUARY 12 2016......SUNRISE   658 AM MST   SUNSET   529 PM MST


-  INDICATES NEGATIVE NUMBERS.
R  INDICATES RECORD WAS SET OR TIED.
MM INDICATES DATA IS MISSING.
T  INDICATES TRACE AMOUNT.




$$
