000
CDUS45 KCYS 282130
CLICYS


CLIMATE REPORT
NATIONAL WEATHER SERVICE CHEYENNE WY
330 PM MDT SUN AUG 28 2016


...................................

...THE CHEYENNE WYOMING AIRPORT CLIMATE SUMMARY FOR AUGUST 28 2016...
VALID AS OF 0300 PM LOCAL TIME.

CLIMATE NORMAL PERIOD 1981 TO 2010
CLIMATE RECORD PERIOD 1871 TO 2016


WEATHER ITEM   OBSERVED TIME   RECORD YEAR NORMAL DEPARTURE LAST
                VALUE   (LST)  VALUE       VALUE  FROM      YEAR
                                                  NORMAL
..................................................................
TEMPERATURE (F)
 TODAY
  MAXIMUM         86    150 PM  92    2013  79      7       81
                                      1937
  MINIMUM         51    449 AM  36    1875  52     -1       54
  AVERAGE         69                        65      4       68

PRECIPITATION (IN)
  TODAY            0.00          0.75 1974   0.06  -0.06     0.03
  MONTH TO DATE    1.05                      1.80  -0.75     0.65
  SINCE JUN 1      4.21                      6.33  -2.12     4.03
  SINCE JAN 1     12.83                     12.30   0.53    13.61

SNOWFALL (IN)
  TODAY            0.0          MM      MM   0.0    0.0      0.0
  MONTH TO DATE    T                         0.0    0.0      0.0
  SINCE JUL 1      T                         0.0    0.0      0.0
  SNOW DEPTH       0

DEGREE DAYS
 HEATING
  TODAY            0                         2     -2        0
  MONTH TO DATE   44                        32     12       40
  SINCE JUN 1     73                       188   -115      105
  SINCE JUL 1     47                        54     -7       69

 COOLING
  TODAY            4                         2      2        3
  MONTH TO DATE  105                       110     -5      123
  SINCE JUN 1    417                       317    100      295
  SINCE JAN 1    417                       320     97      295
..................................................................


WIND (MPH)
  HIGHEST WIND SPEED    14   HIGHEST WIND DIRECTION     E (80)
  HIGHEST GUST SPEED    19   HIGHEST GUST DIRECTION     E (80)
  AVERAGE WIND SPEED     7.1


SKY COVER
  AVERAGE SKY COVER 0.1


WEATHER CONDITIONS
 THE FOLLOWING WEATHER WAS RECORDED TODAY.
  NO SIGNIFICANT WEATHER WAS OBSERVED.


RELATIVE HUMIDITY (PERCENT)
 HIGHEST    54           200 AM
 LOWEST     14           100 PM
 AVERAGE    34

..........................................................


THE CHEYENNE WYOMING AIRPORT CLIMATE NORMALS FOR TOMORROW
                         NORMAL    RECORD    YEAR
 MAXIMUM TEMPERATURE (F)   79        93      2012
 MINIMUM TEMPERATURE (F)   51        30      1892


SUNRISE AND SUNSET
AUGUST 28 2016........SUNRISE   622 AM MDT   SUNSET   737 PM MDT
AUGUST 29 2016........SUNRISE   623 AM MDT   SUNSET   736 PM MDT


-  INDICATES NEGATIVE NUMBERS.
R  INDICATES RECORD WAS SET OR TIED.
MM INDICATES DATA IS MISSING.
T  INDICATES TRACE AMOUNT.




$$
