000
CDUS45 KCYS 260728
CLICYS


CLIMATE REPORT
NATIONAL WEATHER SERVICE CHEYENNE WY
1227 AM MST FRI DEC 26 2014


...................................

...THE CHEYENNE WYOMING CLIMATE SUMMARY FOR DECEMBER 25 2014...

CLIMATE NORMAL PERIOD 1981 TO 2010
CLIMATE RECORD PERIOD 1871 TO 2014


WEATHER ITEM   OBSERVED TIME   RECORD YEAR NORMAL DEPARTURE LAST
                VALUE   (LST)  VALUE       VALUE  FROM      YEAR
                                                  NORMAL
..................................................................
TEMPERATURE (F)
 YESTERDAY
  MAXIMUM         39   1210 AM  60    2005  38      1       40
  MINIMUM         15   1159 PM -14    1876  17     -2       19
  AVERAGE         27                        28     -1       30

PRECIPITATION (IN)
  YESTERDAY        0.35R         0.24 1922   0.02   0.33     0.00
  MONTH TO DATE    0.45                      0.41   0.04     0.48
  SINCE JAN 1     17.55                     15.86   1.69    18.16

SNOWFALL (IN)
  YESTERDAY        6.8 R         3.0  1922   0.2    6.6      0.0
  MONTH TO DATE    8.3                       6.9    1.4      9.8
  SINCE JUL 1     19.7                      21.2   -1.5     25.4
  SNOW DEPTH       0

DEGREE DAYS
 HEATING
  YESTERDAY       38                        37      1       35
  MONTH TO DATE  759                       935   -176     1014
  SINCE DEC 1    759                       935   -176     1014
  SINCE JUL 1   2357                      2683   -326     2718

 COOLING
  YESTERDAY        0                         0      0        0
  MONTH TO DATE    0                         0      0        0
  SINCE DEC 1      0                         0      0        0
  SINCE JAN 1    301                       348    -47      520
..................................................................


WIND (MPH)
  HIGHEST WIND SPEED    24   HIGHEST WIND DIRECTION    NE (30)
  HIGHEST GUST SPEED    33   HIGHEST GUST DIRECTION     N (20)
  AVERAGE WIND SPEED     9.4


SKY COVER
  AVERAGE SKY COVER 0.8


WEATHER CONDITIONS
 THE FOLLOWING WEATHER WAS RECORDED YESTERDAY.
  SNOW
  LIGHT SNOW
  FOG
  HAZE


RELATIVE HUMIDITY (PERCENT)
 HIGHEST    92           900 AM
 LOWEST     47          1200 AM
 AVERAGE    70

..........................................................


THE CHEYENNE WYOMING CLIMATE NORMALS FOR TODAY
                         NORMAL    RECORD    YEAR
 MAXIMUM TEMPERATURE (F)   38        59      1980
 MINIMUM TEMPERATURE (F)   17       -11      1916


SUNRISE AND SUNSET
DECEMBER 26 2014......SUNRISE   723 AM MST   SUNSET   437 PM MST
DECEMBER 27 2014......SUNRISE   724 AM MST   SUNSET   437 PM MST


-  INDICATES NEGATIVE NUMBERS.
R  INDICATES RECORD WAS SET OR TIED.
MM INDICATES DATA IS MISSING.
T  INDICATES TRACE AMOUNT.




$$
