000
CDUS46 KSGX 241427
CLICZZ


CLIMATE REPORT
NATIONAL WEATHER SERVICE SAN DIEGO, CA
726 AM PDT FRI MAR 24 2017


...................................

...THE CAMPO ASOS CA CLIMATE SUMMARY FOR MARCH 23 2017...

CLIMATE NORMAL PERIOD 1981 TO 2010
CLIMATE RECORD PERIOD 1948 TO 2017


WEATHER ITEM   OBSERVED TIME   RECORD YEAR NORMAL DEPARTURE LAST
                VALUE   (LST)  VALUE       VALUE  FROM      YEAR
                                                  NORMAL
..................................................................
TEMPERATURE (F)
 YESTERDAY
  MAXIMUM         57    259 PM  85    1990  68    -11       66
  MINIMUM         36   1040 PM  24    1973  36      0       30
  AVERAGE         47                        52     -5       48

PRECIPITATION (IN)
  YESTERDAY        0.00          1.19 1954   0.07  -0.07     0.00
  MONTH TO DATE    0.11                      2.19  -2.08     0.59
  SINCE OCT 1     15.69                     12.62   3.07     7.34
  SINCE JAN 1     10.46                      8.40   2.06     4.39

DEGREE DAYS
 HEATING
  YESTERDAY       18                        13      5       17
  MONTH TO DATE  210                       315   -105      273
  SINCE MAR 1    210                       315   -105      273
  SINCE JUL 1   2120                      2366   -246     2157

 COOLING
  YESTERDAY        0                         0      0        0
  MONTH TO DATE    0                         0      0        0
  SINCE MAR 1      0                         0      0        0
  SINCE JAN 1      0                         0      0        0
..................................................................


WIND (MPH)
  RESULTANT WIND SPEED  12   RESULTANT WIND DIRECTION  SW (240)
  HIGHEST WIND SPEED    22   HIGHEST WIND DIRECTION    SW (240)
  HIGHEST GUST SPEED    27   HIGHEST GUST DIRECTION     W (250)
  AVERAGE WIND SPEED    12.4


SKY COVER
  POSSIBLE SUNSHINE  MM
  AVERAGE SKY COVER 0.0



RELATIVE HUMIDITY (PERCENT)
 HIGHEST   100          1100 PM
 LOWEST     57           300 PM
 AVERAGE    79

..........................................................


THE CAMPO ASOS CA CLIMATE NORMALS FOR TODAY
                         NORMAL    RECORD    YEAR
 MAXIMUM TEMPERATURE (F)   68        84      1956
 MINIMUM TEMPERATURE (F)   36        24      1957


SUNRISE AND SUNSET
MARCH 24 2017.........SUNRISE   644 AM PDT   SUNSET   701 PM PDT
MARCH 25 2017.........SUNRISE   643 AM PDT   SUNSET   701 PM PDT


-  INDICATES NEGATIVE NUMBERS.
R  INDICATES RECORD WAS SET OR TIED.
MM INDICATES DATA IS MISSING.
T  INDICATES TRACE AMOUNT.




$$
