000
CDUS46 KSGX 181420
CLICZZ


CLIMATE REPORT
NATIONAL WEATHER SERVICE SAN DIEGO, CA
620 AM PST THU DEC 18 2014


...................................

...THE CAMPO ASOS CA CLIMATE SUMMARY FOR DECEMBER 17 2014...

CLIMATE NORMAL PERIOD 1981 TO 2010
CLIMATE RECORD PERIOD 1948 TO 2014


WEATHER ITEM   OBSERVED TIME   RECORD YEAR NORMAL DEPARTURE LAST
                VALUE   (LST)  VALUE       VALUE  FROM      YEAR
                                                  NORMAL
..................................................................
TEMPERATURE (F)
 YESTERDAY
  MAXIMUM         53    227 PM  81    1980  62     -9       77
  MINIMUM         35   1159 PM  17    1990  32      3       48
  AVERAGE         44                        47     -3       63

PRECIPITATION (IN)
  YESTERDAY        0.43          2.24 1978   0.06   0.37     0.00
  MONTH TO DATE    3.07                      1.13   1.94     0.28
  SINCE JUL 1      5.36                      4.44   0.92     3.92
  SINCE JAN 1      8.12                     14.59  -6.47     8.70

SNOWFALL (IN)
  YESTERDAY       MM
  MONTH TO DATE    0.0
  SINCE JAN 1      0.0
  SINCE JUL 1      0.0
  SNOW DEPTH       0

DEGREE DAYS
 HEATING
  YESTERDAY       21                        18      3        2
  MONTH TO DATE  218                       292    -74      297
  SINCE DEC 1    218                       292    -74      297
  SINCE JUL 1    599                       862   -263      926

 COOLING
  YESTERDAY        0                         0      0        0
  MONTH TO DATE    0                         0      0        2
  SINCE DEC 1      0                         0      0        2
  SINCE JAN 1    900                       841     59      911
..................................................................


WIND (MPH)
  RESULTANT WIND SPEED   7   RESULTANT WIND DIRECTION  SW (240)
  HIGHEST WIND SPEED    24   HIGHEST WIND DIRECTION    SW (240)
  HIGHEST GUST SPEED    29   HIGHEST GUST DIRECTION    SW (240)
  AVERAGE WIND SPEED     8.0


SKY COVER
  POSSIBLE SUNSHINE  MM
  AVERAGE SKY COVER 0.0



RELATIVE HUMIDITY (PERCENT)
 HIGHEST    93          1200 AM
 LOWEST     66           100 PM
 AVERAGE    80

..........................................................


THE CAMPO ASOS CA CLIMATE NORMALS FOR TODAY
                         NORMAL    RECORD    YEAR
 MAXIMUM TEMPERATURE (F)   62        79      1979
 MINIMUM TEMPERATURE (F)   32        20      1990


SUNRISE AND SUNSET
DECEMBER 18 2014......SUNRISE   642 AM PST   SUNSET   443 PM PST
DECEMBER 19 2014......SUNRISE   643 AM PST   SUNSET   443 PM PST


-  INDICATES NEGATIVE NUMBERS.
R  INDICATES RECORD WAS SET OR TIED.
MM INDICATES DATA IS MISSING.
T  INDICATES TRACE AMOUNT.




$$
