000
CDUS46 KSGX 050017
CLICZZ


CLIMATE REPORT
NATIONAL WEATHER SERVICE SAN DIEGO, CA
517 PM PDT WED MAY 4 2016


...................................

...THE CAMPO ASOS CA CLIMATE SUMMARY FOR MAY 4 2016...
VALID TODAY AS OF 0500 PM LOCAL TIME.

CLIMATE NORMAL PERIOD 1981 TO 2010
CLIMATE RECORD PERIOD 1948 TO 2016


WEATHER ITEM   OBSERVED TIME   RECORD YEAR NORMAL DEPARTURE LAST
                VALUE   (LST)  VALUE       VALUE  FROM      YEAR
                                                  NORMAL
..................................................................
TEMPERATURE (F)
 TODAY
  MAXIMUM         78    213 PM  96    1989  77      1       74
  MINIMUM         41    419 AM  29    1973  41      0       51
  AVERAGE         60                        59      1       63

PRECIPITATION (IN)
  TODAY            0.00          0.45 1960   0.02  -0.02     0.00
  MONTH TO DATE    0.00                      0.06  -0.06     0.00
  SINCE OCT 1      9.18                     14.14  -4.96     6.62
  SINCE JAN 1      6.23                      9.92  -3.69     2.75

DEGREE DAYS
 HEATING
  TODAY            5                         7     -2        2
  MONTH TO DATE   22                        28     -6        8
  SINCE MAR 1    695                       745    -50      591
  SINCE JUL 1   2579                      2796   -217     2227

 COOLING
  TODAY            0                         0      0        0
  MONTH TO DATE    0                         0      0        2
  SINCE MAR 1      0                         3     -3        7
  SINCE JAN 1      0                         3     -3        7
..................................................................


WIND (MPH)
  RESULTANT WIND SPEED   3   RESULTANT WIND DIRECTION  SW (210)
  HIGHEST WIND SPEED    22   HIGHEST WIND DIRECTION    SW (220)
  HIGHEST GUST SPEED    26   HIGHEST GUST DIRECTION    SW (230)
  AVERAGE WIND SPEED     8.9


SKY COVER
  POSSIBLE SUNSHINE  MM
  AVERAGE SKY COVER 0.0



RELATIVE HUMIDITY (PERCENT)
 HIGHEST    76           200 AM
 LOWEST     23           900 AM
 AVERAGE    50

..........................................................


THE CAMPO ASOS CA CLIMATE NORMALS FOR TOMORROW
                         NORMAL    RECORD    YEAR
 MAXIMUM TEMPERATURE (F)   77        93      1989
 MINIMUM TEMPERATURE (F)   41        29      1959


SUNRISE AND SUNSET
MAY  4 2016...........SUNRISE   556 AM PDT   SUNSET   730 PM PDT
MAY  5 2016...........SUNRISE   555 AM PDT   SUNSET   731 PM PDT


-  INDICATES NEGATIVE NUMBERS.
R  INDICATES RECORD WAS SET OR TIED.
MM INDICATES DATA IS MISSING.
T  INDICATES TRACE AMOUNT.




$$
