000
CDUS46 KSGX 050017
CLICZZ


CLIMATE REPORT
NATIONAL WEATHER SERVICE SAN DIEGO, CA
417 PM PST WED MAR 4 2015


...................................

...THE CAMPO ASOS CA CLIMATE SUMMARY FOR MARCH 4 2015...
VALID TODAY AS OF 0400 PM LOCAL TIME.

CLIMATE NORMAL PERIOD 1981 TO 2010
CLIMATE RECORD PERIOD 1948 TO 2015


WEATHER ITEM   OBSERVED TIME   RECORD YEAR NORMAL DEPARTURE LAST
                VALUE   (LST)  VALUE       VALUE  FROM      YEAR
                                                  NORMAL
..................................................................
TEMPERATURE (F)
 TODAY
  MAXIMUM         60    304 PM  82    1972  66     -6       65
  MINIMUM         31    637 AM  22    1977  36     -5       36
  AVERAGE         46                        51     -5       51

PRECIPITATION (IN)
  TODAY            0.00          0.74 1983   0.11  -0.11     0.00
  MONTH TO DATE    1.45                      0.44   1.01     0.64
  SINCE OCT 1      6.35                     10.87  -4.52     4.21
  SINCE JAN 1      2.48                      6.65  -4.17     1.96

SNOWFALL (IN)
  TODAY            0.0
  MONTH TO DATE    0.0
  SINCE JAN 1      0.0
  SINCE JUL 1      0.0
  SNOW DEPTH       0

DEGREE DAYS
 HEATING
  TODAY           19                        14      5       14
  MONTH TO DATE   80                        57     23       62
  SINCE MAR 1     80                        57     23       62
  SINCE JUL 1   1716                      2108   -392     1932

 COOLING
  TODAY            0                         0      0        0
  MONTH TO DATE    0                         0      0        0
  SINCE MAR 1      0                         0      0        0
  SINCE JAN 1      0                         0      0        0
..................................................................


WIND (MPH)
  RESULTANT WIND SPEED  10   RESULTANT WIND DIRECTION  NE (50)
  HIGHEST WIND SPEED    25   HIGHEST WIND DIRECTION    NE (50)
  HIGHEST GUST SPEED    31   HIGHEST GUST DIRECTION    NE (50)
  AVERAGE WIND SPEED    10.1


SKY COVER
  POSSIBLE SUNSHINE  MM
  AVERAGE SKY COVER 0.0



RELATIVE HUMIDITY (PERCENT)
 HIGHEST    96          1200 AM
 LOWEST     24           300 PM
 AVERAGE    60

..........................................................


THE CAMPO ASOS CA CLIMATE NORMALS FOR TOMORROW
                         NORMAL    RECORD    YEAR
 MAXIMUM TEMPERATURE (F)   66        85      1986
 MINIMUM TEMPERATURE (F)   36        20      1974


SUNRISE AND SUNSET
MARCH  4 2015.........SUNRISE   610 AM PST   SUNSET   545 PM PST
MARCH  5 2015.........SUNRISE   609 AM PST   SUNSET   546 PM PST


-  INDICATES NEGATIVE NUMBERS.
R  INDICATES RECORD WAS SET OR TIED.
MM INDICATES DATA IS MISSING.
T  INDICATES TRACE AMOUNT.




$$
