000
CDUS46 KSGX 201249
CLICZZ


CLIMATE REPORT
NATIONAL WEATHER SERVICE SAN DIEGO, CA
449 AM PST MON NOV 20 2017


...................................

...THE CAMPO ASOS CA CLIMATE SUMMARY FOR NOVEMBER 19 2017...

CLIMATE NORMAL PERIOD 1981 TO 2010
CLIMATE RECORD PERIOD 1948 TO 2017


WEATHER ITEM   OBSERVED TIME   RECORD YEAR NORMAL DEPARTURE LAST
                VALUE   (LST)  VALUE       VALUE  FROM      YEAR
                                                  NORMAL
..................................................................
TEMPERATURE (F)
 YESTERDAY
  MAXIMUM         72    211 PM  84    1995  69      3       77
  MINIMUM         34   1102 PM  19    1994  36     -2       33
  AVERAGE         53                        52      1       55

PRECIPITATION (IN)
  YESTERDAY        0.00          0.89 1967   0.04  -0.04     0.01
  MONTH TO DATE    0.34                      0.59  -0.25     0.01
  SINCE OCT 1      0.34                      1.41  -1.07     0.07
  SINCE JAN 1     12.06                     12.92  -0.86     7.45

DEGREE DAYS
 HEATING
  YESTERDAY       12                        13     -1       10
  MONTH TO DATE  168                       200    -32       97
  SINCE SEP 1    342                       396    -54      232
  SINCE JUL 1    346                       410    -64      232

 COOLING
  YESTERDAY        0                         0      0        0
  MONTH TO DATE    0                         0      0        4
  SINCE SEP 1    202                       189     13      135
  SINCE JAN 1   1079                       839    240      955
..................................................................


WIND (MPH)
  RESULTANT WIND SPEED   8   RESULTANT WIND DIRECTION  NE (60)
  HIGHEST WIND SPEED    24   HIGHEST WIND DIRECTION     E (70)
  HIGHEST GUST SPEED    29   HIGHEST GUST DIRECTION     E (90)
  AVERAGE WIND SPEED     9.6


SKY COVER
  POSSIBLE SUNSHINE  MM
  AVERAGE SKY COVER 0.0



RELATIVE HUMIDITY (PERCENT)
 HIGHEST    55           400 AM
 LOWEST      8          1200 PM
 AVERAGE    32

..........................................................


THE CAMPO ASOS CA CLIMATE NORMALS FOR TODAY
                         NORMAL    RECORD    YEAR
 MAXIMUM TEMPERATURE (F)   68        85      1995
 MINIMUM TEMPERATURE (F)   35        17      1979


SUNRISE AND SUNSET
NOVEMBER 20 2017......SUNRISE   620 AM PST   SUNSET   442 PM PST
NOVEMBER 21 2017......SUNRISE   621 AM PST   SUNSET   442 PM PST


-  INDICATES NEGATIVE NUMBERS.
R  INDICATES RECORD WAS SET OR TIED.
MM INDICATES DATA IS MISSING.
T  INDICATES TRACE AMOUNT.




$$
