000
CDUS46 KSGX 212319
CLICZZ


CLIMATE REPORT
NATIONAL WEATHER SERVICE SAN DIEGO, CA
419 PM PDT MON AUG 21 2017


...................................

...THE CAMPO ASOS CA CLIMATE SUMMARY FOR AUGUST 21 2017...
VALID TODAY AS OF 0400 PM LOCAL TIME.

CLIMATE NORMAL PERIOD 1981 TO 2010
CLIMATE RECORD PERIOD 1948 TO 2017


WEATHER ITEM   OBSERVED TIME   RECORD YEAR NORMAL DEPARTURE LAST
                VALUE   (LST)  VALUE       VALUE  FROM      YEAR
                                                  NORMAL
..................................................................
TEMPERATURE (F)
 TODAY
  MAXIMUM         88    241 PM 102    1969  95     -7       93
  MINIMUM         49    523 AM  40    1954  53     -4       56
  AVERAGE         69                        74     -5       75

PRECIPITATION (IN)
  TODAY            0.00          0.63 1995   0.02  -0.02     0.00
  MONTH TO DATE    0.00                      0.48  -0.48     0.00
  SINCE OCT 1     16.74                     15.17   1.57     9.32
  SINCE JAN 1     11.51                     10.95   0.56     6.37

DEGREE DAYS
 HEATING
  TODAY            0                         0      0        0
  MONTH TO DATE    4                         0      4        0
  SINCE JUN 1     41                        63    -22       27
  SINCE JUL 1      4                         7     -3        0

 COOLING
  TODAY            4                         9     -5       10
  MONTH TO DATE  181                       189     -8      214
  SINCE JUN 1    716                       531    185      735
  SINCE JAN 1    743                       561    182      738
..................................................................


WIND (MPH)
  RESULTANT WIND SPEED   2   RESULTANT WIND DIRECTION  SW (210)
  HIGHEST WIND SPEED    18   HIGHEST WIND DIRECTION    SW (220)
  HIGHEST GUST SPEED    22   HIGHEST GUST DIRECTION    SW (220)
  AVERAGE WIND SPEED     6.5


SKY COVER
  POSSIBLE SUNSHINE  MM
  AVERAGE SKY COVER 0.0



RELATIVE HUMIDITY (PERCENT)
 HIGHEST    77          1200 AM
 LOWEST     20          1100 AM
 AVERAGE    49

..........................................................


THE CAMPO ASOS CA CLIMATE NORMALS FOR TOMORROW
                         NORMAL    RECORD    YEAR
 MAXIMUM TEMPERATURE (F)   94       103      1998
 MINIMUM TEMPERATURE (F)   53        37      1968


SUNRISE AND SUNSET
AUGUST 21 2017........SUNRISE   614 AM PDT   SUNSET   723 PM PDT
AUGUST 22 2017........SUNRISE   614 AM PDT   SUNSET   722 PM PDT


-  INDICATES NEGATIVE NUMBERS.
R  INDICATES RECORD WAS SET OR TIED.
MM INDICATES DATA IS MISSING.
T  INDICATES TRACE AMOUNT.




$$
