000
CDUS46 KSGX 251435
CLICZZ


CLIMATE REPORT
NATIONAL WEATHER SERVICE SAN DIEGO, CA
735 AM PDT TUE APR 25 2017


...................................

...THE CAMPO ASOS CA CLIMATE SUMMARY FOR APRIL 24 2017...

CLIMATE NORMAL PERIOD 1981 TO 2010
CLIMATE RECORD PERIOD 1948 TO 2017


WEATHER ITEM   OBSERVED TIME   RECORD YEAR NORMAL DEPARTURE LAST
                VALUE   (LST)  VALUE       VALUE  FROM      YEAR
                                                  NORMAL
..................................................................
TEMPERATURE (F)
 YESTERDAY
  MAXIMUM         70    137 PM  89    1996  75     -5       73
  MINIMUM         36    459 AM  27    1963  39     -3       37
  AVERAGE         53                        57     -4       55

PRECIPITATION (IN)
  YESTERDAY        0.00          0.63 1990   0.03  -0.03     0.00
  MONTH TO DATE    0.00                      0.83  -0.83     1.70
  SINCE OCT 1     15.69                     13.95   1.74     9.17
  SINCE JAN 1     10.46                      9.73   0.73     6.22

DEGREE DAYS
 HEATING
  YESTERDAY       12                         8      4       10
  MONTH TO DATE  223                       253    -30      202
  SINCE MAR 1    532                       670   -138      588
  SINCE JUL 1   2442                      2721   -279     2472

 COOLING
  YESTERDAY        0                         0      0        0
  MONTH TO DATE    2                         0      2        0
  SINCE MAR 1      2                         0      2        0
  SINCE JAN 1      2                         0      2        0
..................................................................


WIND (MPH)
  RESULTANT WIND SPEED   8   RESULTANT WIND DIRECTION  SW (230)
  HIGHEST WIND SPEED    23   HIGHEST WIND DIRECTION    SW (230)
  HIGHEST GUST SPEED    30   HIGHEST GUST DIRECTION    SW (230)
  AVERAGE WIND SPEED     9.9


SKY COVER
  POSSIBLE SUNSHINE  MM
  AVERAGE SKY COVER 0.0



RELATIVE HUMIDITY (PERCENT)
 HIGHEST   100           400 AM
 LOWEST     44           100 PM
 AVERAGE    72

..........................................................


THE CAMPO ASOS CA CLIMATE NORMALS FOR TODAY
                         NORMAL    RECORD    YEAR
 MAXIMUM TEMPERATURE (F)   75        90      2000
 MINIMUM TEMPERATURE (F)   39        23      1961


SUNRISE AND SUNSET
APRIL 25 2017.........SUNRISE   605 AM PDT   SUNSET   723 PM PDT
APRIL 26 2017.........SUNRISE   604 AM PDT   SUNSET   724 PM PDT


-  INDICATES NEGATIVE NUMBERS.
R  INDICATES RECORD WAS SET OR TIED.
MM INDICATES DATA IS MISSING.
T  INDICATES TRACE AMOUNT.




$$
