000
CDUS46 KSGX 210017
CLICZZ


CLIMATE REPORT
NATIONAL WEATHER SERVICE SAN DIEGO, CA
517 PM PDT SAT SEP 20 2014


...................................

...THE CAMPO ASOS CA CLIMATE SUMMARY FOR SEPTEMBER 20 2014...
VALID TODAY AS OF 0500 PM LOCAL TIME.

CLIMATE NORMAL PERIOD 1981 TO 2010
CLIMATE RECORD PERIOD 1948 TO 2014


WEATHER ITEM   OBSERVED TIME   RECORD YEAR NORMAL DEPARTURE LAST
                VALUE   (LST)  VALUE       VALUE  FROM      YEAR
                                                  NORMAL
..................................................................
TEMPERATURE (F)
 TODAY
  MAXIMUM         82    205 PM  97    1979  88     -6       83
  MINIMUM         50    527 AM  33    1989  48      2       46
  AVERAGE         66                        68     -2       65

PRECIPITATION (IN)
  TODAY            0.00          0.21 1983   0.01  -0.01     0.00
  MONTH TO DATE    1.41                      0.23   1.18     1.51
  SINCE JUL 1      2.03                      1.25   0.78     1.94
  SINCE JAN 1      4.79                     11.40  -6.61     6.72

SNOWFALL (IN)
  TODAY            0.0
  MONTH TO DATE    0.0
  SINCE JAN 1      0.0
  SINCE JUL 1      0.0
  SNOW DEPTH       0

DEGREE DAYS
 HEATING
  TODAY            0                         1     -1        0
  MONTH TO DATE    0                        18    -18        2
  SINCE SEP 1      0                        18    -18        2
  SINCE JUL 1      2                        32    -30        4

 COOLING
  TODAY            1                         4     -3        0
  MONTH TO DATE  184                       127     57      186
  SINCE SEP 1    184                       127     57      186
  SINCE JAN 1    816                       777     39      903
..................................................................


WIND (MPH)
  RESULTANT WIND SPEED   4   RESULTANT WIND DIRECTION  SW (230)
  HIGHEST WIND SPEED    20   HIGHEST WIND DIRECTION    SW (220)
  HIGHEST GUST SPEED    23   HIGHEST GUST DIRECTION    SW (230)
  AVERAGE WIND SPEED     7.0


SKY COVER
  POSSIBLE SUNSHINE  MM
  AVERAGE SKY COVER 0.0



RELATIVE HUMIDITY (PERCENT)
 HIGHEST    93           300 AM
 LOWEST     33           100 PM
 AVERAGE    63

..........................................................


THE CAMPO ASOS CA CLIMATE NORMALS FOR TOMORROW
                         NORMAL    RECORD    YEAR
 MAXIMUM TEMPERATURE (F)   88        99      2003
 MINIMUM TEMPERATURE (F)   48        33      1986


SUNRISE AND SUNSET
SEPTEMBER 20 2014.....SUNRISE   633 AM PDT   SUNSET   645 PM PDT
SEPTEMBER 21 2014.....SUNRISE   633 AM PDT   SUNSET   644 PM PDT


-  INDICATES NEGATIVE NUMBERS.
R  INDICATES RECORD WAS SET OR TIED.
MM INDICATES DATA IS MISSING.
T  INDICATES TRACE AMOUNT.




$$
