000
CDUS43 KUNR 210833
CLID07


CLIMATE REPORT
NATIONAL WEATHER SERVICE RAPID CITY SD
132 AM MST WED FEB 21 2018


...................................

...THE FAITH SD CLIMATE SUMMARY FOR FEBRUARY 20 2018...

CLIMATE NORMAL PERIOD 1981 TO 2010
CLIMATE RECORD PERIOD 9999 TO 9999


WEATHER ITEM   OBSERVED TIME   NORMAL DEPARTURE LAST
                VALUE   (LST)  VALUE  FROM      YEAR
                                      NORMAL
......................................................
TEMPERATURE (F)
 YESTERDAY
  MAXIMUM          3    310 PM  35    -32       59
  MINIMUM        -14    951 PM  15    -29       40
  AVERAGE         -5            25    -30       50

PRECIPITATION (IN)
  YESTERDAY        0.02          0.02   0.00     0.05
  MONTH TO DATE    0.92          0.34   0.58     0.13
  SINCE DEC 1      1.68          0.94   0.74     1.12
  SINCE JAN 1      1.07          0.54   0.53     0.68

DEGREE DAYS
 HEATING
  YESTERDAY       70            40     30       15
  MONTH TO DATE 1162           849    313      771
  SINCE DEC 1   3904          3595    309     3828
  SINCE JUL 1   5527          5378    149     5079

 COOLING
  YESTERDAY        0             0      0        0
  MONTH TO DATE    0             0      0        0
  SINCE DEC 1      0             0      0        0
  SINCE JAN 1      0             0      0        0
......................................................


WIND (MPH)
  HIGHEST WIND SPEED    18   HIGHEST WIND DIRECTION     N (350)
  HIGHEST GUST SPEED    20   HIGHEST GUST DIRECTION     N (350)
  AVERAGE WIND SPEED    11.6




RELATIVE HUMIDITY (PERCENT)
 HIGHEST    91          1200 AM
 LOWEST     68           300 PM
 AVERAGE    80

..........................................................




SUNRISE AND SUNSET
FEBRUARY 21 2018......SUNRISE   639 AM MST   SUNSET   525 PM MST
FEBRUARY 22 2018......SUNRISE   638 AM MST   SUNSET   526 PM MST


-  INDICATES NEGATIVE NUMBERS.
R  INDICATES RECORD WAS SET OR TIED.
MM INDICATES DATA IS MISSING.
T  INDICATES TRACE AMOUNT.




$$
