619
CDUS43 KUNR 180832
CLID07


CLIMATE REPORT
NATIONAL WEATHER SERVICE RAPID CITY SD
231 AM MDT FRI AUG 18 2017


...................................

...THE FAITH SD CLIMATE SUMMARY FOR AUGUST 17 2017...

CLIMATE NORMAL PERIOD 1981 TO 2010
CLIMATE RECORD PERIOD 9999 TO 9999


WEATHER ITEM   OBSERVED TIME   NORMAL DEPARTURE LAST
                VALUE   (LST)  VALUE  FROM      YEAR
                                      NORMAL
......................................................
TEMPERATURE (F)
 YESTERDAY
  MAXIMUM         92    241 PM  86      6       92
  MINIMUM         54    313 AM  58     -4       60
  AVERAGE         73            72      1       76

PRECIPITATION (IN)
  YESTERDAY        0.00          0.05  -0.05     0.00
  MONTH TO DATE    0.49          0.98  -0.49     0.89
  SINCE JUN 1      3.62          6.87  -3.25     4.43
  SINCE JAN 1      7.90         13.17  -5.27    11.28

DEGREE DAYS
 HEATING
  YESTERDAY        0             1     -1        0
  MONTH TO DATE   12             1     11        0
  SINCE JUN 1     42           103    -61       18
  SINCE JUL 1     12            13     -1        3

 COOLING
  YESTERDAY        8             8      0       11
  MONTH TO DATE   45           145   -100      166
  SINCE JUN 1    569           478     91      623
  SINCE JAN 1    581           490     91      625
......................................................


WIND (MPH)
  HIGHEST WIND SPEED    28   HIGHEST WIND DIRECTION    NW (320)
  HIGHEST GUST SPEED    34   HIGHEST GUST DIRECTION    NW (330)
  AVERAGE WIND SPEED    14.0




RELATIVE HUMIDITY (PERCENT)
 HIGHEST    77          1200 AM
 LOWEST     16           300 PM
 AVERAGE    47

..........................................................




SUNRISE AND SUNSET
AUGUST 18 2017........SUNRISE   554 AM MDT   SUNSET   749 PM MDT
AUGUST 19 2017........SUNRISE   555 AM MDT   SUNSET   747 PM MDT


-  INDICATES NEGATIVE NUMBERS.
R  INDICATES RECORD WAS SET OR TIED.
MM INDICATES DATA IS MISSING.
T  INDICATES TRACE AMOUNT.




$$
