000
CDUS43 KUNR 230843
CLID07


CLIMATE REPORT
NATIONAL WEATHER SERVICE RAPID CITY SD
239 AM MDT SAT MAY 23 2015


...................................

...THE FAITH SD CLIMATE SUMMARY FOR MAY 22 2015...

CLIMATE NORMAL PERIOD 1981 TO 2010
CLIMATE RECORD PERIOD 9999 TO 9999


WEATHER ITEM   OBSERVED TIME   NORMAL DEPARTURE LAST
                VALUE   (LST)  VALUE  FROM      YEAR
                                      NORMAL
......................................................
TEMPERATURE (F)
 YESTERDAY
  MAXIMUM         70    139 PM  68      2       78
  MINIMUM         43   1232 AM  45     -2       49
  AVERAGE         57            57      0       64

PRECIPITATION (IN)
  YESTERDAY        0.00          0.10  -0.10     0.00
  MONTH TO DATE    3.78          2.15   1.63     0.90
  SINCE MAR 1      4.43          4.76  -0.33     2.97
  SINCE JAN 1      4.86          5.38  -0.52     3.87

DEGREE DAYS
 HEATING
  YESTERDAY        8             9     -1        1
  MONTH TO DATE  307           253     54      337
  SINCE MAR 1   1572          1864   -292     2063
  SINCE JUL 1   7071          7552   -481     8149

 COOLING
  YESTERDAY        0             0      0        0
  MONTH TO DATE    0             0      0        0
  SINCE MAR 1      2             1      1        0
  SINCE JAN 1      2             1      1        0
......................................................


WIND (MPH)
  HIGHEST WIND SPEED    26   HIGHEST WIND DIRECTION    SE (150)
  HIGHEST GUST SPEED    35   HIGHEST GUST DIRECTION    SE (150)
  AVERAGE WIND SPEED    14.9




RELATIVE HUMIDITY (PERCENT)
 HIGHEST    76          1100 PM
 LOWEST     29           400 PM
 AVERAGE    53

..........................................................




SUNRISE AND SUNSET
MAY 23 2015...........SUNRISE   511 AM MDT   SUNSET   819 PM MDT
MAY 24 2015...........SUNRISE   510 AM MDT   SUNSET   820 PM MDT


-  INDICATES NEGATIVE NUMBERS.
R  INDICATES RECORD WAS SET OR TIED.
MM INDICATES DATA IS MISSING.
T  INDICATES TRACE AMOUNT.




$$
