000
CDUS43 KUNR 260835
CLID07


CLIMATE REPORT
NATIONAL WEATHER SERVICE RAPID CITY SD
234 AM MDT WED APR 26 2017


...................................

...THE FAITH SD CLIMATE SUMMARY FOR APRIL 25 2017...

CLIMATE NORMAL PERIOD 1981 TO 2010
CLIMATE RECORD PERIOD 9999 TO 9999


WEATHER ITEM   OBSERVED TIME   NORMAL DEPARTURE LAST
                VALUE   (LST)  VALUE  FROM      YEAR
                                      NORMAL
......................................................
TEMPERATURE (F)
 YESTERDAY
  MAXIMUM         33   1222 AM  61    -28       47
  MINIMUM         27    130 PM  37    -10       31
  AVERAGE         30            49    -19       39

PRECIPITATION (IN)
  YESTERDAY        0.09          0.08   0.01     0.00
  MONTH TO DATE    1.55          1.20   0.35     2.69
  SINCE MAR 1      2.05          2.18  -0.13     3.52
  SINCE JAN 1      3.07          2.80   0.27     5.03

DEGREE DAYS
 HEATING
  YESTERDAY       35            16     19       26
  MONTH TO DATE  446           533    -87      440
  SINCE MAR 1   1356          1536   -180     1210
  SINCE JUL 1   6707          7224   -517     6156

 COOLING
  YESTERDAY        0             0      0        0
  MONTH TO DATE    0             0      0        0
  SINCE MAR 1      0             0      0        0
  SINCE JAN 1      0             0      0        0
......................................................


WIND (MPH)
  HIGHEST WIND SPEED    25   HIGHEST WIND DIRECTION     N (360)
  HIGHEST GUST SPEED    29   HIGHEST GUST DIRECTION    NE (30)
  AVERAGE WIND SPEED    16.9




RELATIVE HUMIDITY (PERCENT)
 HIGHEST   100           200 AM
 LOWEST     85           900 PM
 AVERAGE    93

..........................................................




SUNRISE AND SUNSET
APRIL 26 2017.........SUNRISE   545 AM MDT   SUNSET   748 PM MDT
APRIL 27 2017.........SUNRISE   543 AM MDT   SUNSET   749 PM MDT


-  INDICATES NEGATIVE NUMBERS.
R  INDICATES RECORD WAS SET OR TIED.
MM INDICATES DATA IS MISSING.
T  INDICATES TRACE AMOUNT.




$$
