000
CDUS43 KUNR 070839
CLID07


CLIMATE REPORT
NATIONAL WEATHER SERVICE RAPID CITY SD
138 AM MST SUN FEB 7 2016


...................................

...THE FAITH SD CLIMATE SUMMARY FOR FEBRUARY 6 2016...

CLIMATE NORMAL PERIOD 1981 TO 2010
CLIMATE RECORD PERIOD 9999 TO 9999


WEATHER ITEM   OBSERVED TIME   NORMAL DEPARTURE LAST
                VALUE   (LST)  VALUE  FROM      YEAR
                                      NORMAL
......................................................
TEMPERATURE (F)
 YESTERDAY
  MAXIMUM         52    201 PM  32     20       65
  MINIMUM         28    149 AM  12     16       32
  AVERAGE         40            22     18       49

PRECIPITATION (IN)
  YESTERDAY        0.00          0.01  -0.01     0.00
  MONTH TO DATE    0.03          0.10  -0.07     0.07
  SINCE DEC 1      0.82          0.70   0.12     0.52
  SINCE JAN 1      0.29          0.30  -0.01     0.24

DEGREE DAYS
 HEATING
  YESTERDAY       25            43    -18       16
  MONTH TO DATE  226           263    -37      273
  SINCE DEC 1   2862          3009   -147     2706
  SINCE JUL 1   4248          4792   -544     4582

 COOLING
  YESTERDAY        0             0      0        0
  MONTH TO DATE    0             0      0        0
  SINCE DEC 1      0             0      0        0
  SINCE JAN 1      0             0      0        0
......................................................


WIND (MPH)
  HIGHEST WIND SPEED    47   HIGHEST WIND DIRECTION    NW (310)
  HIGHEST GUST SPEED    56   HIGHEST GUST DIRECTION    NW (310)
  AVERAGE WIND SPEED    17.0




RELATIVE HUMIDITY (PERCENT)
 HIGHEST    69          1200 AM
 LOWEST     35           200 PM
 AVERAGE    52

..........................................................




SUNRISE AND SUNSET
FEBRUARY  7 2016......SUNRISE   701 AM MST   SUNSET   504 PM MST
FEBRUARY  8 2016......SUNRISE   700 AM MST   SUNSET   505 PM MST


-  INDICATES NEGATIVE NUMBERS.
R  INDICATES RECORD WAS SET OR TIED.
MM INDICATES DATA IS MISSING.
T  INDICATES TRACE AMOUNT.




$$
