000
CDUS43 KUNR 140833
CLID07


CLIMATE REPORT
NATIONAL WEATHER SERVICE RAPID CITY SD
232 AM MDT MON JUL 14 2014


...................................

...THE FAITH SD CLIMATE SUMMARY FOR JULY 13 2014...

CLIMATE NORMAL PERIOD 1981 TO 2010
CLIMATE RECORD PERIOD 9999 TO 9999


WEATHER ITEM   OBSERVED TIME   NORMAL DEPARTURE LAST
                VALUE   (LST)  VALUE  FROM      YEAR
                                      NORMAL
......................................................
TEMPERATURE (F)
 YESTERDAY
  MAXIMUM         82    139 PM  86     -4       92
  MINIMUM         53   1159 PM  59     -6       68
  AVERAGE         68            73     -5       80

PRECIPITATION (IN)
  YESTERDAY        0.00          0.13  -0.13     0.00
  MONTH TO DATE    0.26          1.42  -1.16     0.73
  SINCE JUN 1      6.19          4.51   1.68     1.99
  SINCE JAN 1     10.77         10.81  -0.04     9.63

DEGREE DAYS
 HEATING
  YESTERDAY        0             0      0        0
  MONTH TO DATE    6             5      1        3
  SINCE JUN 1    111            95     16       76
  SINCE JUL 1      6             5      1        3

 COOLING
  YESTERDAY        3             8     -5       15
  MONTH TO DATE   61            92    -31      126
  SINCE JUN 1     83           180    -97      208
  SINCE JAN 1    113           192    -79      221
......................................................


WIND (MPH)
  HIGHEST WIND SPEED    26   HIGHEST WIND DIRECTION     N (350)
  HIGHEST GUST SPEED    32   HIGHEST GUST DIRECTION     N (340)
  AVERAGE WIND SPEED    11.6




RELATIVE HUMIDITY (PERCENT)
 HIGHEST    90           100 AM
 LOWEST     36           500 PM
 AVERAGE    63

..........................................................




SUNRISE AND SUNSET
JULY 14 2014..........SUNRISE   515 AM MDT   SUNSET   833 PM MDT
JULY 15 2014..........SUNRISE   516 AM MDT   SUNSET   832 PM MDT


-  INDICATES NEGATIVE NUMBERS.
R  INDICATES RECORD WAS SET OR TIED.
MM INDICATES DATA IS MISSING.
T  INDICATES TRACE AMOUNT.




$$
