000
CDUS43 KUNR 190856
CLID07


CLIMATE REPORT
NATIONAL WEATHER SERVICE RAPID CITY SD
255 AM MDT SUN OCT 19 2014


...................................

...THE FAITH SD CLIMATE SUMMARY FOR OCTOBER 18 2014...

CLIMATE NORMAL PERIOD 1981 TO 2010
CLIMATE RECORD PERIOD 9999 TO 9999


WEATHER ITEM   OBSERVED TIME   NORMAL DEPARTURE LAST
                VALUE   (LST)  VALUE  FROM      YEAR
                                      NORMAL
......................................................
TEMPERATURE (F)
 YESTERDAY
  MAXIMUM         68    312 PM  58     10       46
  MINIMUM         33    147 AM  35     -2       30
  AVERAGE         51            46      5       38

PRECIPITATION (IN)
  YESTERDAY        0.00          0.08  -0.08     0.01
  MONTH TO DATE    0.53          0.75  -0.22     2.31
  SINCE SEP 1      1.67          2.11  -0.44     3.41
  SINCE JAN 1     18.18         15.93   2.25    15.78

DEGREE DAYS
 HEATING
  YESTERDAY       14            19     -5       27
  MONTH TO DATE  256           285    -29      356
  SINCE SEP 1    461           484    -23      436
  SINCE JUL 1    504           517    -13      451

 COOLING
  YESTERDAY        0             0      0        0
  MONTH TO DATE    0             0      0        0
  SINCE SEP 1     46            59    -13      130
  SINCE JAN 1    445           634   -189      720
......................................................


WIND (MPH)
  HIGHEST WIND SPEED    28   HIGHEST WIND DIRECTION     S (160)
  HIGHEST GUST SPEED    33   HIGHEST GUST DIRECTION     S (170)
  AVERAGE WIND SPEED    13.7




RELATIVE HUMIDITY (PERCENT)
 HIGHEST   100           200 AM
 LOWEST     39           300 PM
 AVERAGE    70

..........................................................




SUNRISE AND SUNSET
OCTOBER 19 2014.......SUNRISE   709 AM MDT   SUNSET   556 PM MDT
OCTOBER 20 2014.......SUNRISE   710 AM MDT   SUNSET   555 PM MDT


-  INDICATES NEGATIVE NUMBERS.
R  INDICATES RECORD WAS SET OR TIED.
MM INDICATES DATA IS MISSING.
T  INDICATES TRACE AMOUNT.




$$
