563
CDUS43 KUNR 180833
CLID07


CLIMATE REPORT
NATIONAL WEATHER SERVICE RAPID CITY SD
133 AM MST WED JAN 18 2017


...................................

...THE FAITH SD CLIMATE SUMMARY FOR JANUARY 17 2017...

CLIMATE NORMAL PERIOD 1981 TO 2010
CLIMATE RECORD PERIOD 9999 TO 9999


WEATHER ITEM   OBSERVED TIME   NORMAL DEPARTURE LAST
                VALUE   (LST)  VALUE  FROM      YEAR
                                      NORMAL
......................................................
TEMPERATURE (F)
 YESTERDAY
  MAXIMUM         32   1140 PM  30      2        5
  MINIMUM         10    636 AM  11     -1      -16
  AVERAGE         21            20      1       -5

PRECIPITATION (IN)
  YESTERDAY        0.00          0.00   0.00     0.00
  MONTH TO DATE    0.45          0.10   0.35     0.10
  SINCE DEC 1      0.89          0.50   0.39     0.63
  SINCE JAN 1      0.45          0.10   0.35     0.10

DEGREE DAYS
 HEATING
  YESTERDAY       44            45     -1       70
  MONTH TO DATE 1019           765    254      811
  SINCE DEC 1   2501          2125    376     2080
  SINCE JUL 1   3752          3908   -156     3466

 COOLING
  YESTERDAY        0             0      0        0
  MONTH TO DATE    0             0      0        0
  SINCE DEC 1      0             0      0        0
  SINCE JAN 1      0             0      0        0
......................................................


WIND (MPH)
  HIGHEST WIND SPEED    15   HIGHEST WIND DIRECTION     S (200)
  HIGHEST GUST SPEED    16   HIGHEST GUST DIRECTION     S (200)
  AVERAGE WIND SPEED     8.6




RELATIVE HUMIDITY (PERCENT)
 HIGHEST    88          1200 AM
 LOWEST     58           900 PM
 AVERAGE    73

..........................................................




SUNRISE AND SUNSET
JANUARY 18 2017.......SUNRISE   721 AM MST   SUNSET   437 PM MST
JANUARY 19 2017.......SUNRISE   720 AM MST   SUNSET   438 PM MST


-  INDICATES NEGATIVE NUMBERS.
R  INDICATES RECORD WAS SET OR TIED.
MM INDICATES DATA IS MISSING.
T  INDICATES TRACE AMOUNT.




$$
