524
CDUS42 KMLB 142131
CLIDAB


CLIMATE REPORT
NATIONAL WEATHER SERVICE MELBOURNE FL
430 PM EST SUN FEB 14 2016


...................................

...THE DAYTONA BEACH CLIMATE SUMMARY FOR FEBRUARY 14 2016...
VALID TODAY AS OF 0400 PM LOCAL TIME.

CLIMATE NORMAL PERIOD 1981 TO 2010
CLIMATE RECORD PERIOD 1923 TO 2016


WEATHER ITEM   OBSERVED TIME   RECORD YEAR NORMAL DEPARTURE LAST
                VALUE   (LST)  VALUE       VALUE  FROM      YEAR
                                                  NORMAL
..................................................................
TEMPERATURE (F)
 TODAY
  MAXIMUM         67    257 PM  89    1935  71     -4       65
  MINIMUM         39    558 AM  28    1958  50    -11       37
  AVERAGE         53                        60     -7       51

PRECIPITATION (IN)
  TODAY            0.00          1.58 1947   0.10  -0.10     0.00
  MONTH TO DATE    2.85                      1.34   1.51     1.00
  SINCE DEC 1     10.47                      6.71   3.76     6.38
  SINCE JAN 1      9.90                      4.08   5.82     3.55

SNOWFALL (IN)
  TODAY            0.0
  MONTH TO DATE    0.0
  SINCE JUL 1      0.0

DEGREE DAYS
 HEATING
  TODAY           12                         6      6       14
  MONTH TO DATE  117                        93     24      109
  SINCE DEC 1    385                       536   -151      422
  SINCE JUL 1    397                       610   -213      551

 COOLING
  TODAY            0                         1     -1        0
  MONTH TO DATE   21                        14      7        0
  SINCE DEC 1    243                        94    149      114
  SINCE JAN 1     34                        43     -9       31
..................................................................


WIND (MPH)
  HIGHEST WIND SPEED    16   HIGHEST WIND DIRECTION     E (70)
  HIGHEST GUST SPEED    21   HIGHEST GUST DIRECTION    NE (60)
  AVERAGE WIND SPEED     6.6


SKY COVER
  AVERAGE SKY COVER 0.3


WEATHER CONDITIONS
 THE FOLLOWING WEATHER WAS RECORDED TODAY.
  NO SIGNIFICANT WEATHER WAS OBSERVED.


RELATIVE HUMIDITY (PERCENT)
 HIGHEST    92           600 AM
 LOWEST     48           300 PM
 AVERAGE    70

..........................................................


THE DAYTONA BEACH CLIMATE NORMALS FOR TOMORROW
                         NORMAL    RECORD    YEAR
 MAXIMUM TEMPERATURE (F)   71        85      1959
                                             1935
 MINIMUM TEMPERATURE (F)   50        26      1943


SUNRISE AND SUNSET
FEBRUARY 14 2016......SUNRISE   704 AM EST   SUNSET   613 PM EST
FEBRUARY 15 2016......SUNRISE   703 AM EST   SUNSET   614 PM EST


-  INDICATES NEGATIVE NUMBERS.
R  INDICATES RECORD WAS SET OR TIED.
MM INDICATES DATA IS MISSING.
T  INDICATES TRACE AMOUNT.




$$
