000
CDUS42 KMLB 072016
CLIDAB


CLIMATE REPORT
NATIONAL WEATHER SERVICE MELBOURNE FL
415 PM EDT TUE JUL 7 2015


...................................

...THE DAYTONA BEACH CLIMATE SUMMARY FOR JULY 7 2015...
VALID TODAY AS OF 0400 PM LOCAL TIME.

CLIMATE NORMAL PERIOD 1981 TO 2010
CLIMATE RECORD PERIOD 1923 TO 2015


WEATHER ITEM   OBSERVED TIME   RECORD YEAR NORMAL DEPARTURE LAST
                VALUE   (LST)  VALUE       VALUE  FROM      YEAR
                                                  NORMAL
..................................................................
TEMPERATURE (F)
 TODAY
  MAXIMUM         88   1144 AM  98    1932  90     -2       89
  MINIMUM         69    410 AM  66    1984  73     -4       70
                                      1938
  AVERAGE         79                        81     -2       80

PRECIPITATION (IN)
  TODAY            0.13          2.16 1994   0.19  -0.06     0.00
  MONTH TO DATE    0.77                      1.33  -0.56     0.80
  SINCE JUN 1      6.16                      7.16  -1.00     4.55
  SINCE JAN 1     20.50                     22.23  -1.73    24.30

SNOWFALL (IN)
  TODAY            0.0
  MONTH TO DATE    0.0
  SINCE JUL 1      0.0

DEGREE DAYS
 HEATING
  TODAY            0                         0      0        0
  MONTH TO DATE    0                         0      0        0
  SINCE JUN 1      0                         0      0        0
  SINCE JUL 1      0                         0      0        0

 COOLING
  TODAY           14                        16     -2       15
  MONTH TO DATE  111                       112     -1      113
  SINCE JUN 1    608                       559     49      561
  SINCE JAN 1   1521                      1160    361     1227
..................................................................


WIND (MPH)
  HIGHEST WIND SPEED    12   HIGHEST WIND DIRECTION     E (90)
  HIGHEST GUST SPEED    15   HIGHEST GUST DIRECTION     E (70)
  AVERAGE WIND SPEED     2.1


SKY COVER
  AVERAGE SKY COVER 0.5


WEATHER CONDITIONS
 THE FOLLOWING WEATHER WAS RECORDED TODAY.
  THUNDERSTORM
  RAIN
  LIGHT RAIN
  FOG


RELATIVE HUMIDITY (PERCENT)
 HIGHEST   100           200 AM
 LOWEST     59          1100 AM
 AVERAGE    80

..........................................................


THE DAYTONA BEACH CLIMATE NORMALS FOR TOMORROW
                         NORMAL    RECORD    YEAR
 MAXIMUM TEMPERATURE (F)   90        98      1981
 MINIMUM TEMPERATURE (F)   73        67      1940


SUNRISE AND SUNSET
JULY  7 2015..........SUNRISE   631 AM EDT   SUNSET   827 PM EDT
JULY  8 2015..........SUNRISE   632 AM EDT   SUNSET   827 PM EDT


-  INDICATES NEGATIVE NUMBERS.
R  INDICATES RECORD WAS SET OR TIED.
MM INDICATES DATA IS MISSING.
T  INDICATES TRACE AMOUNT.




$$
