133
CDUS42 KMLB 290647
CLIDAB


CLIMATE REPORT
NATIONAL WEATHER SERVICE MELBOURNE FL
245 AM EDT FRI APR 29 2016


...................................

...THE DAYTONA BEACH CLIMATE SUMMARY FOR APRIL 28 2016...

CLIMATE NORMAL PERIOD 1981 TO 2010
CLIMATE RECORD PERIOD 1923 TO 2016


WEATHER ITEM   OBSERVED TIME   RECORD YEAR NORMAL DEPARTURE LAST
                VALUE   (LST)  VALUE       VALUE  FROM      YEAR
                                                  NORMAL
..................................................................
TEMPERATURE (F)
 YESTERDAY
  MAXIMUM         89    125 PM  95    1968  81      8       77
  MINIMUM         67    619 AM  46    1977  61      6       69
                                      1946
  AVERAGE         78                        71      7       73

PRECIPITATION (IN)
  YESTERDAY        0.11          2.51 1964   0.06   0.05     0.15
  MONTH TO DATE    2.16                      2.08   0.08     5.43
  SINCE MAR 1      3.59                      6.32  -2.73     6.29
  SINCE JAN 1     14.30                     11.84   2.46    11.72

SNOWFALL (IN)
  YESTERDAY        0.0
  MONTH TO DATE    0.0
  SINCE JUL 1      0.0

DEGREE DAYS
 HEATING
  YESTERDAY        0                         0      0        0
  MONTH TO DATE    5                        27    -22        0
  SINCE MAR 1     43                       124    -81       35
  SINCE JUL 1    508                       806   -298      682

 COOLING
  YESTERDAY       13                         6      7        8
  MONTH TO DATE  179                       131     48      296
  SINCE MAR 1    359                       208    151      486
  SINCE JAN 1    409                       273    136      526
..................................................................


WIND (MPH)
  HIGHEST WIND SPEED    14   HIGHEST WIND DIRECTION    SW (220)
  HIGHEST GUST SPEED    19   HIGHEST GUST DIRECTION     E (100)
  AVERAGE WIND SPEED     6.4


SKY COVER
  AVERAGE SKY COVER 0.6


WEATHER CONDITIONS
 THE FOLLOWING WEATHER WAS RECORDED YESTERDAY.
  RAIN
  FOG


RELATIVE HUMIDITY (PERCENT)
 HIGHEST    93          1100 PM
 LOWEST     50           100 PM
 AVERAGE    72

..........................................................


THE DAYTONA BEACH CLIMATE NORMALS FOR TODAY
                         NORMAL    RECORD    YEAR
 MAXIMUM TEMPERATURE (F)   82        94      1968
 MINIMUM TEMPERATURE (F)   61        45      1928


SUNRISE AND SUNSET
APRIL 29 2016.........SUNRISE   644 AM EDT   SUNSET   759 PM EDT
APRIL 30 2016.........SUNRISE   643 AM EDT   SUNSET   800 PM EDT


-  INDICATES NEGATIVE NUMBERS.
R  INDICATES RECORD WAS SET OR TIED.
MM INDICATES DATA IS MISSING.
T  INDICATES TRACE AMOUNT.




$$
