000
CDUS42 KMLB 162121
CLIDAB


CLIMATE REPORT
NATIONAL WEATHER SERVICE MELBOURNE FL
421 PM EST TUE JAN 16 2018


...................................

...THE DAYTONA BEACH CLIMATE SUMMARY FOR JANUARY 16 2018...
VALID TODAY AS OF 0400 PM LOCAL TIME.

CLIMATE NORMAL PERIOD 1981 TO 2010
CLIMATE RECORD PERIOD 1923 TO 2018


WEATHER ITEM   OBSERVED TIME   RECORD YEAR NORMAL DEPARTURE LAST
                VALUE   (LST)  VALUE       VALUE  FROM      YEAR
                                                  NORMAL
..................................................................
TEMPERATURE (F)
 TODAY
  MAXIMUM         65    111 PM  89    1937  68     -3       79
  MINIMUM         47    701 AM  28    1983  47      0       55
                                      1927
  AVERAGE         56                        58     -2       67

PRECIPITATION (IN)
  TODAY            0.00          1.05 1959   0.08  -0.08     0.00
  MONTH TO DATE    4.87                      1.40   3.47     1.32
  SINCE DEC 1      6.06                      4.03   2.03     2.02
  SINCE JAN 1      4.87                      1.40   3.47     1.32

SNOWFALL (IN)
  TODAY            0.0
  MONTH TO DATE    0.0
  SINCE JUL 1      0.0

DEGREE DAYS
 HEATING
  TODAY            9                         8      1        0
  MONTH TO DATE  195                       128     67       64
  SINCE DEC 1    326                       320      6      143
  SINCE JUL 1    360                       394    -34      180

 COOLING
  TODAY            0                         1     -1        2
  MONTH TO DATE   14                        16     -2       32
  SINCE DEC 1     83                        67     16      140
  SINCE JAN 1     14                        16     -2       32
..................................................................


WIND (MPH)
  HIGHEST WIND SPEED    17   HIGHEST WIND DIRECTION     N (10)
  HIGHEST GUST SPEED    20   HIGHEST GUST DIRECTION     N (20)
  AVERAGE WIND SPEED     7.4


SKY COVER
  AVERAGE SKY COVER 0.1


WEATHER CONDITIONS
 THE FOLLOWING WEATHER WAS RECORDED TODAY.
  NO SIGNIFICANT WEATHER WAS OBSERVED.


RELATIVE HUMIDITY (PERCENT)
 HIGHEST   100           400 AM
 LOWEST     63          1100 AM
 AVERAGE    82

..........................................................


THE DAYTONA BEACH CLIMATE NORMALS FOR TOMORROW
                         NORMAL    RECORD    YEAR
 MAXIMUM TEMPERATURE (F)   68        86      1943
 MINIMUM TEMPERATURE (F)   47        26      1940


SUNRISE AND SUNSET
JANUARY 16 2018.......SUNRISE   719 AM EST   SUNSET   549 PM EST
JANUARY 17 2018.......SUNRISE   719 AM EST   SUNSET   550 PM EST


-  INDICATES NEGATIVE NUMBERS.
R  INDICATES RECORD WAS SET OR TIED.
MM INDICATES DATA IS MISSING.
T  INDICATES TRACE AMOUNT.




$$
