000
CDUS42 KMLB 222022
CLIDAB


CLIMATE REPORT
NATIONAL WEATHER SERVICE MELBOURNE FL
421 PM EDT MON SEP 22 2014


...................................

...THE DAYTONA BEACH CLIMATE SUMMARY FOR SEPTEMBER 22 2014...
VALID TODAY AS OF 0400 PM LOCAL TIME.

CLIMATE NORMAL PERIOD 1981 TO 2010
CLIMATE RECORD PERIOD 1923 TO 2014


WEATHER ITEM   OBSERVED TIME   RECORD YEAR NORMAL DEPARTURE LAST
                VALUE   (LST)  VALUE       VALUE  FROM      YEAR
                                                  NORMAL
..................................................................
TEMPERATURE (F)
 TODAY
  MAXIMUM         86   1151 AM  96    1990  86      0       90
                                      1925
  MINIMUM         71    618 AM  58    1938  72     -1       74
  AVERAGE         79                        79      0       82

PRECIPITATION (IN)
  TODAY            0.18          2.20 1933   0.21  -0.03     0.60
  MONTH TO DATE    9.23                      5.26   3.97     3.21
  SINCE SEP 1      9.23                      5.26   3.97     3.21
  SINCE JAN 1     42.40                     38.39   4.01    38.43

SNOWFALL (IN)
  TODAY            0.0
  MONTH TO DATE    0.0
  SINCE JUL 1      0.0

DEGREE DAYS
 HEATING
  TODAY            0                         0      0        0
  MONTH TO DATE    0                         0      0        0
  SINCE SEP 1      0                         0      0        0
  SINCE JUL 1      0                         0      0        0

 COOLING
  TODAY           14                        14      0       17
  MONTH TO DATE  345                       330     15      358
  SINCE SEP 1    345                       330     15      358
  SINCE JAN 1   2537                      2404    133     2554
..................................................................


WIND (MPH)
  HIGHEST WIND SPEED    13   HIGHEST WIND DIRECTION     W (260)
  HIGHEST GUST SPEED    14   HIGHEST GUST DIRECTION     W (250)
  AVERAGE WIND SPEED     2.1


SKY COVER
  AVERAGE SKY COVER 0.7


WEATHER CONDITIONS
 THE FOLLOWING WEATHER WAS RECORDED TODAY.
  THUNDERSTORM
  HEAVY RAIN
  RAIN
  LIGHT RAIN
  FOG


RELATIVE HUMIDITY (PERCENT)
 HIGHEST   100           300 AM
 LOWEST     61          1200 PM
 AVERAGE    81

..........................................................


THE DAYTONA BEACH CLIMATE NORMALS FOR TOMORROW
                         NORMAL    RECORD    YEAR
 MAXIMUM TEMPERATURE (F)   86        95      1925
 MINIMUM TEMPERATURE (F)   72        57      1938


SUNRISE AND SUNSET
SEPTEMBER 22 2014.....SUNRISE   713 AM EDT   SUNSET   721 PM EDT
SEPTEMBER 23 2014.....SUNRISE   713 AM EDT   SUNSET   719 PM EDT


-  INDICATES NEGATIVE NUMBERS.
R  INDICATES RECORD WAS SET OR TIED.
MM INDICATES DATA IS MISSING.
T  INDICATES TRACE AMOUNT.

&&

DAYTONA BEACH SURF TEMPERATURE 82 DEGREES.

$$
