000
CDUS42 KMLB 242115
CLIDAB


CLIMATE REPORT
NATIONAL WEATHER SERVICE MELBOURNE FL
414 PM EST TUE JAN 24 2017


...................................

...THE DAYTONA BEACH CLIMATE SUMMARY FOR JANUARY 24 2017...
VALID TODAY AS OF 0400 PM LOCAL TIME.

CLIMATE NORMAL PERIOD 1981 TO 2010
CLIMATE RECORD PERIOD 1923 TO 2017


WEATHER ITEM   OBSERVED TIME   RECORD YEAR NORMAL DEPARTURE LAST
                VALUE   (LST)  VALUE       VALUE  FROM      YEAR
                                                  NORMAL
..................................................................
TEMPERATURE (F)
 TODAY
  MAXIMUM         73    338 PM  83    2002  69      4       53
  MINIMUM         53    726 AM  25    2003  48      5       31
  AVERAGE         63                        58      5       42

PRECIPITATION (IN)
  TODAY            0.00          1.79 1955   0.09  -0.09     0.00
  MONTH TO DATE    1.76                      2.10  -0.34     4.12
  SINCE DEC 1      2.46                      4.73  -2.27     4.69
  SINCE JAN 1      1.76                      2.10  -0.34     4.12

SNOWFALL (IN)
  TODAY            0.0
  MONTH TO DATE    0.0
  SINCE JUL 1      0.0

DEGREE DAYS
 HEATING
  TODAY            2                         8     -6       23
  MONTH TO DATE   67                       192   -125      196
  SINCE DEC 1    146                       384   -238      221
  SINCE JUL 1    183                       458   -275      233

 COOLING
  TODAY            0                         1     -1        0
  MONTH TO DATE   61                        24     37       13
  SINCE DEC 1    169                        75     94      222
  SINCE JAN 1     61                        24     37       13
..................................................................


WIND (MPH)
  HIGHEST WIND SPEED    21   HIGHEST WIND DIRECTION     W (260)
  HIGHEST GUST SPEED    26   HIGHEST GUST DIRECTION     W (270)
  AVERAGE WIND SPEED    12.2


SKY COVER
  AVERAGE SKY COVER 0.0


WEATHER CONDITIONS
 THE FOLLOWING WEATHER WAS RECORDED TODAY.
  NO SIGNIFICANT WEATHER WAS OBSERVED.


RELATIVE HUMIDITY (PERCENT)
 HIGHEST    83           700 AM
 LOWEST     34           400 PM
 AVERAGE    59

..........................................................


THE DAYTONA BEACH CLIMATE NORMALS FOR TOMORROW
                         NORMAL    RECORD    YEAR
 MAXIMUM TEMPERATURE (F)   69        87      1937
 MINIMUM TEMPERATURE (F)   48        25      1940


SUNRISE AND SUNSET
JANUARY 24 2017.......SUNRISE   717 AM EST   SUNSET   556 PM EST
JANUARY 25 2017.......SUNRISE   716 AM EST   SUNSET   557 PM EST


-  INDICATES NEGATIVE NUMBERS.
R  INDICATES RECORD WAS SET OR TIED.
MM INDICATES DATA IS MISSING.
T  INDICATES TRACE AMOUNT.




$$
