000
CDUS42 KMLB 272026
CLIDAB


CLIMATE REPORT
NATIONAL WEATHER SERVICE MELBOURNE FL
426 PM EDT THU AUG 27 2015


...................................

...THE DAYTONA BEACH CLIMATE SUMMARY FOR AUGUST 27 2015...
VALID TODAY AS OF 0400 PM LOCAL TIME.

CLIMATE NORMAL PERIOD 1981 TO 2010
CLIMATE RECORD PERIOD 1923 TO 2015


WEATHER ITEM   OBSERVED TIME   RECORD YEAR NORMAL DEPARTURE LAST
                VALUE   (LST)  VALUE       VALUE  FROM      YEAR
                                                  NORMAL
..................................................................
TEMPERATURE (F)
 TODAY
  MAXIMUM         88   1102 AM 101    1938  89     -1       89
  MINIMUM         72    622 AM  67    1984  73     -1       74
  AVERAGE         80                        81     -1       82

PRECIPITATION (IN)
  TODAY            0.14          4.41 1949   0.22  -0.08     0.02
  MONTH TO DATE    5.30                      5.54  -0.24     2.24
  SINCE JUN 1     14.73                     17.20  -2.47    13.42
  SINCE JAN 1     29.07                     32.27  -3.20    33.17

SNOWFALL (IN)
  TODAY            0.0
  MONTH TO DATE    0.0
  SINCE JUL 1      0.0

DEGREE DAYS
 HEATING
  TODAY            0                         0      0        0
  MONTH TO DATE    0                         0      0        0
  SINCE JUN 1      0                         0      0        0
  SINCE JUL 1      0                         0      0        0

 COOLING
  TODAY           15                        16     -1       17
  MONTH TO DATE  474                       449     25      496
  SINCE JUN 1   1519                      1411    108     1458
  SINCE JAN 1   2432                      2012    420     2124
..................................................................


WIND (MPH)
  HIGHEST WIND SPEED    13   HIGHEST WIND DIRECTION     S (180)
  HIGHEST GUST SPEED    18   HIGHEST GUST DIRECTION     S (180)
  AVERAGE WIND SPEED     3.5


SKY COVER
  AVERAGE SKY COVER 0.6


WEATHER CONDITIONS
 THE FOLLOWING WEATHER WAS RECORDED TODAY.
  THUNDERSTORM
  HEAVY RAIN
  LIGHT RAIN
  FOG
  HAZE


RELATIVE HUMIDITY (PERCENT)
 HIGHEST    93           500 AM
 LOWEST     63          1100 AM
 AVERAGE    78

..........................................................


THE DAYTONA BEACH CLIMATE NORMALS FOR TOMORROW
                         NORMAL    RECORD    YEAR
 MAXIMUM TEMPERATURE (F)   89        95      1965
 MINIMUM TEMPERATURE (F)   73        67      1997
                                             1984


SUNRISE AND SUNSET
AUGUST 27 2015........SUNRISE   659 AM EDT   SUNSET   752 PM EDT
AUGUST 28 2015........SUNRISE   700 AM EDT   SUNSET   751 PM EDT


-  INDICATES NEGATIVE NUMBERS.
R  INDICATES RECORD WAS SET OR TIED.
MM INDICATES DATA IS MISSING.
T  INDICATES TRACE AMOUNT.




$$
