000
CDUS42 KMLB 240637
CLIDAB


CLIMATE REPORT
NATIONAL WEATHER SERVICE MELBOURNE FL
237 AM EDT WED MAY 24 2017


...................................

...THE DAYTONA BEACH CLIMATE SUMMARY FOR MAY 23 2017...

CLIMATE NORMAL PERIOD 1981 TO 2010
CLIMATE RECORD PERIOD 1923 TO 2017


WEATHER ITEM   OBSERVED TIME   RECORD YEAR NORMAL DEPARTURE LAST
                VALUE   (LST)  VALUE       VALUE  FROM      YEAR
                                                  NORMAL
..................................................................
TEMPERATURE (F)
 YESTERDAY
  MAXIMUM         89    405 PM  95    1940  86      3       84
  MINIMUM         70    611 AM  54    1981  67      3       65
  AVERAGE         80                        77      3       75

PRECIPITATION (IN)
  YESTERDAY        T             4.02 1984   0.13  -0.13     0.00
  MONTH TO DATE    1.84                      1.96  -0.12     4.52
  SINCE MAR 1      4.13                      8.38  -4.25     8.11
  SINCE JAN 1      8.14                     13.90  -5.76    18.82

SNOWFALL (IN)
  YESTERDAY        0.0
  MONTH TO DATE    0.0
  SINCE JUL 1      0.0

DEGREE DAYS
 HEATING
  YESTERDAY        0                         0      0        0
  MONTH TO DATE    0                         0      0        0
  SINCE MAR 1     95                       125    -30       43
  SINCE JUL 1    401                       807   -406      508

 COOLING
  YESTERDAY       15                        12      3       10
  MONTH TO DATE  247                       213     34      237
  SINCE MAR 1    593                       435    158      621
  SINCE JAN 1    713                       500    213      671
..................................................................


WIND (MPH)
  HIGHEST WIND SPEED    20   HIGHEST WIND DIRECTION    SW (210)
  HIGHEST GUST SPEED    26   HIGHEST GUST DIRECTION     S (200)
  AVERAGE WIND SPEED     8.6


SKY COVER
  AVERAGE SKY COVER 0.9


WEATHER CONDITIONS
 THE FOLLOWING WEATHER WAS RECORDED YESTERDAY.
  THUNDERSTORM
  LIGHT RAIN
  FOG


RELATIVE HUMIDITY (PERCENT)
 HIGHEST   100          1200 AM
 LOWEST     55           100 PM
 AVERAGE    78

..........................................................


THE DAYTONA BEACH CLIMATE NORMALS FOR TODAY
                         NORMAL    RECORD    YEAR
 MAXIMUM TEMPERATURE (F)   86        96      2000
                                             1953
 MINIMUM TEMPERATURE (F)   68        53      1941


SUNRISE AND SUNSET
MAY 24 2017...........SUNRISE   628 AM EDT   SUNSET   815 PM EDT
MAY 25 2017...........SUNRISE   627 AM EDT   SUNSET   815 PM EDT


-  INDICATES NEGATIVE NUMBERS.
R  INDICATES RECORD WAS SET OR TIED.
MM INDICATES DATA IS MISSING.
T  INDICATES TRACE AMOUNT.




$$
