000
CDUS41 KRNK 200919
CLIDAN


CLIMATE REPORT
NATIONAL WEATHER SERVICE BLACKSBURG VA
513 AM EDT FRI OCT 20 2017


...................................

...THE DANVILLE VA CLIMATE SUMMARY FOR OCTOBER 19 2017...

CLIMATE NORMAL PERIOD 1981 TO 2010
CLIMATE RECORD PERIOD 1948 TO 2017


WEATHER ITEM   OBSERVED TIME   RECORD YEAR NORMAL DEPARTURE LAST
                VALUE   (LST)  VALUE       VALUE  FROM      YEAR
                                                  NORMAL
..................................................................
TEMPERATURE (F)
 YESTERDAY
  MAXIMUM         74    351 PM  86    2016  69      5       86
  MINIMUM         35    702 AM  27    1948  48    -13       57
  AVERAGE         55                        58     -3       72

PRECIPITATION (IN)
  YESTERDAY        0.00          1.94 1989   0.13  -0.13     0.00
  MONTH TO DATE    1.43                      2.20  -0.77     5.01
  SINCE SEP 1      4.03                      6.16  -2.13     7.92
  SINCE JAN 1     38.13                     36.45   1.68    44.18

SNOWFALL (IN)
  YESTERDAY        0.0                                       0.0
  MONTH TO DATE    0.0                                       0.0
  SINCE SEP 1      0.0                                       0.0
  SINCE JUL 1      0.0                                       0.0
  SNOW DEPTH       0

DEGREE DAYS
 HEATING
  YESTERDAY       10                         7      3        0
  MONTH TO DATE   63                        96    -33       51
  SINCE SEP 1     95                       124    -29       51
  SINCE JUL 1     95                       124    -29       51

 COOLING
  YESTERDAY        0                         1     -1        7
  MONTH TO DATE   64                        26     38       28
  SINCE SEP 1    227                       202     25      332
  SINCE JAN 1   1401                      1429    -28     1637
..................................................................


WIND (MPH)
  HIGHEST WIND SPEED    10   HIGHEST WIND DIRECTION     W (250)
  HIGHEST GUST SPEED    12   HIGHEST GUST DIRECTION     W (280)
  AVERAGE WIND SPEED     2.2


SKY COVER
  AVERAGE SKY COVER 0.0


WEATHER CONDITIONS
 THE FOLLOWING WEATHER WAS RECORDED YESTERDAY.
  FOG


RELATIVE HUMIDITY (PERCENT)
 HIGHEST   100           700 AM
 LOWEST     33           300 PM
 AVERAGE    67

..........................................................


THE DANVILLE VA CLIMATE NORMALS FOR TODAY
                         NORMAL    RECORD    YEAR
 MAXIMUM TEMPERATURE (F)   69        88      1984
 MINIMUM TEMPERATURE (F)   48        28      1992


SUNRISE AND SUNSET
OCTOBER 20 2017.......SUNRISE   729 AM EDT   SUNSET   634 PM EDT
OCTOBER 21 2017.......SUNRISE   730 AM EDT   SUNSET   633 PM EDT


-  INDICATES NEGATIVE NUMBERS.
R  INDICATES RECORD WAS SET OR TIED.
MM INDICATES DATA IS MISSING.
T  INDICATES TRACE AMOUNT.

REMARKS:
DUE TO MISSING RAINFALL ON AUGUST 21-24...ALL PRECIPITATION DATA
WILL BE CALCULATED WITHOUT DATA FROM THESE DATES.

$$

RAB
