000
CDUS41 KRNK 180917
CLIDAN


CLIMATE REPORT
NATIONAL WEATHER SERVICE BLACKSBURG VA
515 AM EDT FRI APR 18 2014


...................................

...THE DANVILLE VA CLIMATE SUMMARY FOR APRIL 17 2014...

CLIMATE NORMAL PERIOD 1981 TO 2010
CLIMATE RECORD PERIOD 1948 TO 2014


WEATHER ITEM   OBSERVED TIME   RECORD YEAR NORMAL DEPARTURE LAST
                VALUE   (LST)  VALUE       VALUE  FROM      YEAR
                                                  NORMAL
..................................................................
TEMPERATURE (F)
 YESTERDAY
  MAXIMUM         63    418 PM  93    2002  71     -8       80
  MINIMUM         30    454 AM  28    1962  47    -17       55
  AVERAGE         47                        59    -12

PRECIPITATION (IN)
  YESTERDAY        0.00          2.50 1998   0.10  -0.10     0.00
  MONTH TO DATE    2.93                      2.02   0.91     1.96
  SINCE MAR 1      6.13                      6.13   0.00     4.51
  SINCE JAN 1     11.25                     12.56  -1.31    14.32

SNOWFALL (IN)
  YESTERDAY        0.0
  MONTH TO DATE    0.0
  SINCE MAR 1      5.5
  SINCE JUL 1     13.4
  SNOW DEPTH       0

DEGREE DAYS
 HEATING
  YESTERDAY       18                         7     11
  MONTH TO DATE  124                       159    -35
  SINCE MAR 1    769                       669    100
  SINCE JUL 1   3774                      3670    104

 COOLING
  YESTERDAY        0                         1     -1
  MONTH TO DATE   13                        16     -3
  SINCE MAR 1     13                        19     -6
  SINCE JAN 1     13                        19     -6
..................................................................


WIND (MPH)
  HIGHEST WIND SPEED    14   HIGHEST WIND DIRECTION    NE (40)
  HIGHEST GUST SPEED    19   HIGHEST GUST DIRECTION     E (70)
  AVERAGE WIND SPEED     5.1


SKY COVER
  POSSIBLE SUNSHINE  MM
  AVERAGE SKY COVER 0.0


WEATHER CONDITIONS
 THE FOLLOWING WEATHER WAS RECORDED YESTERDAY.
  NO SIGNIFICANT WEATHER WAS OBSERVED.


RELATIVE HUMIDITY (PERCENT)
 HIGHEST    85           500 AM
 LOWEST     23           500 PM
 AVERAGE    54

..........................................................


THE DANVILLE VA CLIMATE NORMALS FOR TODAY
                         NORMAL    RECORD    YEAR
 MAXIMUM TEMPERATURE (F)   71        91      2002
 MINIMUM TEMPERATURE (F)   48        30      1951


SUNRISE AND SUNSET
APRIL 18 2014.........SUNRISE   640 AM EDT   SUNSET   754 PM EDT
APRIL 19 2014.........SUNRISE   638 AM EDT   SUNSET   755 PM EDT


-  INDICATES NEGATIVE NUMBERS.
R  INDICATES RECORD WAS SET OR TIED.
MM INDICATES DATA IS MISSING.
T  INDICATES TRACE AMOUNT.


REMARKS:
DUE TO A POWER FAILURE CAUSING A MISSING LOW TEMPERATURE ON
JANUARY 22...THE SEASONAL TOTAL AND DEPARTURE FROM NORMAL FOR HDD
WILL BE CALCULATED WITHOUT DATA FROM THAT DATE.


$$
