000
CDUS41 KRNK 252103
CLIDAN


CLIMATE REPORT
NATIONAL WEATHER SERVICE BLACKSBURG VA
503 PM EDT THU AUG 25 2016


...................................

...THE DANVILLE VA CLIMATE SUMMARY FOR AUGUST 25 2016...
VALID TODAY AS OF 0500 PM LOCAL TIME.

CLIMATE NORMAL PERIOD 1981 TO 2010
CLIMATE RECORD PERIOD 1948 TO 2016


WEATHER ITEM   OBSERVED TIME   RECORD YEAR NORMAL DEPARTURE LAST
                VALUE   (LST)  VALUE       VALUE  FROM      YEAR
                                                  NORMAL
..................................................................
TEMPERATURE (F)
 TODAY
  MAXIMUM         91    208 PM  99    2007  86      5       87
  MINIMUM         65    605 AM  48    1952  67     -2       64
  AVERAGE         78                        76      2       76

PRECIPITATION (IN)
  TODAY            0.00          1.52 1996   0.15  -0.15     0.00
  MONTH TO DATE    4.55                      3.15   1.40     2.99
  SINCE JUN 1     16.32                     11.59   4.73    18.35
  SINCE JAN 1     35.87                     29.47   6.40    28.23

SNOWFALL (IN)
  TODAY            0.0                                       0.0
  MONTH TO DATE    0.0                                       0.0
  SINCE JUN 1      0.0                                       0.0
  SINCE JUL 1      0.0                                       0.0
  SNOW DEPTH       0

DEGREE DAYS
 HEATING
  TODAY            0                         0      0        0
  MONTH TO DATE    0                         0      0        0
  SINCE JUN 1      0                         3     -3        5
  SINCE JUL 1      0                         0      0        0

 COOLING
  TODAY           13                        11      2       11
  MONTH TO DATE  351                       312     39      310
  SINCE JUN 1   1079                      1021     58     1113
  SINCE JAN 1   1218                      1165     53     1340
..................................................................


WIND (MPH)
  HIGHEST WIND SPEED    10   HIGHEST WIND DIRECTION    SW (230)
  HIGHEST GUST SPEED    14   HIGHEST GUST DIRECTION     W (260)
  AVERAGE WIND SPEED     4.1


SKY COVER
  AVERAGE SKY COVER 0.1


WEATHER CONDITIONS
 THE FOLLOWING WEATHER WAS RECORDED TODAY.
  NO SIGNIFICANT WEATHER WAS OBSERVED.


RELATIVE HUMIDITY (PERCENT)
 HIGHEST   100           300 AM
 LOWEST     56           200 PM
 AVERAGE    78

..........................................................


THE DANVILLE VA CLIMATE NORMALS FOR TOMORROW
                         NORMAL    RECORD    YEAR
 MAXIMUM TEMPERATURE (F)   85        98      1968
 MINIMUM TEMPERATURE (F)   67        50      1952


SUNRISE AND SUNSET
AUGUST 25 2016........SUNRISE   643 AM EDT   SUNSET   755 PM EDT
AUGUST 26 2016........SUNRISE   644 AM EDT   SUNSET   753 PM EDT


-  INDICATES NEGATIVE NUMBERS.
R  INDICATES RECORD WAS SET OR TIED.
MM INDICATES DATA IS MISSING.
T  INDICATES TRACE AMOUNT.




$$
