815
CDUS41 KRNK 240848
CLIDAN


CLIMATE REPORT
NATIONAL WEATHER SERVICE BLACKSBURG VA
342 AM EST SAT FEB 24 2018


...................................

...THE DANVILLE VA CLIMATE SUMMARY FOR FEBRUARY 23 2018...

CLIMATE NORMAL PERIOD 1981 TO 2010
CLIMATE RECORD PERIOD 1948 TO 2018


WEATHER ITEM   OBSERVED TIME   RECORD YEAR NORMAL DEPARTURE LAST
                VALUE   (LST)  VALUE       VALUE  FROM      YEAR
                                                  NORMAL
..................................................................
TEMPERATURE (F)
 YESTERDAY
  MAXIMUM         54    548 PM  73    2017  52      2       73
                                      1980
  MINIMUM         47    941 AM  10    1968  33     14       46
  AVERAGE         51                        43      8       60

PRECIPITATION (IN)
  YESTERDAY        0.00          1.24 1961   0.09  -0.09     0.00
  MONTH TO DATE    2.27                      2.52  -0.25     0.81
  SINCE DEC 1      5.84                      9.21  -3.37     6.31
  SINCE JAN 1      5.10                      5.94  -0.84     4.69

SNOWFALL (IN)
  YESTERDAY        0.0                                       0.0
  MONTH TO DATE    T                                          T
  SINCE DEC 1     13.7                                       8.8
  SINCE JUL 1     13.7                                       8.8
  SNOW DEPTH       0

DEGREE DAYS
 HEATING
  YESTERDAY       14                        22     -8        5
  MONTH TO DATE  422                       566   -144      384
  SINCE DEC 1   1883                      2185   -302     1824
  SINCE JUL 1   2605                      2894   -289     2394

 COOLING
  YESTERDAY        0                         0      0        0
  MONTH TO DATE    0                         0      0        5
  SINCE DEC 1      0                         0      0        5
  SINCE JAN 1      0                         0      0        5
..................................................................


WIND (MPH)
  HIGHEST WIND SPEED    14   HIGHEST WIND DIRECTION    NE (50)
  HIGHEST GUST SPEED    18   HIGHEST GUST DIRECTION    NE (40)
  AVERAGE WIND SPEED     3.9


SKY COVER
  AVERAGE SKY COVER 0.9


WEATHER CONDITIONS
 THE FOLLOWING WEATHER WAS RECORDED YESTERDAY.
  FOG
  FOG W/VISIBILITY <= 1/4 MILE


RELATIVE HUMIDITY (PERCENT)
 HIGHEST   100           500 AM
 LOWEST     83          1200 AM
 AVERAGE    92

..........................................................


THE DANVILLE VA CLIMATE NORMALS FOR TODAY
                         NORMAL    RECORD    YEAR
 MAXIMUM TEMPERATURE (F)   53        79      2012
 MINIMUM TEMPERATURE (F)   33        18      2009
                                             1978


SUNRISE AND SUNSET
FEBRUARY 24 2018......SUNRISE   654 AM EST   SUNSET   607 PM EST
FEBRUARY 25 2018......SUNRISE   653 AM EST   SUNSET   608 PM EST


-  INDICATES NEGATIVE NUMBERS.
R  INDICATES RECORD WAS SET OR TIED.
MM INDICATES DATA IS MISSING.
T  INDICATES TRACE AMOUNT.

REMARKS:
DUE TO MISING DATA FROM JANUARY 4-9 AND 21-22...ALL INFORMATION
WILL BE CALCULATED WITHOUT DATA FROM THESE DATES.


$$
