000
CDUS41 KRNK 022110
CLIDAN


CLIMATE REPORT
NATIONAL WEATHER SERVICE BLACKSBURG VA
508 PM EDT TUE JUN 2 2015


...................................

...THE DANVILLE VA CLIMATE SUMMARY FOR JUNE 2 2015...
VALID TODAY AS OF 0500 PM LOCAL TIME.

CLIMATE NORMAL PERIOD 1981 TO 2010
CLIMATE RECORD PERIOD 1948 TO 2015


WEATHER ITEM   OBSERVED TIME   RECORD YEAR NORMAL DEPARTURE LAST
                VALUE   (LST)  VALUE       VALUE  FROM      YEAR
                                                  NORMAL
..................................................................
TEMPERATURE (F)
 TODAY
  MAXIMUM         81    401 PM 102    1951  81      0       81
  MINIMUM         66    450 AM  44    2003  61      5       51
  AVERAGE         74                        71      3       66

PRECIPITATION (IN)
  TODAY            0.03          1.04 2001   0.15  -0.12     0.00
  MONTH TO DATE    0.96                      0.30   0.66     0.00
  SINCE JUN 1      0.96                      0.30   0.66     0.00
  SINCE JAN 1     10.84                     18.18  -7.34    18.56

SNOWFALL (IN)
  TODAY            0.0                                       0.0
  MONTH TO DATE    0.0                                       0.0
  SINCE JUN 1      0.0                                       0.0
  SINCE JUL 1      9.8                                      13.4
  SNOW DEPTH       0

DEGREE DAYS
 HEATING
  TODAY            0                         0      0        0
  MONTH TO DATE    0                         0      0        0
  SINCE JUN 1      0                         0      0        0
  SINCE JUL 1   3774                      3811    -37     3894

 COOLING
  TODAY            9                         7      2        1
  MONTH TO DATE   22                        13      9        3
  SINCE JUN 1     22                        13      9        3
  SINCE JAN 1    249                       157     92      164
..................................................................


WIND (MPH)
  HIGHEST WIND SPEED     7   HIGHEST WIND DIRECTION     W (260)
  HIGHEST GUST SPEED    10   HIGHEST GUST DIRECTION    SE (150)
  AVERAGE WIND SPEED     2.3


SKY COVER
  AVERAGE SKY COVER 0.7


WEATHER CONDITIONS
 THE FOLLOWING WEATHER WAS RECORDED TODAY.
  LIGHT RAIN
  FOG


RELATIVE HUMIDITY (PERCENT)
 HIGHEST    93           100 AM
 LOWEST     64           200 PM
 AVERAGE    79

..........................................................


THE DANVILLE VA CLIMATE NORMALS FOR TOMORROW
                         NORMAL    RECORD    YEAR
 MAXIMUM TEMPERATURE (F)   81       100      1951
 MINIMUM TEMPERATURE (F)   62        44      1956


SUNRISE AND SUNSET
JUNE  2 2015..........SUNRISE   600 AM EDT   SUNSET   831 PM EDT
JUNE  3 2015..........SUNRISE   600 AM EDT   SUNSET   831 PM EDT


-  INDICATES NEGATIVE NUMBERS.
R  INDICATES RECORD WAS SET OR TIED.
MM INDICATES DATA IS MISSING.
T  INDICATES TRACE AMOUNT.




$$
