000
CDUS41 KRNK 020911
CLIDAN


CLIMATE REPORT
NATIONAL WEATHER SERVICE BLACKSBURG VA
507 AM EDT TUE SEP 2 2014


...................................

...THE DANVILLE VA CLIMATE SUMMARY FOR SEPTEMBER 1 2014...

CLIMATE NORMAL PERIOD 1981 TO 2010
CLIMATE RECORD PERIOD 1948 TO 2014


WEATHER ITEM   OBSERVED TIME   RECORD YEAR NORMAL DEPARTURE LAST
                VALUE   (LST)  VALUE       VALUE  FROM      YEAR
                                                  NORMAL
..................................................................
TEMPERATURE (F)
 YESTERDAY
  MAXIMUM         93    255 PM 101    1953  84      9       89
  MINIMUM         72   1155 PM  50    1976  65      7       67
  AVERAGE         83                        75      8

PRECIPITATION (IN)
  YESTERDAY        0.00          3.43 1952   0.13  -0.13     0.21
  MONTH TO DATE    0.00                      0.13  -0.13     0.21
  SINCE SEP 1      0.00                      0.13  -0.13     0.21
  SINCE JAN 1     29.75                     30.42  -0.67    41.52

SNOWFALL (IN)
  YESTERDAY        0.0
  MONTH TO DATE    0.0
  SINCE SEP 1      0.0
  SINCE JUL 1      0.0
  SNOW DEPTH       0

DEGREE DAYS
 HEATING
  YESTERDAY        0                         0      0
  MONTH TO DATE    0                         0      0
  SINCE SEP 1      0                         0      0
  SINCE JUL 1      0                         0      0

 COOLING
  YESTERDAY       18                        10      8
  MONTH TO DATE   18                        10      8
  SINCE SEP 1     18                        10      8
  SINCE JAN 1   1207                      1237    -30
..................................................................


WIND (MPH)
  HIGHEST WIND SPEED    15   HIGHEST WIND DIRECTION     W (260)
  HIGHEST GUST SPEED    23   HIGHEST GUST DIRECTION    SW (240)
  AVERAGE WIND SPEED     5.3


SKY COVER
  POSSIBLE SUNSHINE  MM
  AVERAGE SKY COVER 0.1


WEATHER CONDITIONS
 THE FOLLOWING WEATHER WAS RECORDED YESTERDAY.
  NO SIGNIFICANT WEATHER WAS OBSERVED.


RELATIVE HUMIDITY (PERCENT)
 HIGHEST    87          1200 AM
 LOWEST     41           300 PM
 AVERAGE    64

..........................................................


THE DANVILLE VA CLIMATE NORMALS FOR TODAY
                         NORMAL    RECORD    YEAR
 MAXIMUM TEMPERATURE (F)   84        99      1953
 MINIMUM TEMPERATURE (F)   65        44      1948


SUNRISE AND SUNSET
SEPTEMBER  2 2014.....SUNRISE   649 AM EDT   SUNSET   744 PM EDT
SEPTEMBER  3 2014.....SUNRISE   650 AM EDT   SUNSET   743 PM EDT


-  INDICATES NEGATIVE NUMBERS.
R  INDICATES RECORD WAS SET OR TIED.
MM INDICATES DATA IS MISSING.
T  INDICATES TRACE AMOUNT.




$$
