000
CDUS41 KRNK 220844
CLIDAN


CLIMATE REPORT
NATIONAL WEATHER SERVICE BLACKSBURG VA
335 AM EST SUN JAN 22 2017


...................................

...THE DANVILLE VA CLIMATE SUMMARY FOR JANUARY 21 2017...

CLIMATE NORMAL PERIOD 1981 TO 2010
CLIMATE RECORD PERIOD 1948 TO 2017


WEATHER ITEM   OBSERVED TIME   RECORD YEAR NORMAL DEPARTURE LAST
                VALUE   (LST)  VALUE       VALUE  FROM      YEAR
                                                  NORMAL
..................................................................
TEMPERATURE (F)
 YESTERDAY
  MAXIMUM         55    403 PM  68    1959  46      9       42
  MINIMUM         50    854 AM  -5    1985  29     21       23
  AVERAGE         53                        38     15       33

PRECIPITATION (IN)
  YESTERDAY        0.21          2.00 1979   0.10   0.11     0.00
  MONTH TO DATE    2.70                      2.27   0.43     1.53
  SINCE DEC 1      4.32                      5.54  -1.22     7.09
  SINCE JAN 1      2.70                      2.27   0.43     1.53

SNOWFALL (IN)
  YESTERDAY        0.0                                       0.0
  MONTH TO DATE    8.8                                       1.4
  SINCE DEC 1      8.8                                       1.4
  SINCE JUL 1      8.8                                       1.4
  SNOW DEPTH       0

DEGREE DAYS
 HEATING
  YESTERDAY       12                        27    -15       32
  MONTH TO DATE  494                       578    -84      602
  SINCE DEC 1   1228                      1351   -123      993
  SINCE JUL 1   1798                      2060   -262     1535

 COOLING
  YESTERDAY        0                         0      0        0
  MONTH TO DATE    0                         0      0        0
  SINCE DEC 1      0                         0      0       11
  SINCE JAN 1      0                         0      0        0
..................................................................


WIND (MPH)
  HIGHEST WIND SPEED    12   HIGHEST WIND DIRECTION    NE (40)
  HIGHEST GUST SPEED    13   HIGHEST GUST DIRECTION     N (360)
  AVERAGE WIND SPEED     1.7


SKY COVER
  AVERAGE SKY COVER 1.0


WEATHER CONDITIONS
 THE FOLLOWING WEATHER WAS RECORDED YESTERDAY.
  LIGHT RAIN
  FOG
  FOG W/VISIBILITY <= 1/4 MILE


RELATIVE HUMIDITY (PERCENT)
 HIGHEST   100          1200 AM
 LOWEST     93           200 PM
 AVERAGE    97

..........................................................


THE DANVILLE VA CLIMATE NORMALS FOR TODAY
                         NORMAL    RECORD    YEAR
 MAXIMUM TEMPERATURE (F)   46        67      1959
 MINIMUM TEMPERATURE (F)   29        -4      1985


SUNRISE AND SUNSET
JANUARY 22 2017.......SUNRISE   726 AM EST   SUNSET   533 PM EST
JANUARY 23 2017.......SUNRISE   725 AM EST   SUNSET   534 PM EST


-  INDICATES NEGATIVE NUMBERS.
R  INDICATES RECORD WAS SET OR TIED.
MM INDICATES DATA IS MISSING.
T  INDICATES TRACE AMOUNT.




$$
