000
CDUS41 KILN 010559
CLIDAY


CLIMATE REPORT
NATIONAL WEATHER SERVICE WILMINGTON OH
159 AM EDT SUN MAY 1 2016


...................................

...THE DAYTON OH CLIMATE SUMMARY FOR APRIL 30 2016...

CLIMATE NORMAL PERIOD 1981 TO 2010
CLIMATE RECORD PERIOD 1869 TO 2016


WEATHER ITEM   OBSERVED TIME   RECORD YEAR NORMAL DEPARTURE LAST
                VALUE   (LST)  VALUE       VALUE  FROM      YEAR
                                                  NORMAL
..................................................................
TEMPERATURE (F)
 YESTERDAY
  MAXIMUM         58   1159 PM  90    1899  67     -9       63
  MINIMUM         47    653 AM  33    1963  46      1       46
                                      1908
  AVERAGE         53                        57     -4       55

PRECIPITATION (IN)
  YESTERDAY        0.57          1.51 1983   0.14   0.43      T
  MONTH TO DATE    2.95                      4.09  -1.14     5.26
  SINCE MAR 1      8.45                      7.43   1.02     9.17
  SINCE JAN 1     13.27                     12.38   0.89    13.53

SNOWFALL (IN)
  YESTERDAY        0.0           0.0    MM   0.0    0.0      0.0
  MONTH TO DATE    0.7                       0.6    0.1      0.0
  SINCE MAR 1      2.1                       4.0   -1.9      5.7
  SINCE JUL 1     12.7                      23.3  -10.6     27.7
  SNOW DEPTH       0

DEGREE DAYS
 HEATING
  YESTERDAY       12                         9      3       10
  MONTH TO DATE  411                       412     -1      324
  SINCE MAR 1    948                      1176   -228     1131
  SINCE JUL 1   4489                      5451   -962     5694

 COOLING
  YESTERDAY        0                         1     -1        0
  MONTH TO DATE    4                        10     -6        4
  SINCE MAR 1      4                        10     -6        4
  SINCE JAN 1      4                        10     -6        4
..................................................................


WIND (MPH)
  RESULTANT WIND SPEED   9   RESULTANT WIND DIRECTION   E (110)
  HIGHEST WIND SPEED    17   HIGHEST WIND DIRECTION     E (110)
  HIGHEST GUST SPEED    20   HIGHEST GUST DIRECTION     E (110)
  AVERAGE WIND SPEED    10.2



WEATHER CONDITIONS
 THE FOLLOWING WEATHER WAS RECORDED YESTERDAY.
  HEAVY RAIN
  RAIN
  LIGHT RAIN
  FOG


RELATIVE HUMIDITY (PERCENT)
 HIGHEST   100           300 PM
 LOWEST     77           500 AM
 AVERAGE    89

..........................................................


THE DAYTON OH CLIMATE NORMALS FOR TODAY
                         NORMAL    RECORD    YEAR
 MAXIMUM TEMPERATURE (F)   67        88      1951
 MINIMUM TEMPERATURE (F)   47        26      1963


SUNRISE AND SUNSET
MAY  1 2016...........SUNRISE   636 AM EDT   SUNSET   832 PM EDT
MAY  2 2016...........SUNRISE   635 AM EDT   SUNSET   833 PM EDT


-  INDICATES NEGATIVE NUMBERS.
R  INDICATES RECORD WAS SET OR TIED.
MM INDICATES DATA IS MISSING.
T  INDICATES TRACE AMOUNT.




$$
