000
CDUS41 KILN 260549
CLIDAY


CLIMATE REPORT
NATIONAL WEATHER SERVICE WILMINGTON OH
1248 AM EST SUN FEB 26 2017


...................................

...THE DAYTON OH CLIMATE SUMMARY FOR FEBRUARY 25 2017...

CLIMATE NORMAL PERIOD 1981 TO 2010
CLIMATE RECORD PERIOD 1869 TO 2017


WEATHER ITEM   OBSERVED TIME   RECORD YEAR NORMAL DEPARTURE LAST
                VALUE   (LST)  VALUE       VALUE  FROM      YEAR
                                                  NORMAL
..................................................................
TEMPERATURE (F)
 YESTERDAY
  MAXIMUM         51   1200 AM  73    2000  42      9       34
  MINIMUM         27    506 PM  -9    1900  25      2       29
  AVERAGE         39                        34      5       32

PRECIPITATION (IN)
  YESTERDAY        T             1.86 1961   0.08  -0.08     0.08
  MONTH TO DATE    1.34                      1.99  -0.65     3.17
  SINCE DEC 1      7.75                      7.82  -0.07     9.06
  SINCE JAN 1      4.76                      4.70   0.06     4.67

SNOWFALL (IN)
  YESTERDAY        T             3.8  1993   0.2   -0.2      1.0
  MONTH TO DATE    1.2                       5.3   -4.1      5.6
  SINCE DEC 1      7.2                      17.7  -10.5     10.6
  SINCE JUL 1      7.2                      18.7  -11.5     10.6
  SNOW DEPTH       0

DEGREE DAYS
 HEATING
  YESTERDAY       26                        31     -5       33
  MONTH TO DATE  578                       860   -282      817
  SINCE DEC 1   2589                      3072   -483     2612
  SINCE JUL 1   3362                      4183   -821     3448

 COOLING
  YESTERDAY        0                         0      0        0
  MONTH TO DATE    0                         0      0        0
  SINCE DEC 1      0                         0      0        0
  SINCE JAN 1      0                         0      0        0
..................................................................


WIND (MPH)
  RESULTANT WIND SPEED  16   RESULTANT WIND DIRECTION   W (270)
  HIGHEST WIND SPEED    33   HIGHEST WIND DIRECTION     W (280)
  HIGHEST GUST SPEED    41   HIGHEST GUST DIRECTION     W (260)
  AVERAGE WIND SPEED    18.0



WEATHER CONDITIONS
 THE FOLLOWING WEATHER WAS RECORDED YESTERDAY.
  LIGHT SNOW
  FOG


RELATIVE HUMIDITY (PERCENT)
 HIGHEST    85           500 AM
 LOWEST     63           100 PM
 AVERAGE    74

..........................................................


THE DAYTON OH CLIMATE NORMALS FOR TODAY
                         NORMAL    RECORD    YEAR
 MAXIMUM TEMPERATURE (F)   42        72      2000
 MINIMUM TEMPERATURE (F)   26        -8      1963


SUNRISE AND SUNSET
FEBRUARY 26 2017......SUNRISE   714 AM EST   SUNSET   626 PM EST
FEBRUARY 27 2017......SUNRISE   713 AM EST   SUNSET   627 PM EST


-  INDICATES NEGATIVE NUMBERS.
R  INDICATES RECORD WAS SET OR TIED.
MM INDICATES DATA IS MISSING.
T  INDICATES TRACE AMOUNT.




$$
