000
CDUS41 KILN 240537
CLIDAY


CLIMATE REPORT
NATIONAL WEATHER SERVICE WILMINGTON OH
1236 AM EST SAT FEB 24 2018


...................................

...THE DAYTON OH CLIMATE SUMMARY FOR FEBRUARY 23 2018...

CLIMATE NORMAL PERIOD 1981 TO 2010
CLIMATE RECORD PERIOD 1869 TO 2018


WEATHER ITEM   OBSERVED TIME   RECORD YEAR NORMAL DEPARTURE LAST
                VALUE   (LST)  VALUE       VALUE  FROM      YEAR
                                                  NORMAL
..................................................................
TEMPERATURE (F)
 YESTERDAY
  MAXIMUM         59    155 PM  70    2017  41     18       70
  MINIMUM         43    323 AM   0    2015  25     18       55
  AVERAGE         51                        33     18       63

PRECIPITATION (IN)
  YESTERDAY        0.44          2.04 1975   0.08   0.36      T
  MONTH TO DATE    3.35                      1.83   1.52     1.01
  SINCE DEC 1      7.58                      7.66  -0.08     7.42
  SINCE JAN 1      6.04                      4.54   1.50     4.43

SNOWFALL (IN)
  YESTERDAY        0.0           7.4  1914   0.2   -0.2      0.0
  MONTH TO DATE    2.6                       4.9   -2.3      1.2
  SINCE DEC 1     17.5                      17.3    0.2      7.2
  SINCE JUL 1     17.5                      18.3   -0.8      7.2
  SNOW DEPTH       0

DEGREE DAYS
 HEATING
  YESTERDAY       14                        32    -18        2
  MONTH TO DATE  691                       797   -106      550
  SINCE DEC 1   3013                      3009      4     2561
  SINCE JUL 1   4020                      4120   -100     3334

 COOLING
  YESTERDAY        0                         0      0        0
  MONTH TO DATE    3                         0      3        0
  SINCE DEC 1      3                         0      3        0
  SINCE JAN 1      3                         0      3        0
..................................................................


WIND (MPH)
  RESULTANT WIND SPEED   7   RESULTANT WIND DIRECTION  SW (220)
  HIGHEST WIND SPEED    23   HIGHEST WIND DIRECTION    SW (210)
  HIGHEST GUST SPEED    29   HIGHEST GUST DIRECTION     S (200)
  AVERAGE WIND SPEED    13.1



WEATHER CONDITIONS
 THE FOLLOWING WEATHER WAS RECORDED YESTERDAY.
  RAIN
  LIGHT RAIN
  FOG
  HAZE


RELATIVE HUMIDITY (PERCENT)
 HIGHEST   100           100 AM
 LOWEST     86           400 PM
 AVERAGE    93

..........................................................


THE DAYTON OH CLIMATE NORMALS FOR TODAY
                         NORMAL    RECORD    YEAR
 MAXIMUM TEMPERATURE (F)   42        76      2017
 MINIMUM TEMPERATURE (F)   25        -3      1914


SUNRISE AND SUNSET
FEBRUARY 24 2018......SUNRISE   717 AM EST   SUNSET   623 PM EST
FEBRUARY 25 2018......SUNRISE   716 AM EST   SUNSET   624 PM EST


-  INDICATES NEGATIVE NUMBERS.
R  INDICATES RECORD WAS SET OR TIED.
MM INDICATES DATA IS MISSING.
T  INDICATES TRACE AMOUNT.




$$
