000
CDUS41 KILN 280607
CLIDAY


CLIMATE REPORT
NATIONAL WEATHER SERVICE WILMINGTON OH
203 AM EDT FRI AUG 28 2015


...................................

...THE DAYTON OH CLIMATE SUMMARY FOR AUGUST 27 2015...

CLIMATE NORMAL PERIOD 1981 TO 2010
CLIMATE RECORD PERIOD 1869 TO 2015


WEATHER ITEM   OBSERVED TIME   RECORD YEAR NORMAL DEPARTURE LAST
                VALUE   (LST)  VALUE       VALUE  FROM      YEAR
                                                  NORMAL
..................................................................
TEMPERATURE (F)
 YESTERDAY
  MAXIMUM         77    517 PM  97    1948  82     -5       88
                                      1899
  MINIMUM         60   1159 PM  43    1910  61     -1       69
  AVERAGE         69                        72     -3       79

PRECIPITATION (IN)
  YESTERDAY        0.00          2.37 1974   0.10  -0.10     0.00
  MONTH TO DATE    1.75                      2.57  -0.82     2.76
  SINCE JUN 1     14.23                     10.85   3.38     9.52
  SINCE JAN 1     29.55                     27.89   1.66    27.60

SNOWFALL (IN)
  YESTERDAY        0.0                       0.0    0.0      0.0
  MONTH TO DATE    0.0                       0.0    0.0      0.0
  SINCE JUN 1      0.0                       0.0    0.0      0.0
  SINCE JUL 1      0.0                       0.0    0.0      0.0
  SNOW DEPTH       0

DEGREE DAYS
 HEATING
  YESTERDAY        0                         0      0        0
  MONTH TO DATE    9                         0      9        3
  SINCE JUN 1     29                        22      7        9
  SINCE JUL 1      9                         0      9        7

 COOLING
  YESTERDAY        4                         7     -3       14
  MONTH TO DATE  161                       217    -56      242
  SINCE JUN 1    694                       686      8      697
  SINCE JAN 1    869                       756    113      826
..................................................................


WIND (MPH)
  RESULTANT WIND SPEED   3   RESULTANT WIND DIRECTION   N (0)
  HIGHEST WIND SPEED    13   HIGHEST WIND DIRECTION     N (10)
  HIGHEST GUST SPEED    16   HIGHEST GUST DIRECTION     N (360)
  AVERAGE WIND SPEED     4.1



WEATHER CONDITIONS
 THE FOLLOWING WEATHER WAS RECORDED YESTERDAY.
  NO SIGNIFICANT WEATHER WAS OBSERVED.


RELATIVE HUMIDITY (PERCENT)
 HIGHEST    97           600 AM
 LOWEST     46           400 PM
 AVERAGE    72

..........................................................


THE DAYTON OH CLIMATE NORMALS FOR TODAY
                         NORMAL    RECORD    YEAR
 MAXIMUM TEMPERATURE (F)   82        96      1953
 MINIMUM TEMPERATURE (F)   61        40      1910


SUNRISE AND SUNSET
AUGUST 28 2015........SUNRISE   701 AM EDT   SUNSET   815 PM EDT
AUGUST 29 2015........SUNRISE   702 AM EDT   SUNSET   813 PM EDT


-  INDICATES NEGATIVE NUMBERS.
R  INDICATES RECORD WAS SET OR TIED.
MM INDICATES DATA IS MISSING.
T  INDICATES TRACE AMOUNT.




$$
