000
CDUS41 KILN 080531
CLIDAY


CLIMATE REPORT
NATIONAL WEATHER SERVICE WILMINGTON OH
1230 AM EST MON FEB 8 2016


...................................

...THE DAYTON OH CLIMATE SUMMARY FOR FEBRUARY 7 2016...

CLIMATE NORMAL PERIOD 1981 TO 2010
CLIMATE RECORD PERIOD 1869 TO 2016


WEATHER ITEM   OBSERVED TIME   RECORD YEAR NORMAL DEPARTURE LAST
                VALUE   (LST)  VALUE       VALUE  FROM      YEAR
                                                  NORMAL
..................................................................
TEMPERATURE (F)
 YESTERDAY
  MAXIMUM         52    330 PM  63    1925  37     15       52
  MINIMUM         32    731 AM  -8    1905  22     10       29
  AVERAGE         42                        29     13       41

PRECIPITATION (IN)
  YESTERDAY        0.00          1.14 1999   0.08  -0.08     0.00
  MONTH TO DATE    1.23                      0.57   0.66     0.51
  SINCE DEC 1      7.12                      6.40   0.72     6.27
  SINCE JAN 1      2.73                      3.28  -0.55     3.48

SNOWFALL (IN)
  YESTERDAY        0.0           4.0  1895   0.2   -0.2      0.0
  MONTH TO DATE    T                         1.6   -1.6      1.0
  SINCE DEC 1      5.0                      14.0   -9.0      8.8
  SINCE JUL 1      5.0                      15.0  -10.0     12.9
  SNOW DEPTH       0

DEGREE DAYS
 HEATING
  YESTERDAY       23                        36    -13       24
  MONTH TO DATE  199                       254    -55      251
  SINCE DEC 1   1994                      2466   -472     2357
  SINCE JUL 1   2830                      3577   -747     3573

 COOLING
  YESTERDAY        0                         0      0        0
  MONTH TO DATE    0                         0      0        0
  SINCE DEC 1      0                         0      0        0
  SINCE JAN 1      0                         0      0        0
..................................................................


WIND (MPH)
  RESULTANT WIND SPEED  12   RESULTANT WIND DIRECTION   S (200)
  HIGHEST WIND SPEED    25   HIGHEST WIND DIRECTION    SW (220)
  HIGHEST GUST SPEED    33   HIGHEST GUST DIRECTION    SW (230)
  AVERAGE WIND SPEED    12.5



WEATHER CONDITIONS
 THE FOLLOWING WEATHER WAS RECORDED YESTERDAY.
  NO SIGNIFICANT WEATHER WAS OBSERVED.


RELATIVE HUMIDITY (PERCENT)
 HIGHEST    72           700 AM
 LOWEST     30           400 PM
 AVERAGE    51

..........................................................


THE DAYTON OH CLIMATE NORMALS FOR TODAY
                         NORMAL    RECORD    YEAR
 MAXIMUM TEMPERATURE (F)   37        71      1937
 MINIMUM TEMPERATURE (F)   22       -16      1895


SUNRISE AND SUNSET
FEBRUARY  8 2016......SUNRISE   738 AM EST   SUNSET   604 PM EST
FEBRUARY  9 2016......SUNRISE   737 AM EST   SUNSET   605 PM EST


-  INDICATES NEGATIVE NUMBERS.
R  INDICATES RECORD WAS SET OR TIED.
MM INDICATES DATA IS MISSING.
T  INDICATES TRACE AMOUNT.




$$
