000
CDUS41 KILN 240628
CLIDAY


CLIMATE REPORT
NATIONAL WEATHER SERVICE WILMINGTON OH
128 AM EST TUE JAN 24 2017


...................................

...THE DAYTON OH CLIMATE SUMMARY FOR JANUARY 23 2017...

CLIMATE NORMAL PERIOD 1981 TO 2010
CLIMATE RECORD PERIOD 1869 TO 2017


WEATHER ITEM   OBSERVED TIME   RECORD YEAR NORMAL DEPARTURE LAST
                VALUE   (LST)  VALUE       VALUE  FROM      YEAR
                                                  NORMAL
..................................................................
TEMPERATURE (F)
 YESTERDAY
  MAXIMUM         50   1220 AM  69    1967  35     15       30
  MINIMUM         40   1159 PM -18    1963  20     20       15
  AVERAGE         45                        27     18       23

PRECIPITATION (IN)
  YESTERDAY        0.13          0.94 1996   0.08   0.05      T
  MONTH TO DATE    3.36                      2.07   1.29     1.48
  SINCE DEC 1      6.35                      5.19   1.16     5.87
  SINCE JAN 1      3.36                      2.07   1.29     1.48

SNOWFALL (IN)
  YESTERDAY        0.0           3.0  1951   0.3   -0.3      0.2
                                      1894
  MONTH TO DATE    1.2                       5.9   -4.7      4.8
  SINCE DEC 1      5.3                      10.4   -5.1      5.0
  SINCE JUL 1      5.3                      11.4   -6.1      5.0
  SNOW DEPTH       0

DEGREE DAYS
 HEATING
  YESTERDAY       20                        38    -18       42
  MONTH TO DATE  688                       868   -180      913
  SINCE DEC 1   1756                      1916   -160     1566
  SINCE JUL 1   2529                      3027   -498     2402

 COOLING
  YESTERDAY        0                         0      0        0
  MONTH TO DATE    0                         0      0        0
  SINCE DEC 1      0                         0      0        0
  SINCE JAN 1      0                         0      0        0
..................................................................


WIND (MPH)
  RESULTANT WIND SPEED  14   RESULTANT WIND DIRECTION   N (0)
  HIGHEST WIND SPEED    21   HIGHEST WIND DIRECTION     N (10)
  HIGHEST GUST SPEED    24   HIGHEST GUST DIRECTION     N (10)
  AVERAGE WIND SPEED    13.7



WEATHER CONDITIONS
 THE FOLLOWING WEATHER WAS RECORDED YESTERDAY.
  LIGHT RAIN
  FOG


RELATIVE HUMIDITY (PERCENT)
 HIGHEST   100           500 AM
 LOWEST     86          1200 AM
 AVERAGE    93

..........................................................


THE DAYTON OH CLIMATE NORMALS FOR TODAY
                         NORMAL    RECORD    YEAR
 MAXIMUM TEMPERATURE (F)   35        71      1943
 MINIMUM TEMPERATURE (F)   20       -19      1963


SUNRISE AND SUNSET
JANUARY 24 2017.......SUNRISE   751 AM EST   SUNSET   547 PM EST
JANUARY 25 2017.......SUNRISE   751 AM EST   SUNSET   548 PM EST


-  INDICATES NEGATIVE NUMBERS.
R  INDICATES RECORD WAS SET OR TIED.
MM INDICATES DATA IS MISSING.
T  INDICATES TRACE AMOUNT.




$$
