000
CDUS41 KILN 310548
CLIDAY


CLIMATE REPORT
NATIONAL WEATHER SERVICE WILMINGTON OH
147 AM EDT TUE MAY 31 2016


...................................

...THE DAYTON OH CLIMATE SUMMARY FOR MAY 30 2016...

CLIMATE NORMAL PERIOD 1981 TO 2010
CLIMATE RECORD PERIOD 1869 TO 2016


WEATHER ITEM   OBSERVED TIME   RECORD YEAR NORMAL DEPARTURE LAST
                VALUE   (LST)  VALUE       VALUE  FROM      YEAR
                                                  NORMAL
..................................................................
TEMPERATURE (F)
 YESTERDAY
  MAXIMUM         86    518 PM  95    1895  76     10       87
  MINIMUM         61    544 AM  37    1984  56      5       69
  AVERAGE         74                        66      8       78

PRECIPITATION (IN)
  YESTERDAY        0.00          1.98 1905   0.15  -0.15     0.01
  MONTH TO DATE    2.95                      4.51  -1.56     1.77
  SINCE MAR 1     11.40                     11.94  -0.54    10.94
  SINCE JAN 1     16.22                     16.89  -0.67    15.30

SNOWFALL (IN)
  YESTERDAY        0.0           0.0    MM   0.0    0.0      0.0
  MONTH TO DATE    0.0                       0.0    0.0      0.0
  SINCE MAR 1      2.1                       4.0   -1.9      5.7
  SINCE JUL 1     12.7                      23.3  -10.6     27.7
  SNOW DEPTH       0

DEGREE DAYS
 HEATING
  YESTERDAY        0                         3     -3        0
  MONTH TO DATE  188                       166     22       67
  SINCE MAR 1   1136                      1342   -206     1198
  SINCE JUL 1   4677                      5617   -940     5761

 COOLING
  YESTERDAY        9                         3      6       13
  MONTH TO DATE   65                        56      9      171
  SINCE MAR 1     69                        66      3      175
  SINCE JAN 1     69                        66      3      175
..................................................................


WIND (MPH)
  RESULTANT WIND SPEED   3   RESULTANT WIND DIRECTION  NW (330)
  HIGHEST WIND SPEED    15   HIGHEST WIND DIRECTION     N (360)
  HIGHEST GUST SPEED    22   HIGHEST GUST DIRECTION    NW (320)
  AVERAGE WIND SPEED     4.2



WEATHER CONDITIONS
 THE FOLLOWING WEATHER WAS RECORDED YESTERDAY.
  FOG


RELATIVE HUMIDITY (PERCENT)
 HIGHEST    93          1200 AM
 LOWEST     34           200 PM
 AVERAGE    64

..........................................................


THE DAYTON OH CLIMATE NORMALS FOR TODAY
                         NORMAL    RECORD    YEAR
 MAXIMUM TEMPERATURE (F)   76        97      1895
 MINIMUM TEMPERATURE (F)   56        36      1897


SUNRISE AND SUNSET
MAY 31 2016...........SUNRISE   611 AM EDT   SUNSET   859 PM EDT
JUNE  1 2016..........SUNRISE   610 AM EDT   SUNSET   900 PM EDT


-  INDICATES NEGATIVE NUMBERS.
R  INDICATES RECORD WAS SET OR TIED.
MM INDICATES DATA IS MISSING.
T  INDICATES TRACE AMOUNT.




$$
