000
CDUS41 KILN 250541
CLIDAY


CLIMATE REPORT
NATIONAL WEATHER SERVICE WILMINGTON OH
135 AM EDT SAT MAR 25 2017


...................................

...THE DAYTON OH CLIMATE SUMMARY FOR MARCH 24 2017...

CLIMATE NORMAL PERIOD 1981 TO 2010
CLIMATE RECORD PERIOD 1869 TO 2017


WEATHER ITEM   OBSERVED TIME   RECORD YEAR NORMAL DEPARTURE LAST
                VALUE   (LST)  VALUE       VALUE  FROM      YEAR
                                                  NORMAL
..................................................................
TEMPERATURE (F)
 YESTERDAY
  MAXIMUM         74    312 PM  87    1910  53     21       68
  MINIMUM         46    112 AM   4    1974  34     12       45
  AVERAGE         60                        43     17       57

PRECIPITATION (IN)
  YESTERDAY        T             2.95 1913   0.12  -0.12     0.50
  MONTH TO DATE    4.04                      2.47   1.57     3.75
  SINCE MAR 1      4.04                      2.47   1.57     3.75
  SINCE JAN 1      8.98                      7.42   1.56     8.57

SNOWFALL (IN)
  YESTERDAY        0.0           5.8  2013   0.1   -0.1      0.0
  MONTH TO DATE    1.3                       3.0   -1.7      1.4
  SINCE MAR 1      1.3                       3.0   -1.7      1.4
  SINCE JUL 1      8.5                      22.3  -13.8     12.0
  SNOW DEPTH       0

DEGREE DAYS
 HEATING
  YESTERDAY        5                        22    -17        8
  MONTH TO DATE  669                       623     46      421
  SINCE MAR 1    669                       623     46      421
  SINCE JUL 1   4099                      4898   -799     3962

 COOLING
  YESTERDAY        0                         0      0        0
  MONTH TO DATE    0                         0      0        0
  SINCE MAR 1      0                         0      0        0
  SINCE JAN 1      0                         0      0        0
..................................................................


WIND (MPH)
  RESULTANT WIND SPEED  16   RESULTANT WIND DIRECTION   S (200)
  HIGHEST WIND SPEED    29   HIGHEST WIND DIRECTION    SW (210)
  HIGHEST GUST SPEED    38   HIGHEST GUST DIRECTION     S (200)
  AVERAGE WIND SPEED    16.4



WEATHER CONDITIONS
 THE FOLLOWING WEATHER WAS RECORDED YESTERDAY.
  NO SIGNIFICANT WEATHER WAS OBSERVED.


RELATIVE HUMIDITY (PERCENT)
 HIGHEST    67          1100 PM
 LOWEST     41          1200 AM
 AVERAGE    54

..........................................................


THE DAYTON OH CLIMATE NORMALS FOR TODAY
                         NORMAL    RECORD    YEAR
 MAXIMUM TEMPERATURE (F)   53        84      1929
 MINIMUM TEMPERATURE (F)   34         1      1974


SUNRISE AND SUNSET
MARCH 25 2017.........SUNRISE   732 AM EDT   SUNSET   754 PM EDT
MARCH 26 2017.........SUNRISE   730 AM EDT   SUNSET   755 PM EDT


-  INDICATES NEGATIVE NUMBERS.
R  INDICATES RECORD WAS SET OR TIED.
MM INDICATES DATA IS MISSING.
T  INDICATES TRACE AMOUNT.




$$
