000
CDUS41 KILN 220535
CLIDAY


CLIMATE REPORT
NATIONAL WEATHER SERVICE WILMINGTON OH
1233 AM EST WED NOV 22 2017


...................................

...THE DAYTON OH CLIMATE SUMMARY FOR NOVEMBER 21 2017...

CLIMATE NORMAL PERIOD 1981 TO 2010
CLIMATE RECORD PERIOD 1869 TO 2017


WEATHER ITEM   OBSERVED TIME   RECORD YEAR NORMAL DEPARTURE LAST
                VALUE   (LST)  VALUE       VALUE  FROM      YEAR
                                                  NORMAL
..................................................................
TEMPERATURE (F)
 YESTERDAY
  MAXIMUM         54    306 PM  75    1934  48      6       42
  MINIMUM         35   1159 PM  12    2014  33      2       27
                                      1964
  AVERAGE         45                        40      5       35

PRECIPITATION (IN)
  YESTERDAY        T             1.26 1982   0.12  -0.12     0.00
  MONTH TO DATE    5.96                      2.34   3.62     0.10
  SINCE SEP 1     12.12                      8.57   3.55     5.28
  SINCE JAN 1     49.23                     36.88  12.35    31.81

SNOWFALL (IN)
  YESTERDAY        T             0.5  1995   0.0    0.0      0.0
  MONTH TO DATE    T                         0.3   -0.3       T
  SINCE SEP 1      T                         0.7   -0.7       T
  SINCE JUL 1      T                         0.7   -0.7       T
  SNOW DEPTH       0

DEGREE DAYS
 HEATING
  YESTERDAY       20                        24     -4       30
  MONTH TO DATE  454                       423     31      326
  SINCE SEP 1    794                       868    -74      564
  SINCE JUL 1    799                       870    -71      567

 COOLING
  YESTERDAY        0                         0      0        0
  MONTH TO DATE    0                         0      0        5
  SINCE SEP 1    150                       109     41      219
  SINCE JAN 1    899                       891      8     1247
..................................................................


WIND (MPH)
  RESULTANT WIND SPEED  15   RESULTANT WIND DIRECTION  SW (220)
  HIGHEST WIND SPEED    26   HIGHEST WIND DIRECTION    SW (220)
  HIGHEST GUST SPEED    33   HIGHEST GUST DIRECTION    SW (210)
  AVERAGE WIND SPEED    16.6



WEATHER CONDITIONS
 THE FOLLOWING WEATHER WAS RECORDED YESTERDAY.
  LIGHT RAIN
  LIGHT SNOW


RELATIVE HUMIDITY (PERCENT)
 HIGHEST    71           800 PM
 LOWEST     46           200 PM
 AVERAGE    59

..........................................................


THE DAYTON OH CLIMATE NORMALS FOR TODAY
                         NORMAL    RECORD    YEAR
 MAXIMUM TEMPERATURE (F)   48        74      1900
 MINIMUM TEMPERATURE (F)   32         8      1964


SUNRISE AND SUNSET
NOVEMBER 22 2017......SUNRISE   730 AM EST   SUNSET   516 PM EST
NOVEMBER 23 2017......SUNRISE   731 AM EST   SUNSET   515 PM EST


-  INDICATES NEGATIVE NUMBERS.
R  INDICATES RECORD WAS SET OR TIED.
MM INDICATES DATA IS MISSING.
T  INDICATES TRACE AMOUNT.




$$
