000
CDUS43 KILX 290639
CLIDEC


CLIMATE REPORT
NATIONAL WEATHER SERVICE LINCOLN IL
138 AM CDT FRI MAY 29 2015


...................................

...THE DECATUR IL AIRPORT CLIMATE SUMMARY FOR MAY 28 2015...

CLIMATE NORMAL PERIOD 1981 TO 2010
CLIMATE RECORD PERIOD 9999 TO 9999


WEATHER ITEM   OBSERVED TIME   RECORD YEAR NORMAL DEPARTURE LAST
                VALUE   (LST)  VALUE       VALUE  FROM      YEAR
                                                  NORMAL
..................................................................
TEMPERATURE (F)
 YESTERDAY
  MAXIMUM         85    342 PM  MM      MM  78      7       85
  MINIMUM         54    420 AM  MM      MM  55     -1       65
  AVERAGE         70                        66      4       75

PRECIPITATION (IN)
  YESTERDAY        0.00         MM      MM   0.10  -0.10     0.02
  MONTH TO DATE    4.53                      3.97   0.56     2.58
  SINCE MAR 1      8.16                     10.41  -2.25     8.52
  SINCE JAN 1      9.41                     14.13  -4.72     9.64

DEGREE DAYS
 HEATING
  YESTERDAY        0                         3     -3        0
  MONTH TO DATE   79                       135    -56      129
  SINCE MAR 1   1169                      1241    -72     1339
  SINCE JUL 1   5815                      5498    317     6151

 COOLING
  YESTERDAY        5                         4      1       10
  MONTH TO DATE  132                        61     71      116
  SINCE MAR 1    135                        75     60      117
  SINCE JAN 1    135                        75     60      117
..................................................................


WIND (MPH)
  HIGHEST WIND SPEED    18   HIGHEST WIND DIRECTION     E (100)
  HIGHEST GUST SPEED    25   HIGHEST GUST DIRECTION     E (100)
  AVERAGE WIND SPEED     7.2


SKY COVER
  POSSIBLE SUNSHINE  MM
  AVERAGE SKY COVER 0.0


WEATHER CONDITIONS
 THE FOLLOWING WEATHER WAS RECORDED YESTERDAY.
  NO SIGNIFICANT WEATHER WAS OBSERVED.


RELATIVE HUMIDITY (PERCENT)
 HIGHEST    93           100 AM
 LOWEST     37           200 PM
 AVERAGE    65

..........................................................


THE DECATUR IL AIRPORT CLIMATE NORMALS FOR TODAY
                         NORMAL    RECORD    YEAR
 MAXIMUM TEMPERATURE (F)   78        MM        MM
 MINIMUM TEMPERATURE (F)   56        MM        MM


SUNRISE AND SUNSET
MAY 29 2015...........SUNRISE   531 AM CDT   SUNSET   815 PM CDT
MAY 30 2015...........SUNRISE   530 AM CDT   SUNSET   816 PM CDT


-  INDICATES NEGATIVE NUMBERS.
R  INDICATES RECORD WAS SET OR TIED.
MM INDICATES DATA IS MISSING.
T  INDICATES TRACE AMOUNT.




$$
