206
CDUS43 KILX 302149
CLIDEC


CLIMATE REPORT
NATIONAL WEATHER SERVICE LINCOLN IL
438 PM CDT TUE AUG 30 2016


...................................

...THE DECATUR IL AIRPORT CLIMATE SUMMARY FOR AUGUST 30 2016...
VALID TODAY AS OF 0400 PM LOCAL TIME.

CLIMATE NORMAL PERIOD 1981 TO 2010
CLIMATE RECORD PERIOD 9999 TO 9999


WEATHER ITEM   OBSERVED TIME   RECORD YEAR NORMAL DEPARTURE LAST
                VALUE   (LST)  VALUE       VALUE  FROM      YEAR
                                                  NORMAL
..................................................................
TEMPERATURE (F)
 TODAY
  MAXIMUM         85    114 PM  MM      MM  83      2       87
  MINIMUM         68    545 AM  MM      MM  61      7       68
  AVERAGE         77                        72      5       78

PRECIPITATION (IN)
  TODAY            0.04         MM      MM   0.14  -0.10      T
  MONTH TO DATE    5.13                      3.51   1.62     2.29
  SINCE JUN 1     12.06                     11.72   0.34    12.21
  SINCE JAN 1     22.92                     26.17  -3.25    22.91

DEGREE DAYS
 HEATING
  TODAY            0                         0      0        0
  MONTH TO DATE    0                         0      0        1
  SINCE JUN 1      5                        18    -13        9
  SINCE JUL 1      5                         1      4        2

 COOLING
  TODAY           12                         7      5       13
  MONTH TO DATE  353                       262     91      243
  SINCE JUN 1   1036                       824    212      802
  SINCE JAN 1   1126                       911    215      946
..................................................................


WIND (MPH)
  HIGHEST WIND SPEED    14   HIGHEST WIND DIRECTION     N (340)
  HIGHEST GUST SPEED    17   HIGHEST GUST DIRECTION     N (340)
  AVERAGE WIND SPEED     3.9


SKY COVER
  POSSIBLE SUNSHINE  MM
  AVERAGE SKY COVER 0.1


WEATHER CONDITIONS
 THE FOLLOWING WEATHER WAS RECORDED TODAY.
  LIGHT RAIN
  FOG


RELATIVE HUMIDITY (PERCENT)
 HIGHEST    97           300 AM
 LOWEST     69           200 PM
 AVERAGE    83

..........................................................


THE DECATUR IL AIRPORT CLIMATE NORMALS FOR TOMORROW
                         NORMAL    RECORD    YEAR
 MAXIMUM TEMPERATURE (F)   83        MM        MM
 MINIMUM TEMPERATURE (F)   61        MM        MM


SUNRISE AND SUNSET
AUGUST 30 2016........SUNRISE   622 AM CDT   SUNSET   729 PM CDT
AUGUST 31 2016........SUNRISE   623 AM CDT   SUNSET   727 PM CDT


-  INDICATES NEGATIVE NUMBERS.
R  INDICATES RECORD WAS SET OR TIED.
MM INDICATES DATA IS MISSING.
T  INDICATES TRACE AMOUNT.




$$
