000
CDUS43 KILX 190629
CLIDEC


CLIMATE REPORT
NATIONAL WEATHER SERVICE LINCOLN IL
129 AM CDT THU OCT 19 2017


...................................

...THE DECATUR IL AIRPORT CLIMATE SUMMARY FOR OCTOBER 18 2017...

CLIMATE NORMAL PERIOD 1981 TO 2010
CLIMATE RECORD PERIOD 9999 TO 9999


WEATHER ITEM   OBSERVED TIME   RECORD YEAR NORMAL DEPARTURE LAST
                VALUE   (LST)  VALUE       VALUE  FROM      YEAR
                                                  NORMAL
..................................................................
TEMPERATURE (F)
 YESTERDAY
  MAXIMUM         71    258 PM  MM      MM  65      6       82
  MINIMUM         44    628 AM  MM      MM  42      2       58
  AVERAGE         58                        54      4       70

PRECIPITATION (IN)
  YESTERDAY        0.00         MM      MM   0.11  -0.11     0.00
  MONTH TO DATE    3.34                      1.79   1.55     1.29
  SINCE SEP 1      4.22                      4.68  -0.46     3.79
  SINCE JAN 1     30.39                     30.99  -0.60    26.71

DEGREE DAYS
 HEATING
  YESTERDAY        7                        12     -5        0
  MONTH TO DATE   58                       168   -110       51
  SINCE SEP 1    100                       235   -135       57
  SINCE JUL 1    101                       241   -140       62

 COOLING
  YESTERDAY        0                         0      0        5
  MONTH TO DATE   49                        14     35       50
  SINCE SEP 1    212                       125     87      279
  SINCE JAN 1   1118                      1043     75     1414
..................................................................


WIND (MPH)
  HIGHEST WIND SPEED    22   HIGHEST WIND DIRECTION    SW (220)
  HIGHEST GUST SPEED    26   HIGHEST GUST DIRECTION    SW (220)
  AVERAGE WIND SPEED    11.4


SKY COVER
  POSSIBLE SUNSHINE  MM
  AVERAGE SKY COVER 0.0


WEATHER CONDITIONS
 THE FOLLOWING WEATHER WAS RECORDED YESTERDAY.
  NO SIGNIFICANT WEATHER WAS OBSERVED.


RELATIVE HUMIDITY (PERCENT)
 HIGHEST    83           600 AM
 LOWEST     37           100 PM
 AVERAGE    60

..........................................................


THE DECATUR IL AIRPORT CLIMATE NORMALS FOR TODAY
                         NORMAL    RECORD    YEAR
 MAXIMUM TEMPERATURE (F)   65        MM        MM
 MINIMUM TEMPERATURE (F)   42        MM        MM


SUNRISE AND SUNSET
OCTOBER 19 2017.......SUNRISE   710 AM CDT   SUNSET   610 PM CDT
OCTOBER 20 2017.......SUNRISE   711 AM CDT   SUNSET   608 PM CDT


-  INDICATES NEGATIVE NUMBERS.
R  INDICATES RECORD WAS SET OR TIED.
MM INDICATES DATA IS MISSING.
T  INDICATES TRACE AMOUNT.




$$
