000
CDUS43 KILX 272140
CLIDEC


CLIMATE REPORT
NATIONAL WEATHER SERVICE LINCOLN IL
439 PM CDT TUE SEP 27 2016


...................................

...THE DECATUR IL AIRPORT CLIMATE SUMMARY FOR SEPTEMBER 27 2016...
VALID TODAY AS OF 0400 PM LOCAL TIME.

CLIMATE NORMAL PERIOD 1981 TO 2010
CLIMATE RECORD PERIOD 9999 TO 9999


WEATHER ITEM   OBSERVED TIME   RECORD YEAR NORMAL DEPARTURE LAST
                VALUE   (LST)  VALUE       VALUE  FROM      YEAR
                                                  NORMAL
..................................................................
TEMPERATURE (F)
 TODAY
  MAXIMUM         78    225 PM  MM      MM  74      4       79
  MINIMUM         55    639 AM  MM      MM  49      6       57
  AVERAGE         67                        62      5       68

PRECIPITATION (IN)
  TODAY            0.00         MM      MM   0.07  -0.07      T
  MONTH TO DATE    2.41                      2.67  -0.26     2.14
  SINCE SEP 1      2.41                      2.67  -0.26     2.14
  SINCE JAN 1     25.33                     28.98  -3.65    25.05

DEGREE DAYS
 HEATING
  TODAY            0                         5     -5        0
  MONTH TO DATE    0                        49    -49       19
  SINCE SEP 1      0                        49    -49       19
  SINCE JUL 1      5                        55    -50       21

 COOLING
  TODAY            2                         2      0        3
  MONTH TO DATE  229                       105    124      201
  SINCE SEP 1    229                       105    124      201
  SINCE JAN 1   1364                      1023    341     1160
..................................................................


WIND (MPH)
  HIGHEST WIND SPEED    23   HIGHEST WIND DIRECTION     W (270)
  HIGHEST GUST SPEED    32   HIGHEST GUST DIRECTION    NW (300)
  AVERAGE WIND SPEED    11.9


SKY COVER
  POSSIBLE SUNSHINE  MM
  AVERAGE SKY COVER 0.0


WEATHER CONDITIONS
 THE FOLLOWING WEATHER WAS RECORDED TODAY.
  HAZE


RELATIVE HUMIDITY (PERCENT)
 HIGHEST    62           700 AM
 LOWEST     23           200 PM
 AVERAGE    43

..........................................................


THE DECATUR IL AIRPORT CLIMATE NORMALS FOR TOMORROW
                         NORMAL    RECORD    YEAR
 MAXIMUM TEMPERATURE (F)   74        MM        MM
 MINIMUM TEMPERATURE (F)   49        MM        MM


SUNRISE AND SUNSET
SEPTEMBER 27 2016.....SUNRISE   648 AM CDT   SUNSET   643 PM CDT
SEPTEMBER 28 2016.....SUNRISE   649 AM CDT   SUNSET   642 PM CDT


-  INDICATES NEGATIVE NUMBERS.
R  INDICATES RECORD WAS SET OR TIED.
MM INDICATES DATA IS MISSING.
T  INDICATES TRACE AMOUNT.




$$
