000
CDUS43 KILX 250638
CLIDEC


CLIMATE REPORT
NATIONAL WEATHER SERVICE LINCOLN IL
138 AM CDT TUE APR 25 2017


...................................

...THE DECATUR IL AIRPORT CLIMATE SUMMARY FOR APRIL 24 2017...

CLIMATE NORMAL PERIOD 1981 TO 2010
CLIMATE RECORD PERIOD 9999 TO 9999


WEATHER ITEM   OBSERVED TIME   RECORD YEAR NORMAL DEPARTURE LAST
                VALUE   (LST)  VALUE       VALUE  FROM      YEAR
                                                  NORMAL
..................................................................
TEMPERATURE (F)
 YESTERDAY
  MAXIMUM         78    247 PM  MM      MM  67     11       79
  MINIMUM         40    507 AM  MM      MM  45     -5       45
  AVERAGE         59                        56      3       62

PRECIPITATION (IN)
  YESTERDAY        0.00         MM      MM   0.13  -0.13     0.00
  MONTH TO DATE    2.00                      2.71  -0.71     2.18
  SINCE MAR 1      4.70                      5.35  -0.65     5.37
  SINCE JAN 1      6.80                      9.07  -2.27     6.56

DEGREE DAYS
 HEATING
  YESTERDAY        6                        10     -4        3
  MONTH TO DATE  203                       329   -126      324
  SINCE MAR 1    858                      1056   -198      826
  SINCE JUL 1   4217                      5313  -1096     4318

 COOLING
  YESTERDAY        0                         1     -1        0
  MONTH TO DATE   20                         2     18        0
  SINCE MAR 1     20                         3     17        0
  SINCE JAN 1     20                         3     17        0
..................................................................


WIND (MPH)
  HIGHEST WIND SPEED    17   HIGHEST WIND DIRECTION     E (100)
  HIGHEST GUST SPEED    22   HIGHEST GUST DIRECTION     E (110)
  AVERAGE WIND SPEED     7.0


SKY COVER
  POSSIBLE SUNSHINE  MM
  AVERAGE SKY COVER 0.0


WEATHER CONDITIONS
 THE FOLLOWING WEATHER WAS RECORDED YESTERDAY.
  NO SIGNIFICANT WEATHER WAS OBSERVED.


RELATIVE HUMIDITY (PERCENT)
 HIGHEST    65           500 AM
 LOWEST     19           300 PM
 AVERAGE    42

..........................................................


THE DECATUR IL AIRPORT CLIMATE NORMALS FOR TODAY
                         NORMAL    RECORD    YEAR
 MAXIMUM TEMPERATURE (F)   68        MM        MM
 MINIMUM TEMPERATURE (F)   45        MM        MM


SUNRISE AND SUNSET
APRIL 25 2017.........SUNRISE   603 AM CDT   SUNSET   744 PM CDT
APRIL 26 2017.........SUNRISE   602 AM CDT   SUNSET   745 PM CDT


-  INDICATES NEGATIVE NUMBERS.
R  INDICATES RECORD WAS SET OR TIED.
MM INDICATES DATA IS MISSING.
T  INDICATES TRACE AMOUNT.




$$
