000
CDUS43 KILX 262151
CLIDEC


CLIMATE REPORT
NATIONAL WEATHER SERVICE LINCOLN IL
450 PM CDT MON JUN 26 2017


...................................

...THE DECATUR IL AIRPORT CLIMATE SUMMARY FOR JUNE 26 2017...
VALID TODAY AS OF 0400 PM LOCAL TIME.

CLIMATE NORMAL PERIOD 1981 TO 2010
CLIMATE RECORD PERIOD 9999 TO 9999


WEATHER ITEM   OBSERVED TIME   RECORD YEAR NORMAL DEPARTURE LAST
                VALUE   (LST)  VALUE       VALUE  FROM      YEAR
                                                  NORMAL
..................................................................
TEMPERATURE (F)
 TODAY
  MAXIMUM         73    952 AM  MM      MM  85    -12       95
  MINIMUM         52    449 AM  MM      MM  65    -13       73
  AVERAGE         63                        75    -12       84

PRECIPITATION (IN)
  TODAY            T            MM      MM   0.14  -0.14      T
  MONTH TO DATE    1.33                      3.91  -2.58     2.16
  SINCE JUN 1      1.33                      3.91  -2.58     2.16
  SINCE JAN 1     20.26                     18.36   1.90    13.02

DEGREE DAYS
 HEATING
  TODAY            2                         0      2        0
  MONTH TO DATE    2                        14    -12        0
  SINCE JUN 1      2                        14    -12        0
  SINCE JUL 1   4413                      5518  -1105     4485

 COOLING
  TODAY            0                        10    -10       19
  MONTH TO DATE  222                       188     34      299
  SINCE JUN 1    222                       188     34      299
  SINCE JAN 1    319                       275     44      389
..................................................................


WIND (MPH)
  HIGHEST WIND SPEED    23   HIGHEST WIND DIRECTION     W (290)
  HIGHEST GUST SPEED    33   HIGHEST GUST DIRECTION    NW (300)
  AVERAGE WIND SPEED     6.2


SKY COVER
  POSSIBLE SUNSHINE  MM
  AVERAGE SKY COVER 0.0


WEATHER CONDITIONS
 THE FOLLOWING WEATHER WAS RECORDED TODAY.
  LIGHT RAIN


RELATIVE HUMIDITY (PERCENT)
 HIGHEST    83           200 AM
 LOWEST     38          1000 AM
 AVERAGE    61

..........................................................


THE DECATUR IL AIRPORT CLIMATE NORMALS FOR TOMORROW
                         NORMAL    RECORD    YEAR
 MAXIMUM TEMPERATURE (F)   86        MM        MM
 MINIMUM TEMPERATURE (F)   65        MM        MM


SUNRISE AND SUNSET
JUNE 26 2017..........SUNRISE   529 AM CDT   SUNSET   828 PM CDT
JUNE 27 2017..........SUNRISE   529 AM CDT   SUNSET   828 PM CDT


-  INDICATES NEGATIVE NUMBERS.
R  INDICATES RECORD WAS SET OR TIED.
MM INDICATES DATA IS MISSING.
T  INDICATES TRACE AMOUNT.




$$
