000
CDUS43 KILX 040648
CLIDEC


CLIMATE REPORT
NATIONAL WEATHER SERVICE LINCOLN IL
147 AM CDT SAT JUL 4 2015


...................................

...THE DECATUR IL AIRPORT CLIMATE SUMMARY FOR JULY 3 2015...

CLIMATE NORMAL PERIOD 1981 TO 2010
CLIMATE RECORD PERIOD 9999 TO 9999


WEATHER ITEM   OBSERVED TIME   RECORD YEAR NORMAL DEPARTURE LAST
                VALUE   (LST)  VALUE       VALUE  FROM      YEAR
                                                  NORMAL
..................................................................
TEMPERATURE (F)
 YESTERDAY
  MAXIMUM         79    424 PM  MM      MM  87     -8       78
  MINIMUM         61    514 AM  MM      MM  66     -5       60
  AVERAGE         70                        76     -6       69

PRECIPITATION (IN)
  YESTERDAY        0.00         MM      MM   0.12  -0.12      T
  MONTH TO DATE    0.11                      0.37  -0.26     0.33
  SINCE JUN 1      5.37                      4.72   0.65     7.23
  SINCE JAN 1     16.07                     19.17  -3.10    16.89

DEGREE DAYS
 HEATING
  YESTERDAY        0                         0      0        0
  MONTH TO DATE    0                         0      0        0
  SINCE JUN 1      7                        17    -10        1
  SINCE JUL 1      0                         0      0        0

 COOLING
  YESTERDAY        5                        11     -6        4
  MONTH TO DATE   14                        33    -19       17
  SINCE JUN 1    272                       262     10      293
  SINCE JAN 1    416                       349     67      438
..................................................................


WIND (MPH)
  HIGHEST WIND SPEED    12   HIGHEST WIND DIRECTION    NE (40)
  HIGHEST GUST SPEED    16   HIGHEST GUST DIRECTION    NE (30)
  AVERAGE WIND SPEED     6.0


SKY COVER
  POSSIBLE SUNSHINE  MM
  AVERAGE SKY COVER 0.3


WEATHER CONDITIONS
 THE FOLLOWING WEATHER WAS RECORDED YESTERDAY.
  FOG


RELATIVE HUMIDITY (PERCENT)
 HIGHEST    97           500 AM
 LOWEST     62           500 PM
 AVERAGE    80

..........................................................


THE DECATUR IL AIRPORT CLIMATE NORMALS FOR TODAY
                         NORMAL    RECORD    YEAR
 MAXIMUM TEMPERATURE (F)   87        MM        MM
 MINIMUM TEMPERATURE (F)   66        MM        MM


SUNRISE AND SUNSET
JULY  4 2015..........SUNRISE   532 AM CDT   SUNSET   827 PM CDT
JULY  5 2015..........SUNRISE   533 AM CDT   SUNSET   827 PM CDT


-  INDICATES NEGATIVE NUMBERS.
R  INDICATES RECORD WAS SET OR TIED.
MM INDICATES DATA IS MISSING.
T  INDICATES TRACE AMOUNT.




$$
