156
CDUS45 KBOU 022240
CLIDEN


CLIMATE REPORT
NATIONAL WEATHER SERVICE DENVER/BOULDER CO
440 PM MDT MON MAY 2 2016


...................................

...THE DENVER CO CLIMATE SUMMARY FOR MAY 2 2016...
VALID TODAY AS OF 0400 PM LOCAL TIME.

CLIMATE NORMAL PERIOD 1981 TO 2010
CLIMATE RECORD PERIOD 1872 TO 2016


WEATHER ITEM   OBSERVED TIME   RECORD YEAR NORMAL DEPARTURE LAST
                VALUE   (LST)  VALUE       VALUE  FROM      YEAR
                                                  NORMAL
..................................................................
TEMPERATURE (F)
 TODAY
  MAXIMUM         59    252 PM  90    1879  66     -7       76
  MINIMUM         28    520 AM  19    2013  38    -10       47
  AVERAGE         44                        52     -8       62

PRECIPITATION (IN)
  TODAY            0.00          1.63 1979   0.06  -0.06      T
  MONTH TO DATE    0.05                      0.13  -0.08     0.02
  SINCE MAR 1      3.79                      2.76   1.03     3.46
  SINCE JAN 1      4.77                      3.54   1.23     5.09

DEGREE DAYS
 HEATING
  TODAY           21                        13      8        3
  MONTH TO DATE   49                        26     23       12
  SINCE MAR 1   1291                      1318    -27     1104
  SINCE JUL 1   5279                      5757   -478     5217

 COOLING
  TODAY            0                         0      0        0
  MONTH TO DATE    0                         0      0        0
  SINCE MAR 1      0                         1     -1        0
  SINCE JAN 1      0                         1     -1        0
..................................................................


WIND (MPH)
  HIGHEST WIND SPEED    13   HIGHEST WIND DIRECTION     N (10)
  HIGHEST GUST SPEED    20   HIGHEST GUST DIRECTION     N (360)
  AVERAGE WIND SPEED     6.2


SKY COVER **
  POSSIBLE SUNSHINE  MM
  AVERAGE SKY COVER 0.2


WEATHER CONDITIONS
 THE FOLLOWING WEATHER WAS RECORDED TODAY.
  NO SIGNIFICANT WEATHER WAS OBSERVED.


RELATIVE HUMIDITY (PERCENT)
 HIGHEST    78          1200 AM
 LOWEST     25           300 PM
 AVERAGE    52

..........................................................


THE DENVER CO CLIMATE NORMALS FOR TOMORROW
                         NORMAL    RECORD    YEAR
 MAXIMUM TEMPERATURE (F)   67        86      1949
 MINIMUM TEMPERATURE (F)   38        19      1907


SUNRISE AND SUNSET
MAY  2 2016...........SUNRISE   556 AM MDT   SUNSET   755 PM MDT
MAY  3 2016...........SUNRISE   555 AM MDT   SUNSET   756 PM MDT


-  INDICATES NEGATIVE NUMBERS.
R  INDICATES RECORD WAS SET OR TIED.
MM INDICATES DATA IS MISSING.
T  INDICATES TRACE AMOUNT.




$$
