537
CDUS45 KBOU 280814
CLIDEN


CLIMATE REPORT
NATIONAL WEATHER SERVICE DENVER/BOULDER CO
113 AM MST TUE FEB 28 2017


...................................

...THE DENVER CO CLIMATE SUMMARY FOR FEBRUARY 27 2017...

CLIMATE NORMAL PERIOD 1981 TO 2010
CLIMATE RECORD PERIOD 1872 TO 2017


WEATHER ITEM   OBSERVED TIME   RECORD YEAR NORMAL DEPARTURE LAST
                VALUE   (LST)  VALUE       VALUE  FROM      YEAR
                                                  NORMAL
..................................................................
TEMPERATURE (F)
 YESTERDAY
  MAXIMUM         58    215 PM  73    2006  49      9       72
                                      1904
  MINIMUM         14   1202 AM -13    1962  22     -8       30
  AVERAGE         36                        35      1       51

PRECIPITATION (IN)
  YESTERDAY        0.00          0.42 1957   0.01  -0.01     0.00
  MONTH TO DATE    0.21                      0.35  -0.14     0.48
  SINCE DEC 1      1.53                      1.11   0.42     1.69
  SINCE JAN 1      0.75                      0.76  -0.01     0.98

SNOWFALL (IN)
  YESTERDAY        0.0
  MONTH TO DATE    1.6
  SINCE DEC 1     17.6
  SINCE JUL 1     19.3
  SNOW DEPTH       0


DEGREE DAYS
 HEATING
  YESTERDAY       29                        30     -1       14
  MONTH TO DATE  648                       880   -232      743
  SINCE DEC 1   2869                      3029   -160     2861
  SINCE JUL 1   3765                      4411   -646     3951

 COOLING
  YESTERDAY        0                         0      0        0
  MONTH TO DATE    0                         0      0        0
  SINCE DEC 1      0                         0      0        0
  SINCE JAN 1      0                         0      0        0
..................................................................


WIND (MPH)
  HIGHEST WIND SPEED    29   HIGHEST WIND DIRECTION    NE (30)
  HIGHEST GUST SPEED    34   HIGHEST GUST DIRECTION     W (250)
  AVERAGE WIND SPEED    14.1


SKY COVER **
  POSSIBLE SUNSHINE  MM
  AVERAGE SKY COVER 0.4


WEATHER CONDITIONS
 THE FOLLOWING WEATHER WAS RECORDED YESTERDAY.
  NO SIGNIFICANT WEATHER WAS OBSERVED.


RELATIVE HUMIDITY (PERCENT)
 HIGHEST    75          1000 PM
 LOWEST     12           200 PM
 AVERAGE    44

..........................................................


THE DENVER CO CLIMATE NORMALS FOR TODAY
                         NORMAL    RECORD    YEAR
 MAXIMUM TEMPERATURE (F)   50        77      2006
 MINIMUM TEMPERATURE (F)   22       -18      1962


SUNRISE AND SUNSET
FEBRUARY 28 2017......SUNRISE   632 AM MST   SUNSET   550 PM MST
MARCH  1 2017.........SUNRISE   631 AM MST   SUNSET   551 PM MST


-  INDICATES NEGATIVE NUMBERS.
R  INDICATES RECORD WAS SET OR TIED.
MM INDICATES DATA IS MISSING.
T  INDICATES TRACE AMOUNT.

&&

** SUNSHINE DATA WILL NO LONGER BE AVAILABLE EFFECTIVE OCTOBER 1ST 2009.




$$
