000
CDUS45 KBOU 012324
CLIDEN


CLIMATE REPORT
NATIONAL WEATHER SERVICE DENVER CO
524 PM MDT MON SEP 1 2014


...................................

...THE DENVER CO CLIMATE SUMMARY FOR SEPTEMBER 1 2014...
VALID TODAY AS OF 0500 PM LOCAL TIME.

CLIMATE NORMAL PERIOD 1981 TO 2010
CLIMATE RECORD PERIOD 1872 TO 2014


WEATHER ITEM   OBSERVED TIME   RECORD YEAR NORMAL DEPARTURE LAST
                VALUE   (LST)  VALUE       VALUE  FROM      YEAR
                                                  NORMAL
..................................................................
TEMPERATURE (F)
 TODAY
  MAXIMUM         80    320 PM  97    1995  84     -4       80
  MINIMUM         50    424 AM  44    1962  54     -4       63
  AVERAGE         65                        69     -4       72

PRECIPITATION (IN)
  TODAY            0.00          0.56 1904   0.03  -0.03     0.00
  MONTH TO DATE    0.00                      0.03  -0.03     0.00
  SINCE SEP 1      0.00                      0.03  -0.03     0.00
  SINCE JAN 1     15.11                     11.39   3.72    10.75

DEGREE DAYS
 HEATING
  TODAY            0                         1     -1        0
  MONTH TO DATE    0                         1     -1        0
  SINCE SEP 1      0                         1     -1        0
  SINCE JUL 1      7                        17    -10        0

 COOLING
  TODAY            0                         5     -5        7
  MONTH TO DATE    0                         5     -5        7
  SINCE SEP 1      0                         5     -5        7
  SINCE JAN 1    613                       693    -80      873
..................................................................


WIND (MPH)
  HIGHEST WIND SPEED    17   HIGHEST WIND DIRECTION     W (270)
  HIGHEST GUST SPEED    28   HIGHEST GUST DIRECTION     W (270)
  AVERAGE WIND SPEED     6.8


SKY COVER **
  POSSIBLE SUNSHINE  MM
  AVERAGE SKY COVER 0.3


WEATHER CONDITIONS
 THE FOLLOWING WEATHER WAS RECORDED TODAY.
  NO SIGNIFICANT WEATHER WAS OBSERVED.


RELATIVE HUMIDITY (PERCENT)
 HIGHEST    83          1200 AM
 LOWEST     23           300 PM
 AVERAGE    53

..........................................................


THE DENVER CO CLIMATE NORMALS FOR TOMORROW
                         NORMAL    RECORD    YEAR
 MAXIMUM TEMPERATURE (F)   84        95      1983
 MINIMUM TEMPERATURE (F)   54        40      1952


SUNRISE AND SUNSET
SEPTEMBER  1 2014.....SUNRISE   627 AM MDT   SUNSET   731 PM MDT
SEPTEMBER  2 2014.....SUNRISE   628 AM MDT   SUNSET   730 PM MDT


-  INDICATES NEGATIVE NUMBERS.
R  INDICATES RECORD WAS SET OR TIED.
MM INDICATES DATA IS MISSING.
T  INDICATES TRACE AMOUNT.




$$
