000
CDUS45 KBOU 011227 CCA
CLIDEN

CLIMATE REPORT
NATIONAL WEATHER SERVICE DENVER CO
1257 AM MST SUN MAR 1 2015


...................................

...THE DENVER CO CLIMATE SUMMARY FOR FEBRUARY 28 2015...

CLIMATE NORMAL PERIOD 1981 TO 2010
CLIMATE RECORD PERIOD 1872 TO 2015


WEATHER ITEM   OBSERVED TIME   RECORD YEAR NORMAL DEPARTURE LAST
                VALUE   (LST)  VALUE       VALUE  FROM      YEAR
                                                  NORMAL
..................................................................
TEMPERATURE (F)
 YESTERDAY
  MAXIMUM         22    313 PM  77    2006  50    -28       58
  MINIMUM          0    201 AM -18    1962  22    -22       27
  AVERAGE         11                        36    -25       43

PRECIPITATION (IN)
  YESTERDAY        T             0.44 1958   0.02  -0.02     0.00
  MONTH TO DATE    1.25                      0.37   0.88     0.19
  SINCE DEC 1      2.22                      1.13   1.09     1.38
  SINCE JAN 1      1.63                      0.78   0.85     1.13

SNOWFALL (IN)
  YESTERDAY        T
  MONTH TO DATE   22.4
  SINCE DEC 1     41.6
  SINCE JUL 1     45.6
  SNOW DEPTH       4


DEGREE DAYS
 HEATING
  YESTERDAY       54                        29     25       22
  MONTH TO DATE  864                       909    -45     1022
  SINCE DEC 1   2859                      3057   -198     3196
  SINCE JUL 1   4113                      4439   -326     4519

 COOLING
  YESTERDAY        0                         0      0        0
  MONTH TO DATE    0                         0      0        0
  SINCE DEC 1      0                         0      0        0
  SINCE JAN 1      0                         0      0        0
..................................................................


WIND (MPH)
  HIGHEST WIND SPEED     9   HIGHEST WIND DIRECTION     N (20)
  HIGHEST GUST SPEED    11   HIGHEST GUST DIRECTION     N (350)
  AVERAGE WIND SPEED     4.4


SKY COVER **
  POSSIBLE SUNSHINE  MM
  AVERAGE SKY COVER 0.6


WEATHER CONDITIONS
 THE FOLLOWING WEATHER WAS RECORDED YESTERDAY.
  LIGHT SNOW
  FOG
  FOG W/VISIBILITY <= 1/4 MILE


RELATIVE HUMIDITY (PERCENT)
 HIGHEST    95          1200 AM
 LOWEST     62           100 PM
 AVERAGE    79

..........................................................


THE DENVER CO CLIMATE NORMALS FOR TODAY
                         NORMAL    RECORD    YEAR
 MAXIMUM TEMPERATURE (F)   50        74      2008
 MINIMUM TEMPERATURE (F)   22        -7      1922


SUNRISE AND SUNSET
MARCH  1 2015.........SUNRISE   632 AM MST   SUNSET   549 PM MST
MARCH  2 2015.........SUNRISE   630 AM MST   SUNSET   550 PM MST


-  INDICATES NEGATIVE NUMBERS.
R  INDICATES RECORD WAS SET OR TIED.
MM INDICATES DATA IS MISSING.
T  INDICATES TRACE AMOUNT.

&&

** SUNSHINE DATA WILL NO LONGER BE AVAILABLE EFFECTIVE OCTOBER 1ST 2009.




$$
