000
CDUS45 KBOU 242336
CLIDEN


CLIMATE REPORT
NATIONAL WEATHER SERVICE DENVER CO
535 PM MDT THU APR 24 2014


...................................

...THE DENVER CO CLIMATE SUMMARY FOR APRIL 24 2014...
VALID TODAY AS OF 0500 PM LOCAL TIME.

CLIMATE NORMAL PERIOD 1981 TO 2010
CLIMATE RECORD PERIOD 1872 TO 2014


WEATHER ITEM   OBSERVED TIME   RECORD YEAR NORMAL DEPARTURE LAST
                VALUE   (LST)  VALUE       VALUE  FROM      YEAR
                                                  NORMAL
..................................................................
TEMPERATURE (F)
 TODAY
  MAXIMUM         64    357 PM  88    2012  64      0       53
  MINIMUM         34    506 AM  15    1873  35     -1       26
  AVERAGE         49                        50     -1       40

PRECIPITATION (IN)
  TODAY            0.00          2.09 2007   0.07  -0.07     0.00
  MONTH TO DATE    0.95                      1.29  -0.34     1.87
  SINCE MAR 1      1.78                      2.21  -0.43     3.34
  SINCE JAN 1      2.91                      2.99  -0.08     4.42

DEGREE DAYS
 HEATING
  TODAY           16                        16      0       25
  MONTH TO DATE  372                       442    -70      634
  SINCE MAR 1   1111                      1205    -94     1474
  SINCE JUL 1   5630                      5644    -14     5746

 COOLING
  TODAY            0                         0      0        0
  MONTH TO DATE    0                         0      0        0
  SINCE MAR 1      0                         0      0        0
  SINCE JAN 1      0                         0      0        0
..................................................................


WIND (MPH)
  HIGHEST WIND SPEED    18   HIGHEST WIND DIRECTION     N (340)
  HIGHEST GUST SPEED    22   HIGHEST GUST DIRECTION     N (340)
  AVERAGE WIND SPEED     8.1


SKY COVER **
  POSSIBLE SUNSHINE  MM
  AVERAGE SKY COVER 0.4


WEATHER CONDITIONS
 THE FOLLOWING WEATHER WAS RECORDED TODAY.
  NO SIGNIFICANT WEATHER WAS OBSERVED.


RELATIVE HUMIDITY (PERCENT)
 HIGHEST    85           100 AM
 LOWEST     21           300 PM
 AVERAGE    53

..........................................................


THE DENVER CO CLIMATE NORMALS FOR TOMORROW
                         NORMAL    RECORD    YEAR
 MAXIMUM TEMPERATURE (F)   64        83      1987
                                             1938
 MINIMUM TEMPERATURE (F)   36        20      1924


SUNRISE AND SUNSET
APRIL 24 2014.........SUNRISE   608 AM MDT   SUNSET   745 PM MDT
APRIL 25 2014.........SUNRISE   607 AM MDT   SUNSET   746 PM MDT


-  INDICATES NEGATIVE NUMBERS.
R  INDICATES RECORD WAS SET OR TIED.
MM INDICATES DATA IS MISSING.
T  INDICATES TRACE AMOUNT.




$$
