000
CDUS45 KBOU 030757
CLIDEN


CLIMATE REPORT
NATIONAL WEATHER SERVICE DENVER/BOULDER CO
1257 AM MST SAT DEC 3 2016


...................................

...THE DENVER CO CLIMATE SUMMARY FOR DECEMBER 2 2016...

CLIMATE NORMAL PERIOD 1981 TO 2010
CLIMATE RECORD PERIOD 1872 TO 2016


WEATHER ITEM   OBSERVED TIME   RECORD YEAR NORMAL DEPARTURE LAST
                VALUE   (LST)  VALUE       VALUE  FROM      YEAR
                                                  NORMAL
..................................................................
TEMPERATURE (F)
 YESTERDAY
  MAXIMUM         33    310 PM  74    1885  45    -12       50
  MINIMUM         15   1159 PM  -4    1929  18     -3       18
                                      1908
  AVERAGE         24                        32     -8       34

PRECIPITATION (IN)
  YESTERDAY        0.01          0.52 1921   0.01   0.00     0.00
  MONTH TO DATE    0.01                      0.02  -0.01     0.00
  SINCE DEC 1      0.01                      0.02  -0.01     0.00
  SINCE JAN 1     11.08                     13.97  -2.89    17.60

SNOWFALL (IN)
  YESTERDAY          T
  MONTH TO DATE      T
  SINCE DEC 1        T
  SINCE JUL 1      1.7
  SNOW DEPTH       0


DEGREE DAYS
 HEATING
  YESTERDAY       41                        33      8       31
  MONTH TO DATE   78                        66     12       68
  SINCE DEC 1     78                        66     12       68
  SINCE JUL 1    974                      1448   -474     1158

 COOLING
  YESTERDAY        0                         0      0        0
  MONTH TO DATE    0                         0      0        0
  SINCE DEC 1      0                         0      0        0
  SINCE JAN 1    878                       769    109      877
..................................................................


WIND (MPH)
  HIGHEST WIND SPEED    16   HIGHEST WIND DIRECTION     S (200)
  HIGHEST GUST SPEED    20   HIGHEST GUST DIRECTION    SE (120)
  AVERAGE WIND SPEED     7.9


SKY COVER **
  POSSIBLE SUNSHINE  MM
  AVERAGE SKY COVER 0.8


WEATHER CONDITIONS
 THE FOLLOWING WEATHER WAS RECORDED YESTERDAY.
  LIGHT SNOW
  FOG


RELATIVE HUMIDITY (PERCENT)
 HIGHEST    84           900 PM
 LOWEST     50          1200 AM
 AVERAGE    67

..........................................................


THE DENVER CO CLIMATE NORMALS FOR TODAY
                         NORMAL    RECORD    YEAR
 MAXIMUM TEMPERATURE (F)   45        69      2010
                                             1885
 MINIMUM TEMPERATURE (F)   18        -3      1873


SUNRISE AND SUNSET
DECEMBER  3 2016......SUNRISE   704 AM MST   SUNSET   433 PM MST
DECEMBER  4 2016......SUNRISE   705 AM MST   SUNSET   433 PM MST


-  INDICATES NEGATIVE NUMBERS.
R  INDICATES RECORD WAS SET OR TIED.
MM INDICATES DATA IS MISSING.
T  INDICATES TRACE AMOUNT.

&&

** SUNSHINE DATA WILL NO LONGER BE AVAILABLE EFFECTIVE OCTOBER 1ST 2009.




$$
