000
CDUS45 KBOU 231223
CLIDEN


CLIMATE REPORT
NATIONAL WEATHER SERVICE DENVER CO
623 AM MDT SAT AUG 23 2014


...................................

...THE DENVER CO CLIMATE SUMMARY FOR AUGUST 23 2014...
VALID AS OF 0600 AM LOCAL TIME.

CLIMATE NORMAL PERIOD 1981 TO 2010
CLIMATE RECORD PERIOD 1872 TO 2014


WEATHER ITEM   OBSERVED TIME   RECORD YEAR NORMAL DEPARTURE LAST
                VALUE   (LST)  VALUE       VALUE  FROM      YEAR
                                                  NORMAL
..................................................................
TEMPERATURE (F)
 TODAY
  MAXIMUM         62   1236 AM  98    2011  86    -24       89
                                      2009
                                      1878
  MINIMUM         54    459 AM  41    1964  57     -3       62
  AVERAGE         58                        71    -13       76

PRECIPITATION (IN)
  TODAY            0.00          2.93 1921   0.04  -0.04     0.00
  MONTH TO DATE    1.09                      1.37  -0.28     2.72
  SINCE JUN 1      6.76                      5.51   1.25     5.45
  SINCE JAN 1     13.47                     11.04   2.43    10.69

..................................................................


WIND (MPH)
  HIGHEST WIND SPEED     9   HIGHEST WIND DIRECTION    SW (230)
  HIGHEST GUST SPEED    11   HIGHEST GUST DIRECTION    SW (230)
  AVERAGE WIND SPEED     3.6




RELATIVE HUMIDITY (PERCENT)
 HIGHEST    93           300 AM
 LOWEST     90          1200 AM
 AVERAGE    92

..........................................................


THE DENVER CO CLIMATE NORMALS FOR TOMORROW
                         NORMAL    RECORD    YEAR
 MAXIMUM TEMPERATURE (F)   86        98      2011
 MINIMUM TEMPERATURE (F)   57        40      1910


SUNRISE AND SUNSET
AUGUST 23 2014........SUNRISE   618 AM MDT   SUNSET   745 PM MDT
AUGUST 24 2014........SUNRISE   619 AM MDT   SUNSET   743 PM MDT


-  INDICATES NEGATIVE NUMBERS.
R  INDICATES RECORD WAS SET OR TIED.
MM INDICATES DATA IS MISSING.
T  INDICATES TRACE AMOUNT.




$$
