000
CDUS45 KBOU 020802
CLIDEN


CLIMATE REPORT
NATIONAL WEATHER SERVICE DENVER CO
200 AM MDT TUE JUN 2 2015


...................................

...THE DENVER CO CLIMATE SUMMARY FOR JUNE 1 2015...

CLIMATE NORMAL PERIOD 1981 TO 2010
CLIMATE RECORD PERIOD 1872 TO 2015


WEATHER ITEM   OBSERVED TIME   RECORD YEAR NORMAL DEPARTURE LAST
                VALUE   (LST)  VALUE       VALUE  FROM      YEAR
                                                  NORMAL
..................................................................
TEMPERATURE (F)
 YESTERDAY
  MAXIMUM         85   1254 PM  96    2002  77      8       83
  MINIMUM         52    315 AM  32    1919  48      4       55
  AVERAGE         69                        63      6       69

PRECIPITATION (IN)
  YESTERDAY        T             0.82 1991   0.07  -0.07     0.00
  MONTH TO DATE    T                         0.07  -0.07     0.00
  SINCE JUN 1      T                         0.07  -0.07     0.00
  SINCE JAN 1      8.83                      5.60   3.23     6.71

SNOWFALL (IN)
  YESTERDAY        0.0
  MONTH TO DATE      0
  SINCE JUN 1        0
  SINCE JUL 1     57.8
  SNOW DEPTH       0


DEGREE DAYS
 HEATING
  YESTERDAY        0                         4     -4        0
  MONTH TO DATE    0                         4     -4        0
  SINCE JUN 1      0                         4     -4        0
  SINCE JUL 1   5572                      6000   -428     5974

 COOLING
  YESTERDAY        4                         2      2        4
  MONTH TO DATE    4                         2      2        4
  SINCE JUN 1      4                         2      2        4
  SINCE JAN 1      8                        24    -16       25
..................................................................


WIND (MPH)
  HIGHEST WIND SPEED    32   HIGHEST WIND DIRECTION    SW (240)
  HIGHEST GUST SPEED    39   HIGHEST GUST DIRECTION    SW (240)
  AVERAGE WIND SPEED    12.1


SKY COVER **
  POSSIBLE SUNSHINE  MM
  AVERAGE SKY COVER 0.6


WEATHER CONDITIONS
 THE FOLLOWING WEATHER WAS RECORDED YESTERDAY.
  THUNDERSTORM
  LIGHT RAIN


RELATIVE HUMIDITY (PERCENT)
 HIGHEST    83           300 AM
 LOWEST     27           100 PM
 AVERAGE    55

..........................................................


THE DENVER CO CLIMATE NORMALS FOR TODAY
                         NORMAL    RECORD    YEAR
 MAXIMUM TEMPERATURE (F)   78        93      2002
 MINIMUM TEMPERATURE (F)   48        30      1951


SUNRISE AND SUNSET
JUNE  2 2015..........SUNRISE   532 AM MST   SUNSET   821 PM MST
JUNE  3 2015..........SUNRISE   532 AM MST   SUNSET   822 PM MST


-  INDICATES NEGATIVE NUMBERS.
R  INDICATES RECORD WAS SET OR TIED.
MM INDICATES DATA IS MISSING.
T  INDICATES TRACE AMOUNT.

&&

** SUNSHINE DATA WILL NO LONGER BE AVAILABLE EFFECTIVE OCTOBER 1ST 2009.




$$
