000
CDUS45 KBOU 260804
CLIDEN


CLIMATE REPORT
NATIONAL WEATHER SERVICE DENVER CO
200 AM MDT SAT JUL 26 2014


...................................

...THE DENVER CO CLIMATE SUMMARY FOR JULY 25 2014...

CLIMATE NORMAL PERIOD 1981 TO 2010
CLIMATE RECORD PERIOD 1872 TO 2014


WEATHER ITEM   OBSERVED TIME   RECORD YEAR NORMAL DEPARTURE LAST
                VALUE   (LST)  VALUE       VALUE  FROM      YEAR
                                                  NORMAL
..................................................................
TEMPERATURE (F)
 YESTERDAY
  MAXIMUM         93   1114 AM  99    1963  90      3       80
                                      1931
  MINIMUM         68   1159 PM  51    1973  60      8       57
  AVERAGE         81                        75      6       69

PRECIPITATION (IN)
  YESTERDAY        T             2.69 1998   0.08  -0.08      T
  MONTH TO DATE    0.92                      1.69  -0.77     1.48
  SINCE JUN 1      2.74                      3.67  -0.93     2.23
  SINCE JAN 1      9.45                      9.20   0.25     7.47

SNOWFALL (IN)
  YESTERDAY        0.0
  MONTH TO DATE      0
  SINCE JUN 1        0
  SINCE JUL 1        0
  SNOW DEPTH       0


DEGREE DAYS
 HEATING
  YESTERDAY        0                         0      0        0
  MONTH TO DATE    0                         1     -1        0
  SINCE JUN 1     30                        63    -33       29
  SINCE JUL 1      0                         1     -1        0

 COOLING
  YESTERDAY       16                        10      6        4
  MONTH TO DATE  267                       229     38      260
  SINCE JUN 1    373                       362     11      481
  SINCE JAN 1    394                       384     10      523
..................................................................


WIND (MPH)
  HIGHEST WIND SPEED    35   HIGHEST WIND DIRECTION     S (200)
  HIGHEST GUST SPEED    40   HIGHEST GUST DIRECTION     S (200)
  AVERAGE WIND SPEED    13.3


SKY COVER **
  POSSIBLE SUNSHINE  MM
  AVERAGE SKY COVER 0.7


WEATHER CONDITIONS
 THE FOLLOWING WEATHER WAS RECORDED YESTERDAY.
  THUNDERSTORM


RELATIVE HUMIDITY (PERCENT)
 HIGHEST    57           900 PM
 LOWEST     18          1200 PM
 AVERAGE    38

..........................................................


THE DENVER CO CLIMATE NORMALS FOR TODAY
                         NORMAL    RECORD    YEAR
 MAXIMUM TEMPERATURE (F)   90       100      1910
 MINIMUM TEMPERATURE (F)   60        51      1971
                                             1873


SUNRISE AND SUNSET
JULY 26 2014..........SUNRISE   552 AM MDT   SUNSET   818 PM MDT
JULY 27 2014..........SUNRISE   553 AM MDT   SUNSET   818 PM MDT


-  INDICATES NEGATIVE NUMBERS.
R  INDICATES RECORD WAS SET OR TIED.
MM INDICATES DATA IS MISSING.
T  INDICATES TRACE AMOUNT.

&&

** SUNSHINE DATA WILL NO LONGER BE AVAILABLE EFFECTIVE OCTOBER 1ST 2009.




$$
