000
CDUS44 KSHV 010731
CLIDEQ


CLIMATE REPORT
NATIONAL WEATHER SERVICE SHREVEPORT, LA
231 AM CDT MON SEP 1 2014


...................................

...THE DE QUEEN CLIMATE SUMMARY FOR AUGUST 31 2014...

CLIMATE NORMAL PERIOD 1981 TO 2010
CLIMATE RECORD PERIOD 1902 TO 2014


WEATHER ITEM   OBSERVED TIME   RECORD YEAR NORMAL DEPARTURE LAST
                VALUE   (LST)  VALUE       VALUE  FROM      YEAR
                                                  NORMAL
..................................................................
TEMPERATURE (F)
 YESTERDAY
  MAXIMUM         91    410 PM 107    2000  92     -1      100
  MINIMUM         71    331 AM  53    1988  67      4       70
  AVERAGE         81                        79      2       85

PRECIPITATION (IN)
  YESTERDAY        0.00          2.48 1959   0.08  -0.08      T
  MONTH TO DATE    1.53                      2.17  -0.64     0.37
  SINCE DEC 1     28.28                     35.95  -7.67    24.35
  SINCE JAN 1     26.35                     31.59  -5.24    20.30

SNOWFALL (IN)
  YESTERDAY        0.0
  MONTH TO DATE    0.0
  SINCE JUN 1      0.0
  SINCE JUL 1      0.0
  SNOW DEPTH       0

DEGREE DAYS
 HEATING
  YESTERDAY        0                         0      0        0
  MONTH TO DATE    0                         0      0        0
  SINCE JUN 1      0                         0      0        0
  SINCE JUL 1      0                         0      0        0

 COOLING
  YESTERDAY       16                        14      2       20
  MONTH TO DATE  444                       500    -56      495
  SINCE JUN 1   1123                      1375   -252     1331
  SINCE JAN 1   1330                      1592   -262     1563
..................................................................


WIND (MPH)
  HIGHEST WIND SPEED    13   HIGHEST WIND DIRECTION     S (170)
  HIGHEST GUST SPEED    17   HIGHEST GUST DIRECTION     S (200)
  AVERAGE WIND SPEED     4.0


SKY COVER
  POSSIBLE SUNSHINE  MM
  AVERAGE SKY COVER 0.5


WEATHER CONDITIONS
 THE FOLLOWING WEATHER WAS RECORDED YESTERDAY.
  FOG


RELATIVE HUMIDITY (PERCENT)
 HIGHEST   100          1200 AM
 LOWEST     56           400 PM
 AVERAGE    78

..........................................................


THE DE QUEEN CLIMATE NORMALS FOR TODAY
                         NORMAL    RECORD    YEAR
 MAXIMUM TEMPERATURE (F)   92       108      2000
 MINIMUM TEMPERATURE (F)   66        52      1967


SUNRISE AND SUNSET
SEPTEMBER  1 2014.....SUNRISE   651 AM CDT   SUNSET   743 PM CDT
SEPTEMBER  2 2014.....SUNRISE   652 AM CDT   SUNSET   742 PM CDT


-  INDICATES NEGATIVE NUMBERS.
R  INDICATES RECORD WAS SET OR TIED.
MM INDICATES DATA IS MISSING.
T  INDICATES TRACE AMOUNT.




$$
