928
CDUS44 KSHV 210852
CLIDEQ


CLIMATE REPORT
NATIONAL WEATHER SERVICE SHREVEPORT, LA
251 AM CST TUE FEB 21 2017


...................................

...THE DE QUEEN CLIMATE SUMMARY FOR FEBRUARY 20 2017...

CLIMATE NORMAL PERIOD 1981 TO 2010
CLIMATE RECORD PERIOD 1902 TO 2017


WEATHER ITEM   OBSERVED TIME   RECORD YEAR NORMAL DEPARTURE LAST
                VALUE   (LST)  VALUE       VALUE  FROM      YEAR
                                                  NORMAL
..................................................................
TEMPERATURE (F)
 YESTERDAY
  MAXIMUM         65    512 AM  84    1986  60      5       66
  MINIMUM         56   1104 PM  18    1978  33     23       53
  AVERAGE         61                        46     15       60

PRECIPITATION (IN)
  YESTERDAY        0.14          1.46 2002   0.11   0.03      T
  MONTH TO DATE    0.58                      2.86  -2.28     0.10
  SINCE DEC 1      5.90                     10.54  -4.64    11.25
  SINCE JAN 1      3.19                      6.18  -2.99     0.97

SNOWFALL (IN)
  YESTERDAY        0.0
  MONTH TO DATE    0.0
  SINCE DEC 1      0.3
  SINCE JUL 1      0.3
  SNOW DEPTH       0

DEGREE DAYS
 HEATING
  YESTERDAY        4                        18    -14        5
  MONTH TO DATE  246                       418   -172      338
  SINCE DEC 1   1383                      1828   -445     1472
  SINCE JUL 1   1697                      2354   -657     1813

 COOLING
  YESTERDAY        0                         0      0        0
  MONTH TO DATE    4                         0      4        0
  SINCE DEC 1      9                         1      8        3
  SINCE JAN 1      7                         1      6        0
..................................................................


WIND (MPH)
  HIGHEST WIND SPEED    22   HIGHEST WIND DIRECTION     W (250)
  HIGHEST GUST SPEED    26   HIGHEST GUST DIRECTION     W (250)
  AVERAGE WIND SPEED     4.9


SKY COVER
  POSSIBLE SUNSHINE  MM
  AVERAGE SKY COVER 0.9


WEATHER CONDITIONS
 THE FOLLOWING WEATHER WAS RECORDED YESTERDAY.
  RAIN
  LIGHT RAIN
  FOG
  FOG W/VISIBILITY <= 1/4 MILE


RELATIVE HUMIDITY (PERCENT)
 HIGHEST   100          1000 AM
 LOWEST     78          1200 AM
 AVERAGE    89

..........................................................


THE DE QUEEN CLIMATE NORMALS FOR TODAY
                         NORMAL    RECORD    YEAR
 MAXIMUM TEMPERATURE (F)   60        87      1986
 MINIMUM TEMPERATURE (F)   34        18      1939


SUNRISE AND SUNSET
FEBRUARY 21 2017......SUNRISE   655 AM CST   SUNSET   607 PM CST
FEBRUARY 22 2017......SUNRISE   654 AM CST   SUNSET   608 PM CST


-  INDICATES NEGATIVE NUMBERS.
R  INDICATES RECORD WAS SET OR TIED.
MM INDICATES DATA IS MISSING.
T  INDICATES TRACE AMOUNT.




$$
