000
CDUS44 KSHV 290753
CLIDEQ


CLIMATE REPORT
NATIONAL WEATHER SERVICE SHREVEPORT, LA
250 AM CDT FRI MAY 29 2015


...................................

...THE DE QUEEN CLIMATE SUMMARY FOR MAY 28 2015...

CLIMATE NORMAL PERIOD 1981 TO 2010
CLIMATE RECORD PERIOD 1902 TO 2015


WEATHER ITEM   OBSERVED TIME   RECORD YEAR NORMAL DEPARTURE LAST
                VALUE   (LST)  VALUE       VALUE  FROM      YEAR
                                                  NORMAL
..................................................................
TEMPERATURE (F)
 YESTERDAY
  MAXIMUM         80    409 PM  94    1977  84     -4       79
  MINIMUM         66    208 AM  44    1961  62      4       64
  AVERAGE         73                        73      0       72

PRECIPITATION (IN)
  YESTERDAY       MM             2.56 1998   0.15  MM        0.30
  MONTH TO DATE   10.85                      5.17   5.68     5.75
  SINCE DEC 1     28.79                     25.10   3.69    16.08
  SINCE JAN 1     27.07                     20.74   6.33    14.15

SNOWFALL (IN)
  YESTERDAY        0.0
  MONTH TO DATE    0.0
  SINCE MAR 1      2.6
  SINCE JUL 1      7.9
  SNOW DEPTH       0

DEGREE DAYS
 HEATING
  YESTERDAY        0                         0      0        0
  MONTH TO DATE   10                        21    -11       51
  SINCE MAR 1    455                       551    -96      692
  SINCE JUL 1   3107                      3042     65     3464

 COOLING
  YESTERDAY        8                         8      0        7
  MONTH TO DATE  163                       145     18      140
  SINCE MAR 1    211                       190     21      178
  SINCE JAN 1    211                       192     19      178
..................................................................


WIND (MPH)
  HIGHEST WIND SPEED    29   HIGHEST WIND DIRECTION     E (100)
  HIGHEST GUST SPEED    41   HIGHEST GUST DIRECTION     E (100)
  AVERAGE WIND SPEED    18.5


SKY COVER
  POSSIBLE SUNSHINE  MM
  AVERAGE SKY COVER 0.3


WEATHER CONDITIONS
 THE FOLLOWING WEATHER WAS RECORDED YESTERDAY.
  THUNDERSTORM
  HEAVY RAIN
  LIGHT RAIN
  FOG


RELATIVE HUMIDITY (PERCENT)
 HIGHEST   100          1200 AM
 LOWEST     74           300 PM
 AVERAGE    87

..........................................................


THE DE QUEEN CLIMATE NORMALS FOR TODAY
                         NORMAL    RECORD    YEAR
 MAXIMUM TEMPERATURE (F)   84        95      1977
 MINIMUM TEMPERATURE (F)   63        47      1992


SUNRISE AND SUNSET
MAY 29 2015...........SUNRISE   608 AM CDT   SUNSET   822 PM CDT
MAY 30 2015...........SUNRISE   608 AM CDT   SUNSET   823 PM CDT


-  INDICATES NEGATIVE NUMBERS.
R  INDICATES RECORD WAS SET OR TIED.
MM INDICATES DATA IS MISSING.
T  INDICATES TRACE AMOUNT.




$$
