000
CDUS44 KSHV 040833
CLIDEQ


CLIMATE REPORT
NATIONAL WEATHER SERVICE SHREVEPORT, LA
232 AM CST SUN DEC 4 2016


...................................

...THE DE QUEEN CLIMATE SUMMARY FOR DECEMBER 3 2016...

CLIMATE NORMAL PERIOD 1981 TO 2010
CLIMATE RECORD PERIOD 1902 TO 2016


WEATHER ITEM   OBSERVED TIME   RECORD YEAR NORMAL DEPARTURE LAST
                VALUE   (LST)  VALUE       VALUE  FROM      YEAR
                                                  NORMAL
..................................................................
TEMPERATURE (F)
 YESTERDAY
  MAXIMUM         54    258 AM  82    2005  58     -4       60
  MINIMUM         46   1159 PM  19    1976  32     14       29
  AVERAGE         50                        45      5       45

PRECIPITATION (IN)
  YESTERDAY       MM             5.71 1993   0.12  MM        0.00
  MONTH TO DATE    0.00                      0.37  -0.37     0.00
  SINCE DEC 1      0.00                      0.37  -0.37     0.00
  SINCE JAN 1     34.83                     45.00 -10.17    50.05

SNOWFALL (IN)
  YESTERDAY        0.0
  MONTH TO DATE    0.0
  SINCE DEC 1      0.0
  SINCE JUL 1      0.0
  SNOW DEPTH       0

DEGREE DAYS
 HEATING
  YESTERDAY       15                        20     -5       20
  MONTH TO DATE   53                        59     -6       66
  SINCE DEC 1     53                        59     -6       66
  SINCE JUL 1    367                       585   -218      407

 COOLING
  YESTERDAY        0                         0      0        0
  MONTH TO DATE    0                         0      0        0
  SINCE DEC 1      0                         0      0        0
  SINCE JAN 1   2239                      1941    298     2149
..................................................................


WIND (MPH)
  HIGHEST WIND SPEED    18   HIGHEST WIND DIRECTION     E (90)
  HIGHEST GUST SPEED    27   HIGHEST GUST DIRECTION     E (100)
  AVERAGE WIND SPEED     8.8


SKY COVER
  POSSIBLE SUNSHINE  MM
  AVERAGE SKY COVER 1.0


WEATHER CONDITIONS
 THE FOLLOWING WEATHER WAS RECORDED YESTERDAY.
  RAIN
  LIGHT RAIN
  FOG


RELATIVE HUMIDITY (PERCENT)
 HIGHEST   100          1200 PM
 LOWEST     50           100 AM
 AVERAGE    75

..........................................................


THE DE QUEEN CLIMATE NORMALS FOR TODAY
                         NORMAL    RECORD    YEAR
 MAXIMUM TEMPERATURE (F)   58        76      2013
                                             1999
 MINIMUM TEMPERATURE (F)   32        17      2006


SUNRISE AND SUNSET
DECEMBER  4 2016......SUNRISE   708 AM CST   SUNSET   508 PM CST
DECEMBER  5 2016......SUNRISE   709 AM CST   SUNSET   508 PM CST


-  INDICATES NEGATIVE NUMBERS.
R  INDICATES RECORD WAS SET OR TIED.
MM INDICATES DATA IS MISSING.
T  INDICATES TRACE AMOUNT.




$$
