000
CDUS44 KSHV 222132
CLIDEQ


CLIMATE REPORT
NATIONAL WEATHER SERVICE SHREVEPORT, LA
431 PM CDT MON MAY 22 2017


...................................

...THE DE QUEEN CLIMATE SUMMARY FOR MAY 22 2017...
VALID TODAY AS OF 0400 PM LOCAL TIME.

CLIMATE NORMAL PERIOD 1981 TO 2010
CLIMATE RECORD PERIOD 1902 TO 2017


WEATHER ITEM   OBSERVED TIME   RECORD YEAR NORMAL DEPARTURE LAST
                VALUE   (LST)  VALUE       VALUE  FROM      YEAR
                                                  NORMAL
..................................................................
TEMPERATURE (F)
 TODAY
  MAXIMUM         78    236 PM  93    2005  82     -4       83
  MINIMUM         59    438 AM  44    1981  61     -2       61
  AVERAGE         69                        71     -2       72

PRECIPITATION (IN)
  TODAY            0.00          1.60 1984   0.15  -0.15     0.00
  MONTH TO DATE    2.58                      4.36  -1.78     1.11
  SINCE DEC 1     21.83                     24.29  -2.46    28.59
  SINCE JAN 1     19.12                     19.93  -0.81    18.31

DEGREE DAYS
 HEATING
  TODAY            0                         0      0        0
  MONTH TO DATE   19                        21     -2       27
  SINCE MAR 1    327                       551   -224      370
  SINCE JUL 1   2096                      3042   -946     2322

 COOLING
  TODAY            4                         7     -3        7
  MONTH TO DATE  101                       100      1       59
  SINCE MAR 1    198                       145     53      109
  SINCE JAN 1    208                       147     61      109
..................................................................


WIND (MPH)
  HIGHEST WIND SPEED    15   HIGHEST WIND DIRECTION     E (90)
  HIGHEST GUST SPEED    19   HIGHEST GUST DIRECTION     E (110)
  AVERAGE WIND SPEED     5.3


SKY COVER
  POSSIBLE SUNSHINE  MM
  AVERAGE SKY COVER 0.0


WEATHER CONDITIONS
 THE FOLLOWING WEATHER WAS RECORDED TODAY.
  NO SIGNIFICANT WEATHER WAS OBSERVED.


RELATIVE HUMIDITY (PERCENT)
 HIGHEST   100           300 AM
 LOWEST     42           200 PM
 AVERAGE    71

..........................................................


THE DE QUEEN CLIMATE NORMALS FOR TOMORROW
                         NORMAL    RECORD    YEAR
 MAXIMUM TEMPERATURE (F)   82        92      1958
 MINIMUM TEMPERATURE (F)   61        43      1963


SUNRISE AND SUNSET
MAY 22 2017...........SUNRISE   611 AM CDT   SUNSET   818 PM CDT
MAY 23 2017...........SUNRISE   611 AM CDT   SUNSET   818 PM CDT


-  INDICATES NEGATIVE NUMBERS.
R  INDICATES RECORD WAS SET OR TIED.
MM INDICATES DATA IS MISSING.
T  INDICATES TRACE AMOUNT.




$$
