382
CDUS44 KSHV 160748
CLIDEQ


CLIMATE REPORT
NATIONAL WEATHER SERVICE SHREVEPORT, LA
248 AM CDT WED AUG 16 2017


...................................

...THE DE QUEEN CLIMATE SUMMARY FOR AUGUST 15 2017...

CLIMATE NORMAL PERIOD 1981 TO 2010
CLIMATE RECORD PERIOD 1902 TO 2017


WEATHER ITEM   OBSERVED TIME   RECORD YEAR NORMAL DEPARTURE LAST
                VALUE   (LST)  VALUE       VALUE  FROM      YEAR
                                                  NORMAL
..................................................................
TEMPERATURE (F)
 YESTERDAY
  MAXIMUM         90    415 PM 107    1956  94     -4       75
  MINIMUM         74    600 AM  56    1992  69      5       72
  AVERAGE         82                        82      0       74

PRECIPITATION (IN)
  YESTERDAY        0.00          2.08 1945   0.06  -0.06     0.28
  MONTH TO DATE    6.73                      1.04   5.69     3.21
  SINCE DEC 1     35.21                     34.82   0.39    36.91
  SINCE JAN 1     32.50                     30.46   2.04    26.63

SNOWFALL (IN)
  YESTERDAY        0.0
  MONTH TO DATE    0.0
  SINCE JUN 1      0.0
  SINCE JUL 1      0.0
  SNOW DEPTH       0

DEGREE DAYS
 HEATING
  YESTERDAY        0                         0      0        0
  MONTH TO DATE    0                         0      0        0
  SINCE JUN 1      0                         0      0        0
  SINCE JUL 1      0                         0      0        0

 COOLING
  YESTERDAY       17                        17      0        9
  MONTH TO DATE  208                       251    -43      281
  SINCE JUN 1   1119                      1126     -7     1306
  SINCE JAN 1   1399                      1343     56     1503
..................................................................


WIND (MPH)
  HIGHEST WIND SPEED    10   HIGHEST WIND DIRECTION     S (200)
  HIGHEST GUST SPEED    13   HIGHEST GUST DIRECTION    SW (220)
  AVERAGE WIND SPEED     2.9


SKY COVER
  POSSIBLE SUNSHINE  MM
  AVERAGE SKY COVER 0.4


WEATHER CONDITIONS
 THE FOLLOWING WEATHER WAS RECORDED YESTERDAY.
  FOG


RELATIVE HUMIDITY (PERCENT)
 HIGHEST   100          1200 AM
 LOWEST     70           300 PM
 AVERAGE    85

..........................................................


THE DE QUEEN CLIMATE NORMALS FOR TODAY
                         NORMAL    RECORD    YEAR
 MAXIMUM TEMPERATURE (F)   94       108      1943
 MINIMUM TEMPERATURE (F)   69        54      1992


SUNRISE AND SUNSET
AUGUST 16 2017........SUNRISE   640 AM CDT   SUNSET   803 PM CDT
AUGUST 17 2017........SUNRISE   641 AM CDT   SUNSET   802 PM CDT


-  INDICATES NEGATIVE NUMBERS.
R  INDICATES RECORD WAS SET OR TIED.
MM INDICATES DATA IS MISSING.
T  INDICATES TRACE AMOUNT.




$$
