000
CDUS44 KSHV 240839
CLIDEQ


CLIMATE REPORT
NATIONAL WEATHER SERVICE SHREVEPORT, LA
239 AM CST SAT FEB 24 2018


...................................

...THE DE QUEEN CLIMATE SUMMARY FOR FEBRUARY 23 2018...

CLIMATE NORMAL PERIOD 1981 TO 2010
CLIMATE RECORD PERIOD 1902 TO 2018


WEATHER ITEM   OBSERVED TIME   RECORD YEAR NORMAL DEPARTURE LAST
                VALUE   (LST)  VALUE       VALUE  FROM      YEAR
                                                  NORMAL
..................................................................
TEMPERATURE (F)
 YESTERDAY
  MAXIMUM         60   1132 PM  85    1982  61     -1       83
  MINIMUM         48    706 AM  18    1967  34     14       47
  AVERAGE         54                        47      7       65

PRECIPITATION (IN)
  YESTERDAY        0.93          1.20 1991   0.10   0.83     0.00
  MONTH TO DATE    8.90                      3.18   5.72     1.09
  SINCE DEC 1     16.38                     10.86   5.52     6.41
  SINCE JAN 1     11.13                      6.50   4.63     3.70

SNOWFALL (IN)
  YESTERDAY       MM
  MONTH TO DATE    T
  SINCE DEC 1      0.1
  SINCE JUL 1      0.1
  SNOW DEPTH       0

DEGREE DAYS
 HEATING
  YESTERDAY       11                        18     -7        0
  MONTH TO DATE  423                       472    -49      254
  SINCE DEC 1   1860                      1882    -22     1391
  SINCE JUL 1   2323                      2408    -85     1705

 COOLING
  YESTERDAY        0                         0      0        0
  MONTH TO DATE    1                         0      1        4
  SINCE DEC 1      2                         1      1        9
  SINCE JAN 1      1                         1      0        7
..................................................................


WIND (MPH)
  HIGHEST WIND SPEED    13   HIGHEST WIND DIRECTION     E (110)
  HIGHEST GUST SPEED    17   HIGHEST GUST DIRECTION    SE (120)
  AVERAGE WIND SPEED     5.4


SKY COVER
  POSSIBLE SUNSHINE  MM
  AVERAGE SKY COVER 0.9


WEATHER CONDITIONS
 THE FOLLOWING WEATHER WAS RECORDED YESTERDAY.
  THUNDERSTORM
  HEAVY RAIN
  RAIN
  LIGHT RAIN
  FOG


RELATIVE HUMIDITY (PERCENT)
 HIGHEST   100           300 AM
 LOWEST     97           700 PM
 AVERAGE    99

..........................................................


THE DE QUEEN CLIMATE NORMALS FOR TODAY
                         NORMAL    RECORD    YEAR
 MAXIMUM TEMPERATURE (F)   61        83      1996
 MINIMUM TEMPERATURE (F)   35        19      1965


SUNRISE AND SUNSET
FEBRUARY 24 2018......SUNRISE   652 AM CST   SUNSET   610 PM CST
FEBRUARY 25 2018......SUNRISE   651 AM CST   SUNSET   611 PM CST


-  INDICATES NEGATIVE NUMBERS.
R  INDICATES RECORD WAS SET OR TIED.
MM INDICATES DATA IS MISSING.
T  INDICATES TRACE AMOUNT.




$$
