000
CDUS44 KSHV 092255
CLIDEQ


CLIMATE REPORT
NATIONAL WEATHER SERVICE SHREVEPORT, LA
455 PM CST TUE FEB 9 2016


...................................

...THE DE QUEEN CLIMATE SUMMARY FOR FEBRUARY 9 2016...
VALID TODAY AS OF 0400 PM LOCAL TIME.

CLIMATE NORMAL PERIOD 1981 TO 2010
CLIMATE RECORD PERIOD 1902 TO 2016


WEATHER ITEM   OBSERVED TIME   RECORD YEAR NORMAL DEPARTURE LAST
                VALUE   (LST)  VALUE       VALUE  FROM      YEAR
                                                  NORMAL
..................................................................
TEMPERATURE (F)
 TODAY
  MAXIMUM         54    309 PM  85    1957  57     -3       73
  MINIMUM         30    602 AM   8    1979  31     -1       35
  AVERAGE         42                        44     -2       54

PRECIPITATION (IN)
  TODAY            0.00          1.80 1965   0.15  -0.15     0.00
  MONTH TO DATE    0.10                      1.39  -1.29     0.46
  SINCE DEC 1     11.25                      9.07   2.18     7.26
  SINCE JAN 1      0.97                      4.71  -3.74     5.54

SNOWFALL (IN)
  TODAY            0.0
  MONTH TO DATE    0.0
  SINCE DEC 1      0.0
  SINCE JUL 1      0.0
  SNOW DEPTH       0

DEGREE DAYS
 HEATING
  TODAY           23                        21      2       11
  MONTH TO DATE  182                       200    -18      184
  SINCE DEC 1   1316                      1610   -294     1520
  SINCE JUL 1   1657                      2136   -479     2142

 COOLING
  TODAY            0                         0      0        0
  MONTH TO DATE    0                         0      0        0
  SINCE DEC 1      3                         1      2        0
  SINCE JAN 1      0                         1     -1        0
..................................................................


WIND (MPH)
  HIGHEST WIND SPEED    25   HIGHEST WIND DIRECTION    NW (310)
  HIGHEST GUST SPEED    34   HIGHEST GUST DIRECTION    NW (320)
  AVERAGE WIND SPEED    11.5


SKY COVER
  POSSIBLE SUNSHINE  MM
  AVERAGE SKY COVER 0.0


WEATHER CONDITIONS
 THE FOLLOWING WEATHER WAS RECORDED TODAY.
  NO SIGNIFICANT WEATHER WAS OBSERVED.


RELATIVE HUMIDITY (PERCENT)
 HIGHEST    63           600 AM
 LOWEST     24          1200 PM
 AVERAGE    44

..........................................................


THE DE QUEEN CLIMATE NORMALS FOR TOMORROW
                         NORMAL    RECORD    YEAR
 MAXIMUM TEMPERATURE (F)   57        80      1976
 MINIMUM TEMPERATURE (F)   31        10      1947


SUNRISE AND SUNSET
FEBRUARY  9 2016......SUNRISE   709 AM CST   SUNSET   555 PM CST
FEBRUARY 10 2016......SUNRISE   708 AM CST   SUNSET   556 PM CST


-  INDICATES NEGATIVE NUMBERS.
R  INDICATES RECORD WAS SET OR TIED.
MM INDICATES DATA IS MISSING.
T  INDICATES TRACE AMOUNT.




$$
