000
CDUS44 KSHV 020746
CLIDEQ


CLIMATE REPORT
NATIONAL WEATHER SERVICE SHREVEPORT, LA
245 AM CDT MON MAY 2 2016


...................................

...THE DE QUEEN CLIMATE SUMMARY FOR MAY 1 2016...

CLIMATE NORMAL PERIOD 1981 TO 2010
CLIMATE RECORD PERIOD 1902 TO 2016


WEATHER ITEM   OBSERVED TIME   RECORD YEAR NORMAL DEPARTURE LAST
                VALUE   (LST)  VALUE       VALUE  FROM      YEAR
                                                  NORMAL
..................................................................
TEMPERATURE (F)
 YESTERDAY
  MAXIMUM         81    435 PM  90    1987  78      3       79
  MINIMUM         55    542 AM  32    1903  54      1       48
  AVERAGE         68                        66      2       64

PRECIPITATION (IN)
  YESTERDAY        0.00          2.98 2011   0.24  -0.24     0.00
  MONTH TO DATE    0.00                      0.24  -0.24     0.00
  SINCE DEC 1     27.48                     20.17   7.31    17.94
  SINCE JAN 1     17.20                     15.81   1.39    16.22

SNOWFALL (IN)
  YESTERDAY        0.0
  MONTH TO DATE    0.0
  SINCE MAR 1      0.0
  SINCE JUL 1      0.0
  SNOW DEPTH       0

DEGREE DAYS
 HEATING
  YESTERDAY        0                         2     -2        1
  MONTH TO DATE    0                         2     -2        1
  SINCE MAR 1    343                       532   -189      446
  SINCE JUL 1   2295                      3023   -728     3098

 COOLING
  YESTERDAY        3                         3      0        0
  MONTH TO DATE    3                         3      0        0
  SINCE MAR 1     53                        48      5       48
  SINCE JAN 1     53                        50      3       48
..................................................................


WIND (MPH)
  HIGHEST WIND SPEED    13   HIGHEST WIND DIRECTION    NE (30)
  HIGHEST GUST SPEED    17   HIGHEST GUST DIRECTION    NE (60)
  AVERAGE WIND SPEED     4.0


SKY COVER
  POSSIBLE SUNSHINE  MM
  AVERAGE SKY COVER 0.0


WEATHER CONDITIONS
 THE FOLLOWING WEATHER WAS RECORDED YESTERDAY.
  FOG


RELATIVE HUMIDITY (PERCENT)
 HIGHEST   100           300 AM
 LOWEST     39           100 PM
 AVERAGE    70

..........................................................


THE DE QUEEN CLIMATE NORMALS FOR TODAY
                         NORMAL    RECORD    YEAR
 MAXIMUM TEMPERATURE (F)   78        90      1943
 MINIMUM TEMPERATURE (F)   54        32      1903


SUNRISE AND SUNSET
MAY  2 2016...........SUNRISE   627 AM CDT   SUNSET   803 PM CDT
MAY  3 2016...........SUNRISE   626 AM CDT   SUNSET   803 PM CDT


-  INDICATES NEGATIVE NUMBERS.
R  INDICATES RECORD WAS SET OR TIED.
MM INDICATES DATA IS MISSING.
T  INDICATES TRACE AMOUNT.




$$
