909
CDUS44 KSHV 180753
CLIDEQ


CLIMATE REPORT
NATIONAL WEATHER SERVICE SHREVEPORT, LA
252 AM CDT WED OCT 18 2017


...................................

...THE DE QUEEN CLIMATE SUMMARY FOR OCTOBER 17 2017...

CLIMATE NORMAL PERIOD 1981 TO 2010
CLIMATE RECORD PERIOD 1902 TO 2017


WEATHER ITEM   OBSERVED TIME   RECORD YEAR NORMAL DEPARTURE LAST
                VALUE   (LST)  VALUE       VALUE  FROM      YEAR
                                                  NORMAL
..................................................................
TEMPERATURE (F)
 YESTERDAY
  MAXIMUM         74    354 PM  92    1953  76     -2       88
  MINIMUM         36    631 AM  28    1952  50    -14       63
  AVERAGE         55                        63     -8       76

PRECIPITATION (IN)
  YESTERDAY        0.00          3.92 1983   0.16  -0.16     0.00
  MONTH TO DATE    0.42                      2.50  -2.08     0.54
  SINCE DEC 1     36.38                     42.06  -5.68    40.81
  SINCE JAN 1     33.67                     37.70  -4.03    30.53

SNOWFALL (IN)
  YESTERDAY        0.0
  MONTH TO DATE    0.0
  SINCE SEP 1      0.0
  SINCE JUL 1      0.0
  SNOW DEPTH      MM

DEGREE DAYS
 HEATING
  YESTERDAY       10                         4      6        0
  MONTH TO DATE   32                        45    -13        8
  SINCE SEP 1     32                        54    -22       10
  SINCE JUL 1     32                        54    -22       10

 COOLING
  YESTERDAY        0                         2     -2       11
  MONTH TO DATE  108                        48     60       94
  SINCE SEP 1    400                       321     79      439
  SINCE JAN 1   2034                      1913    121     2176
..................................................................


WIND (MPH)
  HIGHEST WIND SPEED    10   HIGHEST WIND DIRECTION     E (110)
  HIGHEST GUST SPEED    13   HIGHEST GUST DIRECTION     E (110)
  AVERAGE WIND SPEED     2.0


SKY COVER
  POSSIBLE SUNSHINE  MM
  AVERAGE SKY COVER 0.0


WEATHER CONDITIONS
 THE FOLLOWING WEATHER WAS RECORDED YESTERDAY.
  FOG
  HAZE


RELATIVE HUMIDITY (PERCENT)
 HIGHEST   100           900 PM
 LOWEST     31           200 PM
 AVERAGE    66

..........................................................


THE DE QUEEN CLIMATE NORMALS FOR TODAY
                         NORMAL    RECORD    YEAR
 MAXIMUM TEMPERATURE (F)   76        90      2005
                                             2004
                                             1953
 MINIMUM TEMPERATURE (F)   50        28      1948


SUNRISE AND SUNSET
OCTOBER 18 2017.......SUNRISE   725 AM CDT   SUNSET   639 PM CDT
OCTOBER 19 2017.......SUNRISE   726 AM CDT   SUNSET   638 PM CDT


-  INDICATES NEGATIVE NUMBERS.
R  INDICATES RECORD WAS SET OR TIED.
MM INDICATES DATA IS MISSING.
T  INDICATES TRACE AMOUNT.




$$
