000
CDUS44 KSHV 252135
CLIDEQ


CLIMATE REPORT
NATIONAL WEATHER SERVICE SHREVEPORT, LA
434 PM CDT THU AUG 25 2016


...................................

...THE DE QUEEN CLIMATE SUMMARY FOR AUGUST 25 2016...
VALID TODAY AS OF 0400 PM LOCAL TIME.

CLIMATE NORMAL PERIOD 1981 TO 2010
CLIMATE RECORD PERIOD 1902 TO 2016


WEATHER ITEM   OBSERVED TIME   RECORD YEAR NORMAL DEPARTURE LAST
                VALUE   (LST)  VALUE       VALUE  FROM      YEAR
                                                  NORMAL
..................................................................
TEMPERATURE (F)
 TODAY
  MAXIMUM         92    253 PM 104    1938  94     -2       87
  MINIMUM         71    557 AM  53    1966  68      3       61
  AVERAGE         82                        81      1       74

PRECIPITATION (IN)
  TODAY            0.00          1.38 1964   0.08  -0.08      T
  MONTH TO DATE    4.31                      1.75   2.56     0.82
  SINCE DEC 1     38.01                     35.53   2.48    38.35
  SINCE JAN 1     27.73                     31.17  -3.44    36.63

DEGREE DAYS
 HEATING
  TODAY            0                         0      0        0
  MONTH TO DATE    0                         0      0        0
  SINCE JUN 1      0                         0      0        0
  SINCE JUL 1      0                         0      0        0

 COOLING
  TODAY           17                        16      1        9
  MONTH TO DATE  413                       413      0      414
  SINCE JUN 1   1438                      1288    150     1391
  SINCE JAN 1   1635                      1505    130     1625
..................................................................


WIND (MPH)
  HIGHEST WIND SPEED     9   HIGHEST WIND DIRECTION     W (250)
  HIGHEST GUST SPEED    14   HIGHEST GUST DIRECTION     W (270)
  AVERAGE WIND SPEED     1.5


SKY COVER
  POSSIBLE SUNSHINE  MM
  AVERAGE SKY COVER 0.1


WEATHER CONDITIONS
 THE FOLLOWING WEATHER WAS RECORDED TODAY.
  FOG
  FOG W/VISIBILITY <= 1/4 MILE


RELATIVE HUMIDITY (PERCENT)
 HIGHEST   100          1200 AM
 LOWEST     60           300 PM
 AVERAGE    80

..........................................................


THE DE QUEEN CLIMATE NORMALS FOR TOMORROW
                         NORMAL    RECORD    YEAR
 MAXIMUM TEMPERATURE (F)   94       105      1954
 MINIMUM TEMPERATURE (F)   68        56      2015
                                             1970


SUNRISE AND SUNSET
AUGUST 25 2016........SUNRISE   647 AM CDT   SUNSET   752 PM CDT
AUGUST 26 2016........SUNRISE   647 AM CDT   SUNSET   751 PM CDT


-  INDICATES NEGATIVE NUMBERS.
R  INDICATES RECORD WAS SET OR TIED.
MM INDICATES DATA IS MISSING.
T  INDICATES TRACE AMOUNT.




$$
