000
CDUS44 KSHV 170831
CLIDEQ


CLIMATE REPORT
NATIONAL WEATHER SERVICE SHREVEPORT, LA
231 AM CST WED DEC 17 2014


...................................

...THE DE QUEEN CLIMATE SUMMARY FOR DECEMBER 16 2014...

CLIMATE NORMAL PERIOD 1981 TO 2010
CLIMATE RECORD PERIOD 1902 TO 2014


WEATHER ITEM   OBSERVED TIME   RECORD YEAR NORMAL DEPARTURE LAST
                VALUE   (LST)  VALUE       VALUE  FROM      YEAR
                                                  NORMAL
..................................................................
TEMPERATURE (F)
 YESTERDAY
  MAXIMUM         52    252 PM  74    2006  55     -3       63
  MINIMUM         30   1144 PM  10    1945  30      0       25
  AVERAGE         41                        42     -1       44

PRECIPITATION (IN)
  YESTERDAY        0.00          3.17 2001   0.12  -0.12     0.00
  MONTH TO DATE    1.49                      1.96  -0.47     0.80
  SINCE DEC 1      1.49                      1.96  -0.47     0.80
  SINCE JAN 1     42.23                     46.59  -4.36    33.59

SNOWFALL (IN)
  YESTERDAY        0.0
  MONTH TO DATE    0.0
  SINCE DEC 1      0.0
  SINCE JUL 1      0.5
  SNOW DEPTH       0

DEGREE DAYS
 HEATING
  YESTERDAY       24                        22      2       21
  MONTH TO DATE  262                       337    -75      381
  SINCE DEC 1    262                       337    -75      381
  SINCE JUL 1    884                       863     21      994

 COOLING
  YESTERDAY        0                         0      0        0
  MONTH TO DATE    0                         0      0        0
  SINCE DEC 1      0                         0      0        0
  SINCE JAN 1   1712                      1941   -229     2029
..................................................................


WIND (MPH)
  HIGHEST WIND SPEED    14   HIGHEST WIND DIRECTION    NW (310)
  HIGHEST GUST SPEED    18   HIGHEST GUST DIRECTION    NW (330)
  AVERAGE WIND SPEED     5.3


SKY COVER
  POSSIBLE SUNSHINE  MM
  AVERAGE SKY COVER 0.0


WEATHER CONDITIONS
 THE FOLLOWING WEATHER WAS RECORDED YESTERDAY.
  FOG


RELATIVE HUMIDITY (PERCENT)
 HIGHEST    89           700 AM
 LOWEST     48           300 PM
 AVERAGE    69

..........................................................


THE DE QUEEN CLIMATE NORMALS FOR TODAY
                         NORMAL    RECORD    YEAR
 MAXIMUM TEMPERATURE (F)   55        76      2006
                                             1977
 MINIMUM TEMPERATURE (F)   30        14      1989


SUNRISE AND SUNSET
DECEMBER 17 2014......SUNRISE   717 AM CST   SUNSET   511 PM CST
DECEMBER 18 2014......SUNRISE   718 AM CST   SUNSET   511 PM CST


-  INDICATES NEGATIVE NUMBERS.
R  INDICATES RECORD WAS SET OR TIED.
MM INDICATES DATA IS MISSING.
T  INDICATES TRACE AMOUNT.




$$
