000
CDUS46 KOTX 190831
CLIDEW


CLIMATE REPORT
NATIONAL WEATHER SERVICE SPOKANE, WA
1231 AM PST SUN NOV 19 2017


...................................

...THE DEER_PARK WA AIRPORT CLIMATE SUMMARY FOR NOVEMBER 18 2017...

CLIMATE NORMAL PERIOD 1981 TO 2010
CLIMATE RECORD PERIOD 9999 TO 9999


WEATHER ITEM   OBSERVED TIME   RECORD YEAR NORMAL DEPARTURE LAST
                VALUE   (LST)  VALUE       VALUE  FROM      YEAR
                                                  NORMAL
..................................................................
TEMPERATURE (F)
 YESTERDAY
  MAXIMUM         43    211 PM  MM      MM  40      3       40
  MINIMUM         28    225 AM  MM      MM  26      2       29
  AVERAGE         36                        33      3       35

PRECIPITATION (IN)
  YESTERDAY        0.00         MM      MM   0.12  -0.12     0.00
  MONTH TO DATE    1.93                      1.90   0.03     1.10
  SINCE OCT 1      4.16                      3.52   0.64     8.66
  SINCE JAN 1     22.06                     17.96   4.10    23.23

SNOWFALL (IN)
  YESTERDAY       MM

DEGREE DAYS
 HEATING
  YESTERDAY       29                        32     -3       30
  MONTH TO DATE  540                       525     15      364
  SINCE SEP 1   1444                      1449     -5     1190
  SINCE JUL 1   1481                      1593   -112     1310

 COOLING
  YESTERDAY        0                         0      0        0
  MONTH TO DATE    0                         0      0        0
  SINCE SEP 1     36                        12     24        0
  SINCE JAN 1    305                       187    118      212
..................................................................


WIND (MPH)
  HIGHEST WIND SPEED     9   HIGHEST WIND DIRECTION     N (20)
  HIGHEST GUST SPEED    12   HIGHEST GUST DIRECTION     S (180)
  AVERAGE WIND SPEED     3.8


SKY COVER
  POSSIBLE SUNSHINE  MM
  AVERAGE SKY COVER 0.5


WEATHER CONDITIONS
 THE FOLLOWING WEATHER WAS RECORDED YESTERDAY.
  NO SIGNIFICANT WEATHER WAS OBSERVED.


RELATIVE HUMIDITY (PERCENT)
 HIGHEST   100           400 AM
 LOWEST     70           200 PM
 AVERAGE    85

..........................................................


THE DEER_PARK WA AIRPORT CLIMATE NORMALS FOR TODAY
                         NORMAL    RECORD    YEAR
 MAXIMUM TEMPERATURE (F)   40        MM        MM
 MINIMUM TEMPERATURE (F)   26        MM        MM


SUNRISE AND SUNSET
NOVEMBER 19 2017......SUNRISE   702 AM PST   SUNSET   407 PM PST
NOVEMBER 20 2017......SUNRISE   704 AM PST   SUNSET   406 PM PST


-  INDICATES NEGATIVE NUMBERS.
R  INDICATES RECORD WAS SET OR TIED.
MM INDICATES DATA IS MISSING.
T  INDICATES TRACE AMOUNT.




$$
