000
CDUS44 KFWD 310652
CLIDFW


CLIMATE REPORT
NATIONAL WEATHER SERVICE FORT WORTH TX
151 AM CDT TUE MAY 31 2016


...................................

...THE DALLAS FORT WORTH CLIMATE SUMMARY FOR MAY 30 2016...

CLIMATE NORMAL PERIOD 1981 TO 2010
CLIMATE RECORD PERIOD 1898 TO 2016


WEATHER ITEM   OBSERVED TIME   RECORD YEAR NORMAL DEPARTURE LAST
                VALUE   (LST)  VALUE       VALUE  FROM      YEAR
                                                  NORMAL
..................................................................
TEMPERATURE (F)
 YESTERDAY
  MAXIMUM         85    435 PM 103    1985  88     -3       76
  MINIMUM         68    233 AM  47    1947  68      0       64
  AVERAGE         77                        78     -1       70

PRECIPITATION (IN)
  YESTERDAY        0.67          1.81 1976   0.16   0.51     0.89
  MONTH TO DATE    5.09                      4.74   0.35    16.96
  SINCE MAR 1     12.36                     11.30   1.06    25.05
  SINCE JAN 1     15.60                     16.09  -0.49    31.63

DEGREE DAYS
 HEATING
  YESTERDAY        0                         0      0        0
  MONTH TO DATE   12                         6      6        6
  SINCE MAR 1    181                       350   -169      363
  SINCE JUL 1   1592                      2282   -690     2399

 COOLING
  YESTERDAY       12                        13     -1        5
  MONTH TO DATE  238                       272    -34      192
  SINCE MAR 1    399                       403     -4      315
  SINCE JAN 1    410                       410      0      315
..................................................................


WIND (MPH)
  HIGHEST WIND SPEED    28   HIGHEST WIND DIRECTION     W (250)
  HIGHEST GUST SPEED    33   HIGHEST GUST DIRECTION     W (250)
  AVERAGE WIND SPEED     6.8


SKY COVER
  POSSIBLE SUNSHINE  MM
  AVERAGE SKY COVER 0.8


WEATHER CONDITIONS
 THE FOLLOWING WEATHER WAS RECORDED YESTERDAY.
  THUNDERSTORM
  HEAVY RAIN
  RAIN
  LIGHT RAIN
  FOG


RELATIVE HUMIDITY (PERCENT)
 HIGHEST    84           300 AM
 LOWEST     47           600 PM
 AVERAGE    66

..........................................................


THE DALLAS FORT WORTH CLIMATE NORMALS FOR TODAY
                         NORMAL    RECORD    YEAR
 MAXIMUM TEMPERATURE (F)   88       103      1911
 MINIMUM TEMPERATURE (F)   68        54      1984
                                             1983
                                             1903


SUNRISE AND SUNSET
MAY 31 2016...........SUNRISE   621 AM CDT   SUNSET   831 PM CDT
JUNE  1 2016..........SUNRISE   621 AM CDT   SUNSET   832 PM CDT


-  INDICATES NEGATIVE NUMBERS.
R  INDICATES RECORD WAS SET OR TIED.
MM INDICATES DATA IS MISSING.
T  INDICATES TRACE AMOUNT.




$$
