000
CDUS44 KFWD 190642
CLIDFW


CLIMATE REPORT
NATIONAL WEATHER SERVICE FORT WORTH TX
142 AM CDT TUE SEP 19 2017


...................................

...THE DALLAS FORT WORTH CLIMATE SUMMARY FOR SEPTEMBER 18 2017...

CLIMATE NORMAL PERIOD 1981 TO 2010
CLIMATE RECORD PERIOD 1898 TO 2017


WEATHER ITEM   OBSERVED TIME   RECORD YEAR NORMAL DEPARTURE LAST
                VALUE   (LST)  VALUE       VALUE  FROM      YEAR
                                                  NORMAL
..................................................................
TEMPERATURE (F)
 YESTERDAY
  MAXIMUM         95    247 PM 100    1975  88      7       98
  MINIMUM         73    637 AM  47    1981  67      6       71
  AVERAGE         84                        77      7       85

PRECIPITATION (IN)
  YESTERDAY        0.00          0.51 2001   0.08  -0.08     0.02
  MONTH TO DATE    0.00                      1.63  -1.63     0.13
  SINCE SEP 1      0.00                      1.63  -1.63     0.13
  SINCE JAN 1     28.66                     25.74   2.92    28.80

DEGREE DAYS
 HEATING
  YESTERDAY        0                         0      0        0
  MONTH TO DATE    0                         0      0        0
  SINCE SEP 1      0                         0      0        0
  SINCE JUL 1      0                         0      0        0

 COOLING
  YESTERDAY       19                        12      7       20
  MONTH TO DATE  269                       273     -4      334
  SINCE SEP 1    269                       273     -4      334
  SINCE JAN 1   2770                      2455    315     2685
..................................................................


WIND (MPH)
  HIGHEST WIND SPEED    20   HIGHEST WIND DIRECTION    SE (140)
  HIGHEST GUST SPEED    26   HIGHEST GUST DIRECTION    SE (140)
  AVERAGE WIND SPEED     5.7


SKY COVER
  POSSIBLE SUNSHINE  MM
  AVERAGE SKY COVER 0.4


WEATHER CONDITIONS
 THE FOLLOWING WEATHER WAS RECORDED YESTERDAY.
  NO SIGNIFICANT WEATHER WAS OBSERVED.


RELATIVE HUMIDITY (PERCENT)
 HIGHEST    84           600 AM
 LOWEST     33           300 PM
 AVERAGE    59

..........................................................


THE DALLAS FORT WORTH CLIMATE NORMALS FOR TODAY
                         NORMAL    RECORD    YEAR
 MAXIMUM TEMPERATURE (F)   87       102      1956
 MINIMUM TEMPERATURE (F)   66        45      1981


SUNRISE AND SUNSET
SEPTEMBER 19 2017.....SUNRISE   714 AM CDT   SUNSET   728 PM CDT
SEPTEMBER 20 2017.....SUNRISE   715 AM CDT   SUNSET   727 PM CDT


-  INDICATES NEGATIVE NUMBERS.
R  INDICATES RECORD WAS SET OR TIED.
MM INDICATES DATA IS MISSING.
T  INDICATES TRACE AMOUNT.




$$
