000
CDUS44 KFWD 190640
CLIDFW

CLIMATE REPORT
NATIONAL WEATHER SERVICE FORT WORTH TX
138 AM CDT SAT APR 19 2014


...THE DALLAS FORT WORTH CLIMATE SUMMARY FOR APRIL 18 2014...

CLIMATE NORMAL PERIOD 1981 TO 2010
CLIMATE RECORD PERIOD 1898 TO 2014


WEATHER ITEM   OBSERVED TIME   RECORD YEAR NORMAL DEPARTURE LAST
                VALUE   (LST)  VALUE       VALUE  FROM      YEAR
                                                  NORMAL
..................................................................
TEMPERATURE (F)
 YESTERDAY
  MAXIMUM         76    454 PM 100    1925  77     -1       76
  MINIMUM         55    259 AM  36    1901  55      0       43
  AVERAGE         66                        66      0       60

PRECIPITATION (IN)
  YESTERDAY        0.00          1.32 1935   0.10  -0.10     0.84
  MONTH TO DATE    1.09                      1.60  -0.51     1.95
  SINCE MAR 1      2.54                      5.09  -2.55     4.22
  SINCE JAN 1      3.28                      9.88  -6.60     9.96

SNOWFALL (IN)
  YESTERDAY        0.0           0.0         0.0    0.0      0.0
  MONTH TO DATE    0.0                       0.0    0.0      0.0
  SINCE MAR 1      0.1                       0.2   -0.1      0.0
  SINCE JUL 1      2.9                       1.2    1.7      0.8
  SNOW DEPTH       0

DEGREE DAYS
 HEATING
  YESTERDAY        0                         2     -2        5
  MONTH TO DATE   94                        66     28       83
  SINCE MAR 1    415                       327     88      362
  SINCE JUL 1   2588                      2259    329     1952

 COOLING
  YESTERDAY        1                         3     -2        0
  MONTH TO DATE   62                        46     16       62
  SINCE MAR 1     84                        78      6       83
  SINCE JAN 1     84                        85     -1       95
..................................................................


WIND (MPH)
  HIGHEST WIND SPEED    13   HIGHEST WIND DIRECTION     N (20)
  HIGHEST GUST SPEED    20   HIGHEST GUST DIRECTION    NE (40)
  AVERAGE WIND SPEED     4.5


SKY COVER
  POSSIBLE SUNSHINE  MM
  AVERAGE SKY COVER 0.7


WEATHER CONDITIONS
 THE FOLLOWING WEATHER WAS RECORDED YESTERDAY.
  LIGHT RAIN
  FOG
  HAZE


RELATIVE HUMIDITY (PERCENT)
 HIGHEST    93           300 AM
 LOWEST     35           600 PM
 AVERAGE    64

..........................................................


THE DALLAS FORT WORTH CLIMATE NORMALS FOR TODAY
                         NORMAL    RECORD    YEAR
 MAXIMUM TEMPERATURE (F)   77        93      1996
 MINIMUM TEMPERATURE (F)   56        36      1953


SUNRISE AND SUNSET
APRIL 19 2014.........SUNRISE   654 AM CDT   SUNSET   801 PM CDT
APRIL 20 2014.........SUNRISE   652 AM CDT   SUNSET   802 PM CDT


-  INDICATES NEGATIVE NUMBERS.
R  INDICATES RECORD WAS SET OR TIED.
MM INDICATES DATA IS MISSING.
T  INDICATES TRACE AMOUNT.




$$
