000
CDUS44 KFWD 170655
CLIDFW


CLIMATE REPORT
NATIONAL WEATHER SERVICE FORT WORTH TX
1254 AM CST FRI NOV 17 2017

...THE DALLAS FORT WORTH CLIMATE SUMMARY FOR NOVEMBER 16 2017...

CLIMATE NORMAL PERIOD 1981 TO 2010
CLIMATE RECORD PERIOD 1898 TO 2017


WEATHER ITEM   OBSERVED TIME   RECORD YEAR NORMAL DEPARTURE LAST
                VALUE   (LST)  VALUE       VALUE  FROM      YEAR
                                                  NORMAL
..................................................................
TEMPERATURE (F)
 YESTERDAY
  MAXIMUM         74    433 PM  87    2016  67      7       87
  MINIMUM         62    735 AM  24    1997  46     16       53
                                      1932
                                      1920
  AVERAGE         68                        56     12       70

PRECIPITATION (IN)
  YESTERDAY        0.00          3.24 1902   0.08  -0.08     0.00
  MONTH TO DATE    0.81                      1.64  -0.83     2.36
  SINCE SEP 1      3.40                      8.41  -5.01     5.35
  SINCE JAN 1     32.06                     32.52  -0.46    34.02

SNOWFALL (IN)
  YESTERDAY        0.0           T    2014   0.0    0.0      0.0
  MONTH TO DATE    0.0                       0.0    0.0      0.0
  SINCE SEP 1      0.0                       0.0    0.0      0.0
  SINCE JUL 1      0.0                       0.0    0.0      0.0
  SNOW DEPTH       0

DEGREE DAYS
 HEATING
  YESTERDAY        0                         9     -9        0
  MONTH TO DATE   53                       112    -59       13
  SINCE SEP 1    112                       184    -72       14
  SINCE JUL 1    112                       184    -72       14

 COOLING
  YESTERDAY        3                         1      2        5
  MONTH TO DATE   59                        24     35       56
  SINCE SEP 1    744                       565    179      848
  SINCE JAN 1   3245                      2747    498     3199
..................................................................


WIND (MPH)
  HIGHEST WIND SPEED    15   HIGHEST WIND DIRECTION     S (160)
  HIGHEST GUST SPEED    20   HIGHEST GUST DIRECTION    SE (140)
  AVERAGE WIND SPEED     6.7


SKY COVER
  POSSIBLE SUNSHINE  MM
  AVERAGE SKY COVER 0.8


WEATHER CONDITIONS
 THE FOLLOWING WEATHER WAS RECORDED YESTERDAY.
  FOG
  HAZE


RELATIVE HUMIDITY (PERCENT)
 HIGHEST    87           800 PM
 LOWEST     68           200 PM
 AVERAGE    78

..........................................................


THE DALLAS FORT WORTH CLIMATE NORMALS FOR TODAY
                         NORMAL    RECORD    YEAR
 MAXIMUM TEMPERATURE (F)   66        87      2013
                                             1938
 MINIMUM TEMPERATURE (F)   46        20      1959


SUNRISE AND SUNSET
NOVEMBER 17 2017......SUNRISE   701 AM CST   SUNSET   525 PM CST
NOVEMBER 18 2017......SUNRISE   701 AM CST   SUNSET   525 PM CST


-  INDICATES NEGATIVE NUMBERS.
R  INDICATES RECORD WAS SET OR TIED.
MM INDICATES DATA IS MISSING.
T  INDICATES TRACE AMOUNT.




$$
