000
CDUS44 KFWD 010718
CLIDFW


CLIMATE REPORT
NATIONAL WEATHER SERVICE FORT WORTH TX
218 AM CDT SUN MAY 1 2016


...................................

...THE DALLAS FORT WORTH CLIMATE SUMMARY FOR APRIL 30 2016...

CLIMATE NORMAL PERIOD 1981 TO 2010
CLIMATE RECORD PERIOD 1898 TO 2016


WEATHER ITEM   OBSERVED TIME   RECORD YEAR NORMAL DEPARTURE LAST
                VALUE   (LST)  VALUE       VALUE  FROM      YEAR
                                                  NORMAL
..................................................................
TEMPERATURE (F)
 YESTERDAY
  MAXIMUM         76    433 PM  95    1928  80     -4       78
  MINIMUM         62    924 AM  35    1903  59      3       51
  AVERAGE         69                        69      0       65

PRECIPITATION (IN)
  YESTERDAY        T             1.85 1905   0.13  -0.13     0.00
  MONTH TO DATE    4.60                      3.07   1.53     5.56
  SINCE MAR 1      7.27                      6.56   0.71     8.09
  SINCE JAN 1     10.51                     11.35  -0.84    14.67

SNOWFALL (IN)
  YESTERDAY        0.0           0.0    MM   0.0    0.0      0.0
  MONTH TO DATE    0.0                       0.0    0.0      0.0
  SINCE MAR 1      0.0                       0.2   -0.2      3.5
  SINCE JUL 1      T                         1.6   -1.6      5.8
  SNOW DEPTH       0

DEGREE DAYS
 HEATING
  YESTERDAY        0                         1     -1        0
  MONTH TO DATE   27                        83    -56       56
  SINCE MAR 1    169                       344   -175      357
  SINCE JUL 1   1580                      2276   -696     2393

 COOLING
  YESTERDAY        4                         5     -1        0
  MONTH TO DATE  131                        99     32       89
  SINCE MAR 1    161                       131     30      123
  SINCE JAN 1    172                       138     34      123
..................................................................


WIND (MPH)
  HIGHEST WIND SPEED    18   HIGHEST WIND DIRECTION    NW (330)
  HIGHEST GUST SPEED    22   HIGHEST GUST DIRECTION    NW (320)
  AVERAGE WIND SPEED     9.3


SKY COVER
  POSSIBLE SUNSHINE  MM
  AVERAGE SKY COVER 0.6


WEATHER CONDITIONS
 THE FOLLOWING WEATHER WAS RECORDED YESTERDAY.
  LIGHT RAIN
  FOG


RELATIVE HUMIDITY (PERCENT)
 HIGHEST    87           100 AM
 LOWEST     54           400 PM
 AVERAGE    71

..........................................................


THE DALLAS FORT WORTH CLIMATE NORMALS FOR TODAY
                         NORMAL    RECORD    YEAR
 MAXIMUM TEMPERATURE (F)   80        92      2002
                                             1948
 MINIMUM TEMPERATURE (F)   60        34      1903


SUNRISE AND SUNSET
MAY  1 2016...........SUNRISE   640 AM CDT   SUNSET   810 PM CDT
MAY  2 2016...........SUNRISE   639 AM CDT   SUNSET   811 PM CDT


-  INDICATES NEGATIVE NUMBERS.
R  INDICATES RECORD WAS SET OR TIED.
MM INDICATES DATA IS MISSING.
T  INDICATES TRACE AMOUNT.




$$
