000
CDUS44 KFWD 010651
CLIDFW


CLIMATE REPORT
NATIONAL WEATHER SERVICE FORT WORTH TX
148 AM CDT TUE SEP 1 2015

...................................

...THE DALLAS FORT WORTH CLIMATE SUMMARY FOR AUGUST 31 2015...

CLIMATE NORMAL PERIOD 1981 TO 2010
CLIMATE RECORD PERIOD 1898 TO 2015


WEATHER ITEM   OBSERVED TIME   RECORD YEAR NORMAL DEPARTURE LAST
                VALUE   (LST)  VALUE       VALUE  FROM      YEAR
                                                  NORMAL
..................................................................
TEMPERATURE (F)
 YESTERDAY
  MAXIMUM         95    403 PM 108    2000  94      1       95
  MINIMUM         74    612 AM  55    1915  73      1       76
  AVERAGE         85                        83      2       86

PRECIPITATION (IN)
  YESTERDAY        0.00          4.05 1976   0.09  -0.09     0.00
  MONTH TO DATE    0.46                      1.91  -1.45     4.34
  SINCE JUN 1      5.33                      7.86  -2.53     8.58
  SINCE JAN 1     36.96                     24.11  12.85    15.91

DEGREE DAYS
 HEATING
  YESTERDAY        0                         0      0        0
  MONTH TO DATE    0                         0      0        0
  SINCE JUN 1      0                         0      0        0
  SINCE JUL 1      0                         0      0        0

 COOLING
  YESTERDAY       20                        18      2       21
  MONTH TO DATE  699                       638     61      664
  SINCE JUN 1   1913                      1760    153     1780
  SINCE JAN 1   2232                      2182     50     2256
..................................................................

WIND (MPH)
  HIGHEST WIND SPEED    18   HIGHEST WIND DIRECTION    SE (130)
  HIGHEST GUST SPEED    23   HIGHEST GUST DIRECTION    SE (120)
  AVERAGE WIND SPEED     8.6


SKY COVER
  POSSIBLE SUNSHINE  MM
  AVERAGE SKY COVER 0.3


WEATHER CONDITIONS
 THE FOLLOWING WEATHER WAS RECORDED YESTERDAY.
  NO SIGNIFICANT WEATHER WAS OBSERVED.


RELATIVE HUMIDITY (PERCENT)
 HIGHEST    74           700 AM
 LOWEST     33           100 PM
 AVERAGE    54

..........................................................

THE DALLAS FORT WORTH CLIMATE NORMALS FOR TODAY
                         NORMAL    RECORD    YEAR
 MAXIMUM TEMPERATURE (F)   93       109      2000
 MINIMUM TEMPERATURE (F)   73        59      1915


SUNRISE AND SUNSET
SEPTEMBER  1 2015.....SUNRISE   703 AM CDT   SUNSET   753 PM CDT
SEPTEMBER  2 2015.....SUNRISE   703 AM CDT   SUNSET   752 PM CDT


-  INDICATES NEGATIVE NUMBERS.
R  INDICATES RECORD WAS SET OR TIED.
MM INDICATES DATA IS MISSING.
T  INDICATES TRACE AMOUNT.

$$
