000
CDUS44 KFWD 302126
CLIDFW


CLIMATE REPORT
NATIONAL WEATHER SERVICE FORT WORTH TX
425 PM CDT THU MAR 30 2017


...................................

...THE DALLAS FORT WORTH CLIMATE SUMMARY FOR MARCH 30 2017...
VALID AS OF 0400 PM LOCAL TIME.

CLIMATE NORMAL PERIOD 1981 TO 2010
CLIMATE RECORD PERIOD 1898 TO 2017


WEATHER ITEM   OBSERVED TIME   RECORD YEAR NORMAL DEPARTURE LAST
                VALUE   (LST)  VALUE       VALUE  FROM      YEAR
                                                  NORMAL
..................................................................
TEMPERATURE (F)
 TODAY
  MAXIMUM         78    321 PM  95    1946  72      6       80
  MINIMUM         53    632 AM  29    1987  50      3       64
  AVERAGE         66

PRECIPITATION (IN)
  TODAY            0.00          2.09 2007   0.10  -0.10     0.16
  MONTH TO DATE    1.06                      3.38  -2.32     2.67
  SINCE MAR 1      1.06                      3.38  -2.32     2.67
  SINCE JAN 1      7.78                      8.17  -0.39     5.91

SNOWFALL (IN)
  TODAY            0.0           0.1  1926   0.0    0.0      0.0
  MONTH TO DATE    0.0                       0.2   -0.2      0.0
  SINCE MAR 1      0.0                       0.2   -0.2      0.0
  SINCE JUL 1      0.1                       1.6   -1.5       T
  SNOW DEPTH       0

..................................................................


WIND (MPH)
  HIGHEST WIND SPEED    23   HIGHEST WIND DIRECTION    NW (300)
  HIGHEST GUST SPEED    30   HIGHEST GUST DIRECTION    NW (300)
  AVERAGE WIND SPEED    13.1




..........................................................


THE DALLAS FORT WORTH CLIMATE NORMALS FOR TOMORROW
                         NORMAL    RECORD    YEAR
 MAXIMUM TEMPERATURE (F)   73        96      1974
 MINIMUM TEMPERATURE (F)   51        28      1987


SUNRISE AND SUNSET
MARCH 30 2017.........SUNRISE   718 AM CDT   SUNSET   747 PM CDT
MARCH 31 2017.........SUNRISE   717 AM CDT   SUNSET   748 PM CDT


-  INDICATES NEGATIVE NUMBERS.
R  INDICATES RECORD WAS SET OR TIED.
MM INDICATES DATA IS MISSING.
T  INDICATES TRACE AMOUNT.




$$
