000
CDUS43 KDDC 252327
CLIDGC


CLIMATE REPORT
NATIONAL WEATHER SERVICE DODGE CITY KS
526 PM CST THU DEC 25 2014


...................................

...THE DODGE CITY KS CLIMATE SUMMARY FOR DECEMBER 25 2014...
VALID TODAY AS OF 0500 PM LOCAL TIME.

CLIMATE NORMAL PERIOD 1981 TO 2010
CLIMATE RECORD PERIOD 1875 TO 2014


WEATHER ITEM   OBSERVED TIME   RECORD YEAR NORMAL DEPARTURE LAST
                VALUE   (LST)  VALUE       VALUE  FROM      YEAR
                                                  NORMAL
..................................................................
TEMPERATURE (F)
 TODAY
  MAXIMUM         56    347 PM  74    1950  43     13       46
  MINIMUM         30    636 AM -13    1879  20     10       19
  AVERAGE         43                        32     11       33

PRECIPITATION (IN)
  TODAY            0.00          0.26 1940   0.03  -0.03     0.00
  MONTH TO DATE    0.95                      0.69   0.26     0.48
  SINCE DEC 1      0.95                      0.69   0.26     0.48
  SINCE JAN 1     23.13                     21.45   1.68    20.72

SNOWFALL (IN)
  TODAY            0.0           2.4  1894   0.2   -0.2      0.0
  MONTH TO DATE    1.5                       3.3   -1.8      5.5
  SINCE DEC 1      1.5                       3.3   -1.8      5.5
  SINCE JUL 1      3.7                       5.5   -1.8     10.5
  SNOW DEPTH       0

DEGREE DAYS
 HEATING
  TODAY           22                        33    -11       32
  MONTH TO DATE  656                       797   -141      901
  SINCE DEC 1    656                       797   -141      901
  SINCE JUL 1   1654                      1811   -157     1929

 COOLING
  TODAY            0                         0      0        0
  MONTH TO DATE    0                         0      0        0
  SINCE DEC 1      0                         0      0        0
  SINCE JAN 1   1475                      1463     12     1641
..................................................................


WIND (MPH)
  HIGHEST WIND SPEED    25   HIGHEST WIND DIRECTION    SW (210)
  HIGHEST GUST SPEED    32   HIGHEST GUST DIRECTION    SW (210)
  AVERAGE WIND SPEED    17.5


SKY COVER
  POSSIBLE SUNSHINE  MM
  AVERAGE SKY COVER 0.0


WEATHER CONDITIONS
 THE FOLLOWING WEATHER WAS RECORDED TODAY.
  NO SIGNIFICANT WEATHER WAS OBSERVED.


RELATIVE HUMIDITY (PERCENT)
 HIGHEST    63           700 AM
 LOWEST     24           300 PM
 AVERAGE    44

..........................................................


THE DODGE CITY KS CLIMATE NORMALS FOR TOMORROW
                         NORMAL    RECORD    YEAR
 MAXIMUM TEMPERATURE (F)   43        71      2005
 MINIMUM TEMPERATURE (F)   20       -15      1876


SUNRISE AND SUNSET
DECEMBER 25 2014......SUNRISE   753 AM CST   SUNSET   527 PM CST
DECEMBER 26 2014......SUNRISE   754 AM CST   SUNSET   527 PM CST


-  INDICATES NEGATIVE NUMBERS.
R  INDICATES RECORD WAS SET OR TIED.
MM INDICATES DATA IS MISSING.
T  INDICATES TRACE AMOUNT.




$$
