000
CDUS43 KDDC 290706
CLIDGC


CLIMATE REPORT
NATIONAL WEATHER SERVICE DODGE CITY KS
206 AM CDT SAT APR 29 2017


...................................

...THE DODGE CITY KS CLIMATE SUMMARY FOR APRIL 28 2017...

CLIMATE NORMAL PERIOD 1981 TO 2010
CLIMATE RECORD PERIOD 1875 TO 2017


WEATHER ITEM   OBSERVED TIME   RECORD YEAR NORMAL DEPARTURE LAST
                VALUE   (LST)  VALUE       VALUE  FROM      YEAR
                                                  NORMAL
..................................................................
TEMPERATURE (F)
 YESTERDAY
  MAXIMUM         68   1255 PM  95    1910  72     -4       62
  MINIMUM         39   1159 PM  30    1965  45     -6       40
  AVERAGE         54                        58     -4       51

PRECIPITATION (IN)
  YESTERDAY        0.52          1.75 1940   0.07   0.45      T
  MONTH TO DATE    5.03                      1.68   3.35     5.81
  SINCE MAR 1      7.61                      3.27   4.34     5.85
  SINCE JAN 1     10.18                      4.53   5.65     6.44

SNOWFALL (IN)
  YESTERDAY        0.0           T    1994   0.0    0.0      0.0
  MONTH TO DATE    0.0                       1.1   -1.1      0.0
  SINCE MAR 1      0.0                       6.0   -6.0      0.4
  SINCE JUL 1      5.0                      21.1  -16.1     10.4
  SNOW DEPTH       0

DEGREE DAYS
 HEATING
  YESTERDAY       11                         8      3       14
  MONTH TO DATE  252                       337    -85      268
  SINCE MAR 1    736                       977   -241      774
  SINCE JUL 1   3970                      4824   -854     4136

 COOLING
  YESTERDAY        0                         1     -1        0
  MONTH TO DATE   32                        13     19        7
  SINCE MAR 1     41                        14     27        9
  SINCE JAN 1     41                        14     27       11
..................................................................


WIND (MPH)
  HIGHEST WIND SPEED    29   HIGHEST WIND DIRECTION     N (10)
  HIGHEST GUST SPEED    38   HIGHEST GUST DIRECTION     N (360)
  AVERAGE WIND SPEED    13.4


SKY COVER
  POSSIBLE SUNSHINE  MM
  AVERAGE SKY COVER 0.5


WEATHER CONDITIONS
 THE FOLLOWING WEATHER WAS RECORDED YESTERDAY.
  RAIN
  LIGHT RAIN
  FOG


RELATIVE HUMIDITY (PERCENT)
 HIGHEST   100           300 AM
 LOWEST     30           100 PM
 AVERAGE    65

..........................................................


THE DODGE CITY KS CLIMATE NORMALS FOR TODAY
                         NORMAL    RECORD    YEAR
 MAXIMUM TEMPERATURE (F)   72        91      1981
                                             1887
 MINIMUM TEMPERATURE (F)   45        25      1908
                                             1907


SUNRISE AND SUNSET
APRIL 29 2017.........SUNRISE   646 AM CDT   SUNSET   829 PM CDT
APRIL 30 2017.........SUNRISE   645 AM CDT   SUNSET   830 PM CDT


-  INDICATES NEGATIVE NUMBERS.
R  INDICATES RECORD WAS SET OR TIED.
MM INDICATES DATA IS MISSING.
T  INDICATES TRACE AMOUNT.




$$
