000
CDUS43 KDDC 310719
CLIDGC


CLIMATE REPORT
NATIONAL WEATHER SERVICE DODGE CITY KS
218 AM CDT SUN JUL 31 2016


...................................

...THE DODGE CITY KS CLIMATE SUMMARY FOR JULY 30 2016...

CLIMATE NORMAL PERIOD 1981 TO 2010
CLIMATE RECORD PERIOD 1875 TO 2016


WEATHER ITEM   OBSERVED TIME   RECORD YEAR NORMAL DEPARTURE LAST
                VALUE   (LST)  VALUE       VALUE  FROM      YEAR
                                                  NORMAL
..................................................................
TEMPERATURE (F)
 YESTERDAY
  MAXIMUM         93    355 PM 106    1980  93      0       85
                                      1934
  MINIMUM         68    617 AM  53    1971  67      1       68
                                      1889
  AVERAGE         81                        80      1       77

PRECIPITATION (IN)
  YESTERDAY        0.01          1.37 2014   0.10  -0.09     0.00
  MONTH TO DATE    5.30                      2.98   2.32     2.14
  SINCE JUN 1      8.01                      6.22   1.79     4.22
  SINCE JAN 1     19.13                     13.74   5.39    17.94

SNOWFALL (IN)
  YESTERDAY        0.0           0.0  2001   0.0    0.0      0.0
  MONTH TO DATE    0.0                       0.0    0.0      0.0
  SINCE JUN 1      0.0                       0.0    0.0      0.0
  SINCE JUL 1      0.0                       0.0    0.0      0.0
  SNOW DEPTH       0

DEGREE DAYS
 HEATING
  YESTERDAY        0                         0      0        0
  MONTH TO DATE    0                         0      0        1
  SINCE JUN 1      1                        13    -12        1
  SINCE JUL 1      0                         0      0        1

 COOLING
  YESTERDAY       16                        15      1       12
  MONTH TO DATE  456                       438     18      434
  SINCE JUN 1    807                       716     91      787
  SINCE JAN 1    865                       825     40      848
..................................................................


WIND (MPH)
  HIGHEST WIND SPEED    20   HIGHEST WIND DIRECTION    SE (150)
  HIGHEST GUST SPEED    25   HIGHEST GUST DIRECTION    SE (150)
  AVERAGE WIND SPEED    11.7


SKY COVER
  POSSIBLE SUNSHINE  MM
  AVERAGE SKY COVER 0.1


WEATHER CONDITIONS
 THE FOLLOWING WEATHER WAS RECORDED YESTERDAY.
  LIGHT RAIN


RELATIVE HUMIDITY (PERCENT)
 HIGHEST    90           200 AM
 LOWEST     36           300 PM
 AVERAGE    63

..........................................................


THE DODGE CITY KS CLIMATE NORMALS FOR TODAY
                         NORMAL    RECORD    YEAR
 MAXIMUM TEMPERATURE (F)   93       109      1934
 MINIMUM TEMPERATURE (F)   67        50      1925


SUNRISE AND SUNSET
JULY 31 2016..........SUNRISE   643 AM CDT   SUNSET   849 PM CDT
AUGUST  1 2016........SUNRISE   644 AM CDT   SUNSET   848 PM CDT


-  INDICATES NEGATIVE NUMBERS.
R  INDICATES RECORD WAS SET OR TIED.
MM INDICATES DATA IS MISSING.
T  INDICATES TRACE AMOUNT.




$$
