000
CDUS43 KDDC 201025
CLIDGC


CLIMATE REPORT
NATIONAL WEATHER SERVICE DODGE CITY KS
524 AM CDT WED AUG 20 2014


...................................

...THE DODGE CITY KS CLIMATE SUMMARY FOR AUGUST 19 2014...

CLIMATE NORMAL PERIOD 1981 TO 2010
CLIMATE RECORD PERIOD 1875 TO 2014


WEATHER ITEM   OBSERVED TIME   RECORD YEAR NORMAL DEPARTURE LAST
                VALUE   (LST)  VALUE       VALUE  FROM      YEAR
                                                  NORMAL
..................................................................
TEMPERATURE (F)
 YESTERDAY
  MAXIMUM         93    445 PM 106    2011  91      2       85
  MINIMUM         65    453 AM  50    1950  65      0       64
  AVERAGE         79                        78      1       75

PRECIPITATION (IN)
  YESTERDAY        0.11          2.71 1964   0.08   0.03     0.00
  MONTH TO DATE    1.83                      1.76   0.07     6.92
  SINCE JUN 1     13.93                      8.08   5.85    12.05
  SINCE JAN 1     17.45                     15.60   1.85    15.48

SNOWFALL (IN)
  YESTERDAY        0.0           0.0  2002   0.0    0.0      0.0
                                      2001
  MONTH TO DATE    0.0                       0.0    0.0      0.0
  SINCE JUN 1      0.0                       0.0    0.0      0.0
  SINCE JUL 1      0.0                       0.0    0.0      0.0
  SNOW DEPTH       0

DEGREE DAYS
 HEATING
  YESTERDAY        0                         0      0        0
  MONTH TO DATE    0                         0      0        0
  SINCE JUN 1     20                        14      6       12
  SINCE JUL 1     13                         1     12        0

 COOLING
  YESTERDAY       14                        13      1       10
  MONTH TO DATE  259                       266     -7      179
  SINCE JUN 1    887                       996   -109     1010
  SINCE JAN 1   1059                      1105    -46     1172
..................................................................


WIND (MPH)
  HIGHEST WIND SPEED    22   HIGHEST WIND DIRECTION     S (180)
  HIGHEST GUST SPEED    27   HIGHEST GUST DIRECTION     S (190)
  AVERAGE WIND SPEED    12.9


SKY COVER
  POSSIBLE SUNSHINE  MM
  AVERAGE SKY COVER 0.2


WEATHER CONDITIONS
 THE FOLLOWING WEATHER WAS RECORDED YESTERDAY.
  THUNDERSTORM
  RAIN
  LIGHT RAIN
  FOG


RELATIVE HUMIDITY (PERCENT)
 HIGHEST    78           400 AM
 LOWEST     32           300 PM
 AVERAGE    55

..........................................................


THE DODGE CITY KS CLIMATE NORMALS FOR TODAY
                         NORMAL    RECORD    YEAR
 MAXIMUM TEMPERATURE (F)   91       105      1902
 MINIMUM TEMPERATURE (F)   65        47      1950


SUNRISE AND SUNSET
AUGUST 20 2014........SUNRISE   700 AM CDT   SUNSET   826 PM CDT
AUGUST 21 2014........SUNRISE   701 AM CDT   SUNSET   825 PM CDT


-  INDICATES NEGATIVE NUMBERS.
R  INDICATES RECORD WAS SET OR TIED.
MM INDICATES DATA IS MISSING.
T  INDICATES TRACE AMOUNT.




$$
