000
CDUS45 KCYS 282138
CLIDGW


CLIMATE REPORT
NATIONAL WEATHER SERVICE CHEYENNE WY
338 PM MDT THU MAY 28 2015


...................................

...THE DOUGLAS WY AIRPORT CLIMATE SUMMARY FOR MAY 28 2015...
VALID AS OF 0300 PM LOCAL TIME.

CLIMATE NORMAL PERIOD 1981 TO 2010
CLIMATE RECORD PERIOD 1998 TO 2015


WEATHER ITEM   OBSERVED TIME   RECORD YEAR NORMAL DEPARTURE LAST
                VALUE   (LST)  VALUE       VALUE  FROM      YEAR
                                                  NORMAL
..................................................................
TEMPERATURE (F)
 TODAY
  MAXIMUM         72    141 PM  88    2010  72      0       86
                                      2000
  MINIMUM         44    405 AM  MM      MM  42      2       46
  AVERAGE         58                        57      1       66

PRECIPITATION (IN)
  TODAY            0.00          0.59 2006   0.08  -0.08     0.00
  MONTH TO DATE    3.09                      2.25   0.84     1.93
  SINCE JAN 1      7.72                      5.40   2.32     5.48

DEGREE DAYS
 HEATING
  TODAY            7                         8     -1        0
  MONTH TO DATE  430                       350     80      341
  SINCE MAR 1   1792                      1907   -115     1870
  SINCE JUL 1   6795                      7307   -512     7460

 COOLING
  TODAY            0                         0      0        1
  MONTH TO DATE    0                         0      0        1
  SINCE MAR 1      1                         0      1        1
  SINCE JAN 1      1                         0      1        1
..................................................................


WIND (MPH)
  HIGHEST WIND SPEED    36   HIGHEST WIND DIRECTION     N (350)
  HIGHEST GUST SPEED    30   HIGHEST GUST DIRECTION     N (350)
  AVERAGE WIND SPEED     5.8


SKY COVER
  AVERAGE SKY COVER 0.3


WEATHER CONDITIONS
 THE FOLLOWING WEATHER WAS RECORDED TODAY.
  NO SIGNIFICANT WEATHER WAS OBSERVED.


RELATIVE HUMIDITY (PERCENT)
 HIGHEST    93           300 AM
 LOWEST     39           200 PM
 AVERAGE    66

..........................................................


THE DOUGLAS WY AIRPORT CLIMATE NORMALS FOR TOMORROW
                         NORMAL    RECORD    YEAR
 MAXIMUM TEMPERATURE (F)   73        97      2003
 MINIMUM TEMPERATURE (F)   43        33      2012


SUNRISE AND SUNSET
MAY 28 2015...........SUNRISE   528 AM MDT   SUNSET   830 PM MDT
MAY 29 2015...........SUNRISE   528 AM MDT   SUNSET   831 PM MDT


-  INDICATES NEGATIVE NUMBERS.
R  INDICATES RECORD WAS SET OR TIED.
MM INDICATES DATA IS MISSING.
T  INDICATES TRACE AMOUNT.




$$
