000
CDUS45 KCYS 280726
CLIDGW


CLIMATE REPORT
NATIONAL WEATHER SERVICE CHEYENNE WY
126 AM MDT SUN AUG 28 2016


...................................

...THE DOUGLAS WY AIRPORT CLIMATE SUMMARY FOR AUGUST 27 2016...

CLIMATE NORMAL PERIOD 1981 TO 2010
CLIMATE RECORD PERIOD 1998 TO 2016


WEATHER ITEM   OBSERVED TIME   RECORD YEAR NORMAL DEPARTURE LAST
                VALUE   (LST)  VALUE       VALUE  FROM      YEAR
                                                  NORMAL
..................................................................
TEMPERATURE (F)
 YESTERDAY
  MAXIMUM         84    444 PM  99    2011  84      0       81
  MINIMUM         42R   537 AM  43    2009  50     -8       65
                                      2005
  AVERAGE         63                        67     -4       73

PRECIPITATION (IN)
  YESTERDAY        0.00          0.29 2014   0.04  -0.04     0.00
  MONTH TO DATE    0.85                      0.97  -0.12     0.51
  SINCE JAN 1      8.05                      9.88  -1.83    11.86

DEGREE DAYS
 HEATING
  YESTERDAY        2                         2      0        0
  MONTH TO DATE   45                        19     26       35
  SINCE JUN 1     45                       144    -99       70
  SINCE JUL 1     45                        34     11       48

 COOLING
  YESTERDAY        0                         4     -4        8
  MONTH TO DATE  136                       162    -26      158
  SINCE JUN 1    170                       438   -268      396
  SINCE JAN 1    170                       444   -274      397
..................................................................


WIND (MPH)
  HIGHEST WIND SPEED    24   HIGHEST WIND DIRECTION     W (290)
  HIGHEST GUST SPEED    30   HIGHEST GUST DIRECTION     W (290)
  AVERAGE WIND SPEED     5.8


SKY COVER
  AVERAGE SKY COVER 0.0


WEATHER CONDITIONS
 THE FOLLOWING WEATHER WAS RECORDED YESTERDAY.
  NO SIGNIFICANT WEATHER WAS OBSERVED.


RELATIVE HUMIDITY (PERCENT)
 HIGHEST    96           500 AM
 LOWEST     12           400 PM
 AVERAGE    54

..........................................................


THE DOUGLAS WY AIRPORT CLIMATE NORMALS FOR TODAY
                         NORMAL    RECORD    YEAR
 MAXIMUM TEMPERATURE (F)   84        98      2012
 MINIMUM TEMPERATURE (F)   50        34      2004


SUNRISE AND SUNSET
AUGUST 28 2016........SUNRISE   622 AM MDT   SUNSET   742 PM MDT
AUGUST 29 2016........SUNRISE   624 AM MDT   SUNSET   740 PM MDT


-  INDICATES NEGATIVE NUMBERS.
R  INDICATES RECORD WAS SET OR TIED.
MM INDICATES DATA IS MISSING.
T  INDICATES TRACE AMOUNT.




$$
