000
CDUS45 KCYS 310726
CLIDGW


CLIMATE REPORT
NATIONAL WEATHER SERVICE CHEYENNE WY
126 AM MDT FRI OCT 31 2014


...................................

...THE DOUGLAS WY AIRPORT CLIMATE SUMMARY FOR OCTOBER 30 2014...

CLIMATE NORMAL PERIOD 1981 TO 2010
CLIMATE RECORD PERIOD 1998 TO 2014


WEATHER ITEM   OBSERVED TIME   RECORD YEAR NORMAL DEPARTURE LAST
                VALUE   (LST)  VALUE       VALUE  FROM      YEAR
                                                  NORMAL
..................................................................
TEMPERATURE (F)
 YESTERDAY
  MAXIMUM         62    210 PM  72    2001  56      6       52
  MINIMUM         26    645 AM  10    2009  26      0       32
                                      2002
  AVERAGE         44                        41      3       42

PRECIPITATION (IN)
  YESTERDAY        0.00          0.21 2003   0.02  -0.02     0.04
  MONTH TO DATE    0.42                      1.04  -0.62     2.00
  SINCE JAN 1     12.00                     12.32  -0.32     9.26

DEGREE DAYS
 HEATING
  YESTERDAY       21                        24     -3       23
  MONTH TO DATE  431                       574   -143      657
  SINCE SEP 1    603                       802   -199      795
  SINCE JUL 1    640                       843   -203      795

 COOLING
  YESTERDAY        0                         0      0        0
  MONTH TO DATE    0                         0      0        0
  SINCE SEP 1     24                        28     -4       88
  SINCE JAN 1    401                       486    -85      739
..................................................................


WIND (MPH)
  HIGHEST WIND SPEED    20   HIGHEST WIND DIRECTION    SE (140)
  HIGHEST GUST SPEED    25   HIGHEST GUST DIRECTION    SE (140)
  AVERAGE WIND SPEED     7.6


SKY COVER
  AVERAGE SKY COVER 0.0


WEATHER CONDITIONS
 THE FOLLOWING WEATHER WAS RECORDED YESTERDAY.
  NO SIGNIFICANT WEATHER WAS OBSERVED.


RELATIVE HUMIDITY (PERCENT)
 HIGHEST    75           700 AM
 LOWEST     25           200 PM
 AVERAGE    50

..........................................................


THE DOUGLAS WY AIRPORT CLIMATE NORMALS FOR TODAY
                         NORMAL    RECORD    YEAR
 MAXIMUM TEMPERATURE (F)   55        75      1999
 MINIMUM TEMPERATURE (F)   26         4      2002


SUNRISE AND SUNSET
OCTOBER 31 2014.......SUNRISE   734 AM MDT   SUNSET   555 PM MDT
NOVEMBER  1 2014......SUNRISE   736 AM MDT   SUNSET   554 PM MDT


-  INDICATES NEGATIVE NUMBERS.
R  INDICATES RECORD WAS SET OR TIED.
MM INDICATES DATA IS MISSING.
T  INDICATES TRACE AMOUNT.




$$
