000
CDUS44 KTAE 280634
CLIDHN


CLIMATE REPORT
NATIONAL WEATHER SERVICE TALLAHASSEE FL
133 AM EST TUE FEB 28 2017


...................................

...THE DOTHAN CLIMATE SUMMARY FOR FEBRUARY 27 2017...

CLIMATE NORMAL PERIOD 1981 TO 2010
CLIMATE RECORD PERIOD 1965 TO 2017


WEATHER ITEM   OBSERVED TIME   NORMAL DEPARTURE LAST
                VALUE   (LST)  VALUE  FROM      YEAR
                                      NORMAL
......................................................
TEMPERATURE (F)
 YESTERDAY
  MAXIMUM         75    154 PM  68      7       64
  MINIMUM         50    554 AM  44      6       34
  AVERAGE         63            56      7       49

PRECIPITATION (IN)
  YESTERDAY        0.74          0.15   0.59     0.00
  MONTH TO DATE    5.11          4.61   0.50     6.56
  SINCE DEC 1     29.95         13.63  16.32    20.98
  SINCE JAN 1     19.59          9.24  10.35    10.85

SNOWFALL (IN)
  YESTERDAY        0.0

DEGREE DAYS
 HEATING
  YESTERDAY        2            10     -8       16
  MONTH TO DATE  145           334   -189      312
  SINCE DEC 1    698          1273   -575     1025
  SINCE JUL 1    859          1550   -691     1160
......................................................


WIND (MPH)
  HIGHEST WIND SPEED    24   HIGHEST WIND DIRECTION     N (350)
  HIGHEST GUST SPEED    30   HIGHEST GUST DIRECTION     S (190)
  AVERAGE WIND SPEED     9.3








-  INDICATES NEGATIVE NUMBERS.
R  INDICATES RECORD WAS SET OR TIED.
MM INDICATES DATA IS MISSING.
T  INDICATES TRACE AMOUNT.




$$
