000
CDUS44 KTAE 290700
CLIDHN


CLIMATE REPORT
NATIONAL WEATHER SERVICE TALLAHASSEE FL
300 AM EDT FRI MAY 29 2015


...................................

...THE DOTHAN CLIMATE SUMMARY FOR MAY 28 2015...

CLIMATE NORMAL PERIOD 1981 TO 2010
CLIMATE RECORD PERIOD 1965 TO 2015


WEATHER ITEM   OBSERVED TIME   NORMAL DEPARTURE LAST
                VALUE   (LST)  VALUE  FROM      YEAR
                                      NORMAL
......................................................
TEMPERATURE (F)
 YESTERDAY
  MAXIMUM         86    144 PM  88     -2       89
  MINIMUM         68    510 AM  66      2       68
  AVERAGE         77            77      0       79

PRECIPITATION (IN)
  YESTERDAY        T             0.18  -0.18     0.00
  MONTH TO DATE    5.42          3.01   2.41     3.40
  SINCE MAR 1     17.58         12.41   5.17    22.05
  SINCE JAN 1     24.25         21.81   2.44    29.78

SNOWFALL (IN)
  YESTERDAY        0.0

DEGREE DAYS
 COOLING
  YESTERDAY       12            12      0       14
  MONTH TO DATE  304           255     49      244
  SINCE MAR 1    544           366    178      341
  SINCE JAN 1    548           376    172      350
......................................................


WIND (MPH)
  HIGHEST WIND SPEED    18   HIGHEST WIND DIRECTION    SW (220)
  HIGHEST GUST SPEED    25   HIGHEST GUST DIRECTION    SW (210)
  AVERAGE WIND SPEED     7.0








-  INDICATES NEGATIVE NUMBERS.
R  INDICATES RECORD WAS SET OR TIED.
MM INDICATES DATA IS MISSING.
T  INDICATES TRACE AMOUNT.




$$
