000
CDUS44 KTAE 230634
CLIDHN


CLIMATE REPORT
NATIONAL WEATHER SERVICE TALLAHASSEE FL
133 AM EST SUN NOV 23 2014


...................................

...THE DOTHAN CLIMATE SUMMARY FOR NOVEMBER 22 2014...

CLIMATE NORMAL PERIOD 1981 TO 2010
CLIMATE RECORD PERIOD 1965 TO 2014


WEATHER ITEM   OBSERVED TIME   NORMAL DEPARTURE LAST
                VALUE   (LST)  VALUE  FROM      YEAR
                                      NORMAL
......................................................
TEMPERATURE (F)
 YESTERDAY
  MAXIMUM         67   1237 PM  69     -2       73
  MINIMUM         46    626 AM  45      1       57
  AVERAGE         57            57      0       65

PRECIPITATION (IN)
  YESTERDAY        0.23          0.18   0.05     0.00
  MONTH TO DATE    0.49          2.78  -2.29     0.76
  SINCE SEP 1      8.93          9.78  -0.85     9.75
  SINCE JAN 1     48.87         48.17   0.70    67.59

SNOWFALL (IN)
  YESTERDAY        0.0

DEGREE DAYS
 HEATING
  YESTERDAY        8             9     -1        0
  MONTH TO DATE  288           139    149      125
  SINCE SEP 1    331           198    133      166
  SINCE JUL 1    331           198    133      166
......................................................


WIND (MPH)
  HIGHEST WIND SPEED    17   HIGHEST WIND DIRECTION     E (90)
  HIGHEST GUST SPEED    22   HIGHEST GUST DIRECTION     E (90)
  AVERAGE WIND SPEED     9.9








-  INDICATES NEGATIVE NUMBERS.
R  INDICATES RECORD WAS SET OR TIED.
MM INDICATES DATA IS MISSING.
T  INDICATES TRACE AMOUNT.




$$
