000
CDUS44 KTAE 290632
CLIDHN


CLIMATE REPORT
NATIONAL WEATHER SERVICE TALLAHASSEE FL
232 AM EDT WED JUL 29 2015


...................................

...THE DOTHAN CLIMATE SUMMARY FOR JULY 28 2015...

CLIMATE NORMAL PERIOD 1981 TO 2010
CLIMATE RECORD PERIOD 1965 TO 2015


WEATHER ITEM   OBSERVED TIME   NORMAL DEPARTURE LAST
                VALUE   (LST)  VALUE  FROM      YEAR
                                      NORMAL
......................................................
TEMPERATURE (F)
 YESTERDAY
  MAXIMUM         99    222 PM  92      7       94
  MINIMUM         75    435 AM  72      3       73
  AVERAGE         87            82      5       84

PRECIPITATION (IN)
  YESTERDAY        0.00          0.19  -0.19     1.98
  MONTH TO DATE    4.02          5.37  -1.35     5.21
  SINCE JUN 1      7.22         10.97  -3.75     7.69
  SINCE JAN 1     31.47         33.33  -1.86    37.76

SNOWFALL (IN)
  YESTERDAY        0.0

DEGREE DAYS
 COOLING
  YESTERDAY       22            17      5       19
  MONTH TO DATE  521           475     46      464
  SINCE JUN 1    994           919     75      938
  SINCE JAN 1   1582          1332    250     1323
......................................................


WIND (MPH)
  HIGHEST WIND SPEED    13   HIGHEST WIND DIRECTION    SW (240)
  HIGHEST GUST SPEED    17   HIGHEST GUST DIRECTION    SW (230)
  AVERAGE WIND SPEED     3.7








-  INDICATES NEGATIVE NUMBERS.
R  INDICATES RECORD WAS SET OR TIED.
MM INDICATES DATA IS MISSING.
T  INDICATES TRACE AMOUNT.




$$
