000
CDUS44 KTAE 300632
CLIDHN


CLIMATE REPORT
NATIONAL WEATHER SERVICE TALLAHASSEE FL
231 AM EDT MON MAY 30 2016


...................................

...THE DOTHAN CLIMATE SUMMARY FOR MAY 29 2016...

CLIMATE NORMAL PERIOD 1981 TO 2010
CLIMATE RECORD PERIOD 1965 TO 2016


WEATHER ITEM   OBSERVED TIME   NORMAL DEPARTURE LAST
                VALUE   (LST)  VALUE  FROM      YEAR
                                      NORMAL
......................................................
TEMPERATURE (F)
 YESTERDAY
  MAXIMUM         92    320 PM  88      4       86
  MINIMUM         68    511 AM  66      2       67
  AVERAGE         80            77      3       77

PRECIPITATION (IN)
  YESTERDAY        T             0.18  -0.18     0.00
  MONTH TO DATE    1.50          3.19  -1.69     5.42
  SINCE MAR 1     13.45         12.59   0.86    17.58
  SINCE JAN 1     24.30         21.99   2.31    24.25

SNOWFALL (IN)
  YESTERDAY        0.0

DEGREE DAYS
 COOLING
  YESTERDAY       15            12      3       12
  MONTH TO DATE  252           267    -15      316
  SINCE MAR 1    412           378     34      556
  SINCE JAN 1    418           388     30      560
......................................................


WIND (MPH)
  HIGHEST WIND SPEED    14   HIGHEST WIND DIRECTION    NE (50)
  HIGHEST GUST SPEED    18   HIGHEST GUST DIRECTION     N (20)
  AVERAGE WIND SPEED     4.7








-  INDICATES NEGATIVE NUMBERS.
R  INDICATES RECORD WAS SET OR TIED.
MM INDICATES DATA IS MISSING.
T  INDICATES TRACE AMOUNT.




$$
