000
CDUS44 KTAE 182231
CLIDHN


CLIMATE REPORT
NATIONAL WEATHER SERVICE TALLAHASSEE FL
531 PM EST SUN FEB 18 2018


...................................

...THE DOTHAN CLIMATE SUMMARY FOR FEBRUARY 18 2018...
VALID TODAY AS OF 0500 PM LOCAL TIME.

CLIMATE NORMAL PERIOD 1981 TO 2010
CLIMATE RECORD PERIOD 1965 TO 2018


WEATHER ITEM   OBSERVED TIME   NORMAL DEPARTURE LAST
                VALUE   (LST)  VALUE  FROM      YEAR
                                      NORMAL
......................................................
TEMPERATURE (F)
 TODAY
  MAXIMUM         81    458 PM  66     15       67
  MINIMUM         65    810 AM  42     23       53
  AVERAGE         73            54     19       60

PRECIPITATION (IN)
  TODAY            0.00          0.21  -0.21     0.18
  MONTH TO DATE    8.09          3.05   5.04     2.00
  SINCE DEC 1     12.42         12.07   0.35    26.84
  SINCE JAN 1      9.51          7.68   1.83    16.48

......................................................










-  INDICATES NEGATIVE NUMBERS.
R  INDICATES RECORD WAS SET OR TIED.
MM INDICATES DATA IS MISSING.
T  INDICATES TRACE AMOUNT.




$$
