000
CDUS44 KTAE 190637
CLIDHN


CLIMATE REPORT
NATIONAL WEATHER SERVICE TALLAHASSEE FL
234 AM EDT SAT APR 19 2014


...................................

...THE DOTHAN CLIMATE SUMMARY FOR APRIL 18 2014...

CLIMATE NORMAL PERIOD 1981 TO 2010
CLIMATE RECORD PERIOD 1965 TO 2014


WEATHER ITEM   OBSERVED TIME   NORMAL DEPARTURE LAST
                VALUE   (LST)  VALUE  FROM      YEAR
                                      NORMAL
......................................................
TEMPERATURE (F)
 YESTERDAY
  MAXIMUM         61   1201 AM  79    -18       84
  MINIMUM         53   1018 PM  54     -1       63
  AVERAGE         57            66     -9       74

PRECIPITATION (IN)
  YESTERDAY        3.89          0.13   3.76     0.00
  MONTH TO DATE    8.42          2.38   6.04     2.93
  SINCE MAR 1     13.72          8.26   5.46     4.08
  SINCE JAN 1     21.45         17.66   3.79    25.08

SNOWFALL (IN)
  YESTERDAY        0.0

DEGREE DAYS
 HEATING
  YESTERDAY        8             2      6        0
  MONTH TO DATE   61            56      5       43
  SINCE MAR 1    327           267     60      384
  SINCE JUL 1   1992          1826    166     1591

 COOLING
  YESTERDAY        0             3     -3        9
  MONTH TO DATE   30            38     -8       54
  SINCE MAR 1     32            59    -27       60
  SINCE JAN 1     41            69    -28       98
......................................................


-  INDICATES NEGATIVE NUMBERS.
R  INDICATES RECORD WAS SET OR TIED.
MM INDICATES DATA IS MISSING.
T  INDICATES TRACE AMOUNT.


$$
