000
CDUS44 KAMA 200629
CLIDHT


CLIMATE REPORT
NATIONAL WEATHER SERVICE AMARILLO TX
129 AM CDT SAT SEP 20 2014


...................................

...THE DALHART CLIMATE SUMMARY FOR SEPTEMBER 19 2014...

CLIMATE NORMAL PERIOD 1981 TO 2010
CLIMATE RECORD PERIOD 1894 TO 2014


WEATHER ITEM   OBSERVED TIME   RECORD YEAR NORMAL DEPARTURE LAST
                VALUE   (LST)  VALUE       VALUE  FROM      YEAR
                                                  NORMAL
..................................................................
TEMPERATURE (F)
 YESTERDAY
  MAXIMUM         81    409 PM  97    1983  81      0       83
  MINIMUM         60    655 AM  37    2003  51      9       63
  AVERAGE         71                        66      5       73

PRECIPITATION (IN)
  YESTERDAY        0.00          2.90 1985   0.05  -0.05     0.13
  MONTH TO DATE    1.13                      1.09   0.04     1.64
  SINCE SEP 1      1.13                      1.09   0.04     1.64
  SINCE JAN 1      9.77                     14.44  -4.67     6.66

SNOWFALL (IN)
  YESTERDAY        0.0           0.0    MM   0.0    0.0      0.0
  MONTH TO DATE    0.0                       0.0    0.0      0.0
  SINCE SEP 1      0.0                       0.0    0.0      0.0
  SINCE JUL 1      0.0                       0.0    0.0      0.0
  SNOW DEPTH       0

DEGREE DAYS
 HEATING
  YESTERDAY        0                         2     -2        0
  MONTH TO DATE   21                        19      2        0
  SINCE SEP 1     21                        19      2        0
  SINCE JUL 1     21                        22     -1        0

 COOLING
  YESTERDAY        6                         3      3        8
  MONTH TO DATE  117                       107     10      184
  SINCE SEP 1    117                       107     10      184
  SINCE JAN 1   1332                      1103    229     1537
..................................................................


WIND (MPH)
  RESULTANT WIND SPEED  10   RESULTANT WIND DIRECTION   S (180)
  HIGHEST WIND SPEED    22   HIGHEST WIND DIRECTION     S (160)
  HIGHEST GUST SPEED    26   HIGHEST GUST DIRECTION     S (160)
  AVERAGE WIND SPEED    10.4


SKY COVER
  AVERAGE SKY COVER 0.5


WEATHER CONDITIONS
 THE FOLLOWING WEATHER WAS RECORDED YESTERDAY.
  FOG


RELATIVE HUMIDITY (PERCENT)
 HIGHEST    97           700 AM
 LOWEST     54           200 PM
 AVERAGE    76

..........................................................


THE DALHART CLIMATE NORMALS FOR TODAY
                         NORMAL    RECORD    YEAR
 MAXIMUM TEMPERATURE (F)   80        97      1956
 MINIMUM TEMPERATURE (F)   51        38      1971


SUNRISE AND SUNSET
SEPTEMBER 20 2014.....SUNRISE   737 AM CDT   SUNSET   750 PM CDT
SEPTEMBER 21 2014.....SUNRISE   737 AM CDT   SUNSET   748 PM CDT


-  INDICATES NEGATIVE NUMBERS.
R  INDICATES RECORD WAS SET OR TIED.
MM INDICATES DATA IS MISSING.
T  INDICATES TRACE AMOUNT.




$$
