000
CDUS44 KAMA 300655
CLIDHT


CLIMATE REPORT
NATIONAL WEATHER SERVICE AMARILLO TX
147 AM CDT SAT JUL 30 2016


...................................

...THE DALHART CLIMATE SUMMARY FOR JULY 29 2016...

CLIMATE NORMAL PERIOD 1981 TO 2010
CLIMATE RECORD PERIOD 1948 TO 2016


WEATHER ITEM   OBSERVED TIME   RECORD YEAR NORMAL DEPARTURE LAST
                VALUE   (LST)  VALUE       VALUE  FROM      YEAR
                                                  NORMAL
..................................................................
TEMPERATURE (F)
 YESTERDAY
  MAXIMUM         95    247 PM 102    2012  91      4       86
  MINIMUM         64    715 PM  51    2005  62      2       67
  AVERAGE         80                        77      3       77

PRECIPITATION (IN)
  YESTERDAY        0.41          2.28 1982   0.09   0.32      T
  MONTH TO DATE    1.90                      2.58  -0.68     2.73
  SINCE JUN 1      3.91                      4.88  -0.97     3.58
  SINCE JAN 1     11.13                     10.29   0.84    10.29

SNOWFALL (IN)
  YESTERDAY        0.0           0.0    MM   0.0    0.0      0.0
  MONTH TO DATE    0.0                       0.0    0.0      0.0
  SINCE JUN 1      0.0                       0.0    0.0      0.0
  SINCE JUL 1      0.0                       0.0    0.0      0.0
  SNOW DEPTH       0

DEGREE DAYS
 HEATING
  YESTERDAY        0                         0      0        0
  MONTH TO DATE    0                         0      0        0
  SINCE JUN 1      0                        12    -12        0
  SINCE JUL 1      0                         0      0        0

 COOLING
  YESTERDAY       15                        12      3       12
  MONTH TO DATE  501                       344    157      444
  SINCE JUN 1    851                       584    267      777
  SINCE JAN 1    897                       656    241      799
..................................................................


WIND (MPH)
  RESULTANT WIND SPEED   7   RESULTANT WIND DIRECTION  SE (130)
  HIGHEST WIND SPEED    40   HIGHEST WIND DIRECTION     W (290)
  HIGHEST GUST SPEED    53   HIGHEST GUST DIRECTION    NW (300)
  AVERAGE WIND SPEED    13.4


SKY COVER
  AVERAGE SKY COVER 0.3


WEATHER CONDITIONS
 THE FOLLOWING WEATHER WAS RECORDED YESTERDAY.
  THUNDERSTORM
  HEAVY RAIN
  RAIN
  LIGHT RAIN
  FOG
  HAZE


RELATIVE HUMIDITY (PERCENT)
 HIGHEST    81           500 AM
 LOWEST     26           300 PM
 AVERAGE    54

..........................................................


THE DALHART CLIMATE NORMALS FOR TODAY
                         NORMAL    RECORD    YEAR
 MAXIMUM TEMPERATURE (F)   91       103      1969
 MINIMUM TEMPERATURE (F)   62        56      2004


SUNRISE AND SUNSET
JULY 30 2016..........SUNRISE   656 AM CDT   SUNSET   856 PM CDT
JULY 31 2016..........SUNRISE   657 AM CDT   SUNSET   855 PM CDT


-  INDICATES NEGATIVE NUMBERS.
R  INDICATES RECORD WAS SET OR TIED.
MM INDICATES DATA IS MISSING.
T  INDICATES TRACE AMOUNT.




$$
