000
CDUS44 KAMA 210637
CLIDHT


CLIMATE REPORT
NATIONAL WEATHER SERVICE AMARILLO TX
133 AM CDT MON AUG 21 2017


...................................

...THE DALHART CLIMATE SUMMARY FOR AUGUST 20 2017...

CLIMATE NORMAL PERIOD 1981 TO 2010
CLIMATE RECORD PERIOD 1948 TO 2017


WEATHER ITEM   OBSERVED TIME   RECORD YEAR NORMAL DEPARTURE LAST
                VALUE   (LST)  VALUE       VALUE  FROM      YEAR
                                                  NORMAL
..................................................................
TEMPERATURE (F)
 YESTERDAY
  MAXIMUM         91    414 PM 106    2007  89      2       76
  MINIMUM         65    610 AM  51    1950  61      4       59
  AVERAGE         78                        75      3       68

PRECIPITATION (IN)
  YESTERDAY        0.00        148.00 1970   0.09  -0.09     0.53
  MONTH TO DATE    3.76                      2.05   1.71     2.17
  SINCE JUN 1      8.03                      7.14   0.89     6.25
  SINCE JAN 1     17.17                     12.55   4.62    13.47

SNOWFALL (IN)
  YESTERDAY        0.0           0.0    MM   0.0    0.0      0.0
  MONTH TO DATE    0.0                       0.0    0.0      0.0
  SINCE JUN 1      0.0                       0.0    0.0      0.0
  SINCE JUL 1      0.0                       0.0    0.0      0.0
  SNOW DEPTH       0

DEGREE DAYS
 HEATING
  YESTERDAY        0                         0      0        0
  MONTH TO DATE    0                         0      0        0
  SINCE JUN 1      0                        13    -13        0
  SINCE JUL 1      0                         1     -1        0

 COOLING
  YESTERDAY       13                        10      3        3
  MONTH TO DATE  180                       217    -37      259
  SINCE JUN 1   1001                       822    179     1141
  SINCE JAN 1   1078                       894    184     1187
..................................................................


WIND (MPH)
  RESULTANT WIND SPEED  13   RESULTANT WIND DIRECTION   S (200)
  HIGHEST WIND SPEED    28   HIGHEST WIND DIRECTION     S (190)
  HIGHEST GUST SPEED    35   HIGHEST GUST DIRECTION     S (190)
  AVERAGE WIND SPEED    14.1


SKY COVER
  AVERAGE SKY COVER 0.0


WEATHER CONDITIONS
 THE FOLLOWING WEATHER WAS RECORDED YESTERDAY.
  NO SIGNIFICANT WEATHER WAS OBSERVED.


RELATIVE HUMIDITY (PERCENT)
 HIGHEST    93           300 AM
 LOWEST     34           400 PM
 AVERAGE    64

..........................................................


THE DALHART CLIMATE NORMALS FOR TODAY
                         NORMAL    RECORD    YEAR
 MAXIMUM TEMPERATURE (F)   89       100      2007
 MINIMUM TEMPERATURE (F)   61        52      2009
                                             1964


SUNRISE AND SUNSET
AUGUST 21 2017........SUNRISE   714 AM CDT   SUNSET   832 PM CDT
AUGUST 22 2017........SUNRISE   714 AM CDT   SUNSET   831 PM CDT


-  INDICATES NEGATIVE NUMBERS.
R  INDICATES RECORD WAS SET OR TIED.
MM INDICATES DATA IS MISSING.
T  INDICATES TRACE AMOUNT.




$$
