000
CDUS44 KAMA 300630
CLIDHT


CLIMATE REPORT
NATIONAL WEATHER SERVICE AMARILLO TX
129 AM CDT SAT AUG 30 2014


...................................

...THE DALHART CLIMATE SUMMARY FOR AUGUST 29 2014...

CLIMATE NORMAL PERIOD 1981 TO 2010
CLIMATE RECORD PERIOD 1894 TO 2014


WEATHER ITEM   OBSERVED TIME   RECORD YEAR NORMAL DEPARTURE LAST
                VALUE   (LST)  VALUE       VALUE  FROM      YEAR
                                                  NORMAL
..................................................................
TEMPERATURE (F)
 YESTERDAY
  MAXIMUM         91    354 PM  99    1990  88      3       97
  MINIMUM         59    659 AM  43    1988  59      0       65
  AVERAGE         75                        74      1       81

PRECIPITATION (IN)
  YESTERDAY        0.00          0.82 1978   0.07  -0.07     0.00
  MONTH TO DATE    0.88                      2.72  -1.84     1.56
  SINCE JUN 1      6.80                      7.81  -1.01     3.72
  SINCE JAN 1      8.64                     13.22  -4.58     5.02

SNOWFALL (IN)
  YESTERDAY        0.0           0.0    MM   0.0    0.0      0.0
  MONTH TO DATE    0.0                       0.0    0.0      0.0
  SINCE JUN 1      0.0                       0.0    0.0      0.0
  SINCE JUL 1      0.0                       0.0    0.0      0.0
  SNOW DEPTH       0

DEGREE DAYS
 HEATING
  YESTERDAY        0                         0      0        0
  MONTH TO DATE    0                         0      0        0
  SINCE JUN 1      4                        13     -9        0
  SINCE JUL 1      0                         1     -1        0

 COOLING
  YESTERDAY       10                         9      1       16
  MONTH TO DATE  391                       302     89      357
  SINCE JUN 1   1064                       907    157     1166
  SINCE JAN 1   1184                       979    205     1320
..................................................................


WIND (MPH)
  RESULTANT WIND SPEED   4   RESULTANT WIND DIRECTION   N (360)
  HIGHEST WIND SPEED    18   HIGHEST WIND DIRECTION     N (350)
  HIGHEST GUST SPEED    25   HIGHEST GUST DIRECTION     N (350)
  AVERAGE WIND SPEED     6.7


SKY COVER
  AVERAGE SKY COVER 0.1


WEATHER CONDITIONS
 THE FOLLOWING WEATHER WAS RECORDED YESTERDAY.
  NO SIGNIFICANT WEATHER WAS OBSERVED.


RELATIVE HUMIDITY (PERCENT)
 HIGHEST    78           200 AM
 LOWEST     15           400 PM
 AVERAGE    47

..........................................................


THE DALHART CLIMATE NORMALS FOR TODAY
                         NORMAL    RECORD    YEAR
 MAXIMUM TEMPERATURE (F)   87        99      2013
                                             2011
 MINIMUM TEMPERATURE (F)   59        52      1967


SUNRISE AND SUNSET
AUGUST 30 2014........SUNRISE   720 AM CDT   SUNSET   821 PM CDT
AUGUST 31 2014........SUNRISE   721 AM CDT   SUNSET   819 PM CDT


-  INDICATES NEGATIVE NUMBERS.
R  INDICATES RECORD WAS SET OR TIED.
MM INDICATES DATA IS MISSING.
T  INDICATES TRACE AMOUNT.




$$
