000
CDUS44 KAMA 280632
CLIDHT


CLIMATE REPORT
NATIONAL WEATHER SERVICE AMARILLO TX
131 AM CDT TUE MAR 28 2017


...................................

...THE DALHART CLIMATE SUMMARY FOR MARCH 27 2017...

CLIMATE NORMAL PERIOD 1981 TO 2010
CLIMATE RECORD PERIOD 1948 TO 2017


WEATHER ITEM   OBSERVED TIME   RECORD YEAR NORMAL DEPARTURE LAST
                VALUE   (LST)  VALUE       VALUE  FROM      YEAR
                                                  NORMAL
..................................................................
TEMPERATURE (F)
 YESTERDAY
  MAXIMUM         71    529 PM  90    1971  64      7       53
  MINIMUM         31    603 AM   7    1955  32     -1       17
  AVERAGE         51                        48      3       35

PRECIPITATION (IN)
  YESTERDAY        0.00          0.68 2009   0.04  -0.04     0.00
  MONTH TO DATE    0.24                      0.99  -0.75     0.30
  SINCE MAR 1      0.24                      0.99  -0.75     0.30
  SINCE JAN 1      1.32                      1.91  -0.59     0.68

SNOWFALL (IN)
  YESTERDAY        0.0          11.0  2009   0.2   -0.2      0.0
  MONTH TO DATE    0.0                       3.7   -3.7      6.0
  SINCE MAR 1      0.0                       3.7   -3.7      6.0
  SINCE JUL 1      1.3                      17.2  -15.9     12.7
  SNOW DEPTH       0

DEGREE DAYS
 HEATING
  YESTERDAY       14                        17     -3       30
  MONTH TO DATE  347                       547   -200      428
  SINCE MAR 1    347                       547   -200      428
  SINCE JUL 1   3164                      4190  -1026     3373

 COOLING
  YESTERDAY        0                         0      0        0
  MONTH TO DATE    6                         0      6        0
  SINCE MAR 1      6                         0      6        0
  SINCE JAN 1      6                         0      6        0
..................................................................


WIND (MPH)
  RESULTANT WIND SPEED   5   RESULTANT WIND DIRECTION   S (170)
  HIGHEST WIND SPEED    23   HIGHEST WIND DIRECTION    SE (140)
  HIGHEST GUST SPEED    30   HIGHEST GUST DIRECTION     S (160)
  AVERAGE WIND SPEED    10.9


SKY COVER
  AVERAGE SKY COVER 0.0


WEATHER CONDITIONS
 THE FOLLOWING WEATHER WAS RECORDED YESTERDAY.
  NO SIGNIFICANT WEATHER WAS OBSERVED.


RELATIVE HUMIDITY (PERCENT)
 HIGHEST    96           300 AM
 LOWEST     25           500 PM
 AVERAGE    61

..........................................................


THE DALHART CLIMATE NORMALS FOR TODAY
                         NORMAL    RECORD    YEAR
 MAXIMUM TEMPERATURE (F)   65        86      2012
                                             1963
 MINIMUM TEMPERATURE (F)   32        11      1975


SUNRISE AND SUNSET
MARCH 28 2017.........SUNRISE   742 AM CDT   SUNSET   809 PM CDT
MARCH 29 2017.........SUNRISE   740 AM CDT   SUNSET   810 PM CDT


-  INDICATES NEGATIVE NUMBERS.
R  INDICATES RECORD WAS SET OR TIED.
MM INDICATES DATA IS MISSING.
T  INDICATES TRACE AMOUNT.




$$
