000
CDUS44 KAMA 022129
CLIDHT


CLIMATE REPORT
NATIONAL WEATHER SERVICE AMARILLO TX
429 PM CDT MON MAY 2 2016


...................................

...THE DALHART CLIMATE SUMMARY FOR MAY 2 2016...
VALID TODAY AS OF 0400 PM LOCAL TIME.

CLIMATE NORMAL PERIOD 1981 TO 2010
CLIMATE RECORD PERIOD 1948 TO 2016


WEATHER ITEM   OBSERVED TIME   RECORD YEAR NORMAL DEPARTURE LAST
                VALUE   (LST)  VALUE       VALUE  FROM      YEAR
                                                  NORMAL
..................................................................
TEMPERATURE (F)
 TODAY
  MAXIMUM         61    241 PM  93    2012  74    -13       85
  MINIMUM         34    608 AM  28    2008  44    -10       55
  AVERAGE         48                        59    -11       70

PRECIPITATION (IN)
  TODAY            0.00          1.25 1990   0.06  -0.06     0.00
  MONTH TO DATE    0.16                      0.11   0.05     0.00
  SINCE MAR 1      4.50                      2.36   2.14     1.38
  SINCE JAN 1      4.75                      3.28   1.47     4.69

SNOWFALL (IN)
  TODAY            0.0           1.5  1978   0.0    0.0      0.0
  MONTH TO DATE    0.0                       0.0    0.0      0.0
  SINCE MAR 1      0.0                       5.4   -5.4      0.8
  SINCE JUL 1      2.5                      18.9  -16.4     34.1
  SNOW DEPTH       0

DEGREE DAYS
 HEATING
  TODAY           17                         7     10        0
  MONTH TO DATE   40                        14     26        0
  SINCE MAR 1    801                       973   -172      734
  SINCE JUL 1   3746                      4616   -870     4027

 COOLING
  TODAY            0                         1     -1        5
  MONTH TO DATE    0                         2     -2        5
  SINCE MAR 1      2                         8     -6        6
  SINCE JAN 1      2                         8     -6        6
..................................................................


WIND (MPH)
  RESULTANT WIND SPEED   7   RESULTANT WIND DIRECTION  NW (330)
  HIGHEST WIND SPEED    13   HIGHEST WIND DIRECTION     N (360)
  HIGHEST GUST SPEED    17   HIGHEST GUST DIRECTION     N (360)
  AVERAGE WIND SPEED     8.3


SKY COVER
  AVERAGE SKY COVER 0.2


WEATHER CONDITIONS
 THE FOLLOWING WEATHER WAS RECORDED TODAY.
  NO SIGNIFICANT WEATHER WAS OBSERVED.


RELATIVE HUMIDITY (PERCENT)
 HIGHEST    92           200 AM
 LOWEST     39           300 PM
 AVERAGE    66

..........................................................


THE DALHART CLIMATE NORMALS FOR TOMORROW
                         NORMAL    RECORD    YEAR
 MAXIMUM TEMPERATURE (F)   75        93      1996
 MINIMUM TEMPERATURE (F)   44        25      2013


SUNRISE AND SUNSET
MAY  2 2016...........SUNRISE   656 AM CDT   SUNSET   839 PM CDT
MAY  3 2016...........SUNRISE   655 AM CDT   SUNSET   840 PM CDT


-  INDICATES NEGATIVE NUMBERS.
R  INDICATES RECORD WAS SET OR TIED.
MM INDICATES DATA IS MISSING.
T  INDICATES TRACE AMOUNT.




$$
