000
CDUS44 KAMA 250626
CLIDHT


CLIMATE REPORT
NATIONAL WEATHER SERVICE AMARILLO TX
126 AM CDT MON MAY 25 2015


...................................

...THE DALHART CLIMATE SUMMARY FOR MAY 24 2015...

CLIMATE NORMAL PERIOD 1981 TO 2010
CLIMATE RECORD PERIOD 1894 TO 2015


WEATHER ITEM   OBSERVED TIME   RECORD YEAR NORMAL DEPARTURE LAST
                VALUE   (LST)  VALUE       VALUE  FROM      YEAR
                                                  NORMAL
..................................................................
TEMPERATURE (F)
 YESTERDAY
  MAXIMUM         76    555 PM  96    1989  81     -5       75
  MINIMUM         52   1159 PM  42    1974  51      1       56
  AVERAGE         64                        66     -2       66

PRECIPITATION (IN)
  YESTERDAY        0.00          1.29 1993   0.08  -0.08     0.56
  MONTH TO DATE    1.97                      1.66   0.31     1.28
  SINCE MAR 1      3.35                      3.91  -0.56     1.48
  SINCE JAN 1      6.66                      4.83   1.83     1.57

SNOWFALL (IN)
  YESTERDAY        0.0           0.0    MM   0.0    0.0      0.0
  MONTH TO DATE    0.0                       0.1   -0.1      0.0
  SINCE MAR 1      0.8                       5.5   -4.7      2.1
  SINCE JUL 1     34.1                      19.0   15.1     17.4
  SNOW DEPTH       0

DEGREE DAYS
 HEATING
  YESTERDAY        1                         2     -1        0
  MONTH TO DATE  123                       103     20       90
  SINCE MAR 1    857                      1062   -205      997
  SINCE JUL 1   4150                      4705   -555     4591

 COOLING
  YESTERDAY        0                         3     -3        1
  MONTH TO DATE   12                        39    -27       64
  SINCE MAR 1     13                        45    -32       80
  SINCE JAN 1     13                        45    -32       80
..................................................................


WIND (MPH)
  RESULTANT WIND SPEED   6   RESULTANT WIND DIRECTION   S (190)
  HIGHEST WIND SPEED    22   HIGHEST WIND DIRECTION     S (200)
  HIGHEST GUST SPEED    29   HIGHEST GUST DIRECTION     S (200)
  AVERAGE WIND SPEED     8.2


SKY COVER
  AVERAGE SKY COVER 0.5


WEATHER CONDITIONS
 THE FOLLOWING WEATHER WAS RECORDED YESTERDAY.
  FOG


RELATIVE HUMIDITY (PERCENT)
 HIGHEST    93          1200 AM
 LOWEST     23           600 PM
 AVERAGE    58

..........................................................


THE DALHART CLIMATE NORMALS FOR TODAY
                         NORMAL    RECORD    YEAR
 MAXIMUM TEMPERATURE (F)   81       100      2006
 MINIMUM TEMPERATURE (F)   52        36      1950


SUNRISE AND SUNSET
MAY 25 2015...........SUNRISE   638 AM CDT   SUNSET   857 PM CDT
MAY 26 2015...........SUNRISE   637 AM CDT   SUNSET   857 PM CDT


-  INDICATES NEGATIVE NUMBERS.
R  INDICATES RECORD WAS SET OR TIED.
MM INDICATES DATA IS MISSING.
T  INDICATES TRACE AMOUNT.




$$
