000
CDUS44 KAMA 010628
CLIDHT


CLIMATE REPORT
NATIONAL WEATHER SERVICE AMARILLO TX
128 AM CDT WED OCT 1 2014


...................................

...THE DALHART CLIMATE SUMMARY FOR SEPTEMBER 30 2014...

CLIMATE NORMAL PERIOD 1981 TO 2010
CLIMATE RECORD PERIOD 1894 TO 2014


WEATHER ITEM   OBSERVED TIME   RECORD YEAR NORMAL DEPARTURE LAST
                VALUE   (LST)  VALUE       VALUE  FROM      YEAR
                                                  NORMAL
..................................................................
TEMPERATURE (F)
 YESTERDAY
  MAXIMUM         81    349 PM  95    2009  76      5       89
  MINIMUM         52   1111 PM  27    1985  47      5       44
  AVERAGE         67                        61      6       67

PRECIPITATION (IN)
  YESTERDAY        0.00          0.49 1959   0.05  -0.05     0.00
  MONTH TO DATE    1.55                      1.65  -0.10     1.64
  SINCE SEP 1      1.55                      1.65  -0.10     1.64
  SINCE JAN 1     10.19                     15.00  -4.81     6.66

SNOWFALL (IN)
  YESTERDAY        0.0           0.0    MM   0.0    0.0      0.0
  MONTH TO DATE    0.0                       0.0    0.0      0.0
  SINCE SEP 1      0.0                       0.0    0.0      0.0
  SINCE JUL 1      0.0                       0.0    0.0      0.0
  SNOW DEPTH       0

DEGREE DAYS
 HEATING
  YESTERDAY        0                         5     -5        0
  MONTH TO DATE   21                        60    -39       14
  SINCE SEP 1     21                        60    -39       14
  SINCE JUL 1     21                        63    -42       14

 COOLING
  YESTERDAY        2                         1      1        2
  MONTH TO DATE  177                       132     45      210
  SINCE SEP 1    177                       132     45      210
  SINCE JAN 1   1392                      1128    264     1563
..................................................................


WIND (MPH)
  RESULTANT WIND SPEED   7   RESULTANT WIND DIRECTION  SW (210)
  HIGHEST WIND SPEED    18   HIGHEST WIND DIRECTION    SW (220)
  HIGHEST GUST SPEED    23   HIGHEST GUST DIRECTION    SW (230)
  AVERAGE WIND SPEED     8.5


SKY COVER
  AVERAGE SKY COVER 0.1


WEATHER CONDITIONS
 THE FOLLOWING WEATHER WAS RECORDED YESTERDAY.
  FOG


RELATIVE HUMIDITY (PERCENT)
 HIGHEST    93           600 AM
 LOWEST     21           500 PM
 AVERAGE    57

..........................................................


THE DALHART CLIMATE NORMALS FOR TODAY
                         NORMAL    RECORD    YEAR
 MAXIMUM TEMPERATURE (F)   76        94      2000
 MINIMUM TEMPERATURE (F)   46        34      1965


SUNRISE AND SUNSET
OCTOBER  1 2014.......SUNRISE   745 AM CDT   SUNSET   734 PM CDT
OCTOBER  2 2014.......SUNRISE   746 AM CDT   SUNSET   732 PM CDT


-  INDICATES NEGATIVE NUMBERS.
R  INDICATES RECORD WAS SET OR TIED.
MM INDICATES DATA IS MISSING.
T  INDICATES TRACE AMOUNT.




$$
