000
CDUS43 KBIS 260035
CLIDIK


CLIMATE REPORT
NATIONAL WEATHER SERVICE BISMARCK ND
734 PM CDT THU AUG 25 2016


...................................

...THE DICKINSON ND CLIMATE SUMMARY FOR AUGUST 25 2016...
VALID TODAY AS OF 0700 PM LOCAL TIME.

CLIMATE NORMAL PERIOD 1981 TO 2010
CLIMATE RECORD PERIOD 1893 TO 2016


WEATHER ITEM   OBSERVED TIME   RECORD YEAR NORMAL DEPARTURE LAST
                VALUE   (LST)  VALUE       VALUE  FROM      YEAR
                                                  NORMAL
..................................................................
TEMPERATURE (F)
 TODAY
  MAXIMUM         70    425 PM 103    1991  81    -11       83
  MINIMUM         47    426 AM  33    1910  52     -5       48
  AVERAGE         59                        66     -7       66

PRECIPITATION (IN)
  TODAY            T             1.21 1943   0.05  -0.05     0.00
  MONTH TO DATE    0.61                      1.24  -0.63     0.76
  SINCE JUN 1      7.17                      6.88   0.29     6.06
  SINCE JAN 1     11.59                     11.99  -0.40     9.49

DEGREE DAYS
 HEATING
  TODAY            6                         2      4        0
  MONTH TO DATE   36                        33      3       44
  SINCE JUN 1    112                       204    -92      126
  SINCE JUL 1     53                        67    -14       58

 COOLING
  TODAY            0                         4     -4        1
  MONTH TO DATE   81                       134    -53      115
  SINCE JUN 1    272                       353    -81      345
  SINCE JAN 1    275                       363    -88      345
..................................................................


WIND (MPH)
  RESULTANT WIND SPEED  11   RESULTANT WIND DIRECTION  NW (300)
  HIGHEST WIND SPEED    16   HIGHEST WIND DIRECTION    NW (320)
  HIGHEST GUST SPEED    21   HIGHEST GUST DIRECTION    NW (300)
  AVERAGE WIND SPEED    11.6


SKY COVER
  POSSIBLE SUNSHINE  MM
  AVERAGE SKY COVER 0.8


WEATHER CONDITIONS
 THE FOLLOWING WEATHER WAS RECORDED TODAY.
  LIGHT RAIN
  FOG


RELATIVE HUMIDITY (PERCENT)
 HIGHEST    93           300 AM
 LOWEST     25           200 PM
 AVERAGE    59

..........................................................


THE DICKINSON ND CLIMATE NORMALS FOR TOMORROW
                         NORMAL    RECORD    YEAR
 MAXIMUM TEMPERATURE (F)   81       101      1939
                                             1904
 MINIMUM TEMPERATURE (F)   51        29      1896


SUNRISE AND SUNSET
AUGUST 25 2016........SUNRISE   602 AM MDT   SUNSET   743 PM MDT
AUGUST 26 2016........SUNRISE   604 AM MDT   SUNSET   741 PM MDT


-  INDICATES NEGATIVE NUMBERS.
R  INDICATES RECORD WAS SET OR TIED.
MM INDICATES DATA IS MISSING.
T  INDICATES TRACE AMOUNT.




$$
