000
CDUS43 KBIS 280724
CLIDIK


CLIMATE REPORT
NATIONAL WEATHER SERVICE BISMARCK ND
223 AM CDT SAT MAR 28 2015


...................................

...THE DICKINSON ND CLIMATE SUMMARY FOR MARCH 27 2015...

CLIMATE NORMAL PERIOD 1981 TO 2010
CLIMATE RECORD PERIOD 1903 TO 2015


WEATHER ITEM   OBSERVED TIME   RECORD YEAR NORMAL DEPARTURE LAST
                VALUE   (LST)  VALUE       VALUE  FROM      YEAR
                                                  NORMAL
..................................................................
TEMPERATURE (F)
 YESTERDAY
  MAXIMUM         65    320 PM  80    1946  46     19       37
  MINIMUM         32   1159 PM  -8    1931  23      9       15
  AVERAGE         49                        34     15       26

PRECIPITATION (IN)
  YESTERDAY        T             0.93 1975   0.03  -0.03     0.00
  MONTH TO DATE    0.38                      0.57  -0.19     0.22
  SINCE MAR 1      0.38                      0.57  -0.19     0.22
  SINCE JAN 1      0.65                      1.20  -0.55     0.39

DEGREE DAYS
 HEATING
  YESTERDAY       16                        31    -15       39
  MONTH TO DATE  778                       969   -191     1051
  SINCE MAR 1    778                       969   -191     1051
  SINCE JUL 1   6893                      7263   -370     7693

 COOLING
  YESTERDAY        0                         0      0        0
  MONTH TO DATE    0                         0      0        0
  SINCE MAR 1      0                         0      0        0
  SINCE JAN 1      0                         0      0        0
..................................................................


WIND (MPH)
  HIGHEST WIND SPEED    26   HIGHEST WIND DIRECTION    NW (300)
  HIGHEST GUST SPEED    34   HIGHEST GUST DIRECTION    NW (330)
  AVERAGE WIND SPEED    13.9


SKY COVER
  POSSIBLE SUNSHINE  MM
  AVERAGE SKY COVER 0.3


WEATHER CONDITIONS
 THE FOLLOWING WEATHER WAS RECORDED YESTERDAY.
  HAZE


RELATIVE HUMIDITY (PERCENT)
 HIGHEST    85           600 AM
 LOWEST     31           100 PM
 AVERAGE    58

..........................................................


THE DICKINSON ND CLIMATE NORMALS FOR TODAY
                         NORMAL    RECORD    YEAR
 MAXIMUM TEMPERATURE (F)   47        76      1986
 MINIMUM TEMPERATURE (F)   23        -7      1922


SUNRISE AND SUNSET
MARCH 28 2015.........SUNRISE   639 AM MDT   SUNSET   715 PM MDT
MARCH 29 2015.........SUNRISE   637 AM MDT   SUNSET   716 PM MDT


-  INDICATES NEGATIVE NUMBERS.
R  INDICATES RECORD WAS SET OR TIED.
MM INDICATES DATA IS MISSING.
T  INDICATES TRACE AMOUNT.




$$
