000
CDUS43 KBIS 050020
CLIDIK


CLIMATE REPORT
NATIONAL WEATHER SERVICE BISMARCK ND
720 PM CDT FRI SEP 4 2015


...................................

...THE DICKINSON ND CLIMATE SUMMARY FOR SEPTEMBER 4 2015...
VALID TODAY AS OF 0700 PM LOCAL TIME.

CLIMATE NORMAL PERIOD 1981 TO 2010
CLIMATE RECORD PERIOD 1893 TO 2015


WEATHER ITEM   OBSERVED TIME   RECORD YEAR NORMAL DEPARTURE LAST
                VALUE   (LST)  VALUE       VALUE  FROM      YEAR
                                                  NORMAL
..................................................................
TEMPERATURE (F)
 TODAY
  MAXIMUM         80        MM 101    1960  77      3       64
  MINIMUM         64        MM  31    1956  48     16       40
                                      1903
  AVERAGE         72                        62     10       52

PRECIPITATION (IN)
  TODAY            T             1.62 1971   0.05  -0.05     0.00
  MONTH TO DATE    T                         0.20  -0.20     0.08
  SINCE SEP 1      T                         0.20  -0.20     0.08
  SINCE JAN 1      9.49                     12.49  -3.00    19.85

DEGREE DAYS
 HEATING
  TODAY            0                         5     -5       13
  MONTH TO DATE    0                        18    -18       21
  SINCE SEP 1      0                        18    -18       21
  SINCE JUL 1     58                       104    -46      122

 COOLING
  TODAY            7                         2      5        0
  MONTH TO DATE   36                        10     26        0
  SINCE SEP 1     36                        10     26        0
  SINCE JAN 1    427                       396     31      232
..................................................................


WIND (MPH)
  RESULTANT WIND SPEED   8   RESULTANT WIND DIRECTION   N (20)
  HIGHEST WIND SPEED    21   HIGHEST WIND DIRECTION     N (350)
  HIGHEST GUST SPEED    28   HIGHEST GUST DIRECTION     N (350)
  AVERAGE WIND SPEED     9.7


SKY COVER
  POSSIBLE SUNSHINE  MM
  AVERAGE SKY COVER 0.6


WEATHER CONDITIONS
 THE FOLLOWING WEATHER WAS RECORDED TODAY.
  THUNDERSTORM
  FOG
  HAZE


RELATIVE HUMIDITY (PERCENT)
 HIGHEST    87          1200 AM
 LOWEST     54           500 PM
 AVERAGE    71

..........................................................


THE DICKINSON ND CLIMATE NORMALS FOR TOMORROW
                         NORMAL    RECORD    YEAR
 MAXIMUM TEMPERATURE (F)   76       104      1978
 MINIMUM TEMPERATURE (F)   48        31      1965


SUNRISE AND SUNSET
SEPTEMBER  4 2015.....SUNRISE   614 AM MDT   SUNSET   725 PM MDT
SEPTEMBER  5 2015.....SUNRISE   616 AM MDT   SUNSET   723 PM MDT


-  INDICATES NEGATIVE NUMBERS.
R  INDICATES RECORD WAS SET OR TIED.
MM INDICATES DATA IS MISSING.
T  INDICATES TRACE AMOUNT.




$$
