000
CDUS43 KBIS 220851
CLIDIK


CLIMATE REPORT
NATIONAL WEATHER SERVICE BISMARCK ND
251 AM CST SUN JAN 22 2017


...................................

...THE DICKINSON ND CLIMATE SUMMARY FOR JANUARY 21 2017...

CLIMATE NORMAL PERIOD 1981 TO 2010
CLIMATE RECORD PERIOD 1893 TO 2017


WEATHER ITEM   OBSERVED TIME   RECORD YEAR NORMAL DEPARTURE LAST
                VALUE   (LST)  VALUE       VALUE  FROM      YEAR
                                                  NORMAL
..................................................................
TEMPERATURE (F)
 YESTERDAY
  MAXIMUM         34    236 PM  54    1942  27      7       19
  MINIMUM         17   1159 PM -33    1927   6     11       15
  AVERAGE         26                        16     10       17

PRECIPITATION (IN)
  YESTERDAY        0.00          0.17 1999   0.01  -0.01     0.01
  MONTH TO DATE    0.04                      0.22  -0.18     0.05
  SINCE DEC 1      0.20                      0.46  -0.26     0.31
  SINCE JAN 1      0.04                      0.22  -0.18     0.05

DEGREE DAYS
 HEATING
  YESTERDAY       39                        49    -10       48
  MONTH TO DATE 1224                      1029    195     1086
  SINCE DEC 1   2853                      2489    364     2364
  SINCE JUL 1   4520                      4566    -46     4038

 COOLING
  YESTERDAY        0                         0      0        0
  MONTH TO DATE    0                         0      0        0
  SINCE DEC 1      0                         0      0        0
  SINCE JAN 1      0                         0      0        0
..................................................................


WIND (MPH)
  HIGHEST WIND SPEED    18   HIGHEST WIND DIRECTION     W (280)
  HIGHEST GUST SPEED    20   HIGHEST GUST DIRECTION     W (280)
  AVERAGE WIND SPEED    12.2


SKY COVER
  POSSIBLE SUNSHINE  MM
  AVERAGE SKY COVER 0.5


WEATHER CONDITIONS
 THE FOLLOWING WEATHER WAS RECORDED YESTERDAY.
  NO SIGNIFICANT WEATHER WAS OBSERVED.


RELATIVE HUMIDITY (PERCENT)
 HIGHEST    92           300 AM
 LOWEST     69           200 PM
 AVERAGE    81

..........................................................


THE DICKINSON ND CLIMATE NORMALS FOR TODAY
                         NORMAL    RECORD    YEAR
 MAXIMUM TEMPERATURE (F)   27        60      1981
 MINIMUM TEMPERATURE (F)    7       -35      1895


SUNRISE AND SUNSET
JANUARY 22 2017.......SUNRISE   726 AM MST   SUNSET   440 PM MST
JANUARY 23 2017.......SUNRISE   725 AM MST   SUNSET   442 PM MST


-  INDICATES NEGATIVE NUMBERS.
R  INDICATES RECORD WAS SET OR TIED.
MM INDICATES DATA IS MISSING.
T  INDICATES TRACE AMOUNT.




$$
