000
CDUS43 KBIS 240023
CLIDIK


CLIMATE REPORT
NATIONAL WEATHER SERVICE BISMARCK ND
722 PM CDT SUN APR 23 2017


...................................

...THE DICKINSON ND CLIMATE SUMMARY FOR APRIL 23 2017...
VALID TODAY AS OF 0700 PM LOCAL TIME.

CLIMATE NORMAL PERIOD 1981 TO 2010
CLIMATE RECORD PERIOD 1893 TO 2017


WEATHER ITEM   OBSERVED TIME   RECORD YEAR NORMAL DEPARTURE LAST
                VALUE   (LST)  VALUE       VALUE  FROM      YEAR
                                                  NORMAL
..................................................................
TEMPERATURE (F)
 TODAY
  MAXIMUM         38        MM  87    2012  59    -21       72
  MINIMUM         29        MM  13    1931  32     -3       40
  AVERAGE         34                        45    -11       56

PRECIPITATION (IN)
  TODAY            0.00          1.02 1961   0.05  -0.05     0.00
  MONTH TO DATE    0.49                      1.02  -0.53     0.95
  SINCE MAR 1      0.83                      1.71  -0.88     1.20
  SINCE JAN 1      1.11                      2.34  -1.23     1.62

DEGREE DAYS
 HEATING
  TODAY           31                        20     11        9
  MONTH TO DATE  509                       553    -44      497
  SINCE MAR 1   1522                      1639   -117     1368
  SINCE JUL 1   7652                      7933   -281     6777

 COOLING
  TODAY            0                         0      0        0
  MONTH TO DATE    0                         0      0        0
  SINCE MAR 1      0                         0      0        0
  SINCE JAN 1      0                         0      0        0
..................................................................


WIND (MPH)
  RESULTANT WIND SPEED  18   RESULTANT WIND DIRECTION   E (80)
  HIGHEST WIND SPEED    23   HIGHEST WIND DIRECTION     E (80)
  HIGHEST GUST SPEED    31   HIGHEST GUST DIRECTION     E (80)
  AVERAGE WIND SPEED    18.5


SKY COVER
  POSSIBLE SUNSHINE   0 PERCENT
  AVERAGE SKY COVER 0.0


WEATHER CONDITIONS
 THE FOLLOWING WEATHER WAS RECORDED TODAY.
  NO SIGNIFICANT WEATHER WAS OBSERVED.


RELATIVE HUMIDITY (PERCENT)
 HIGHEST     0          1200 AM
 LOWEST      0          1200 AM
 AVERAGE     0

..........................................................


THE DICKINSON ND CLIMATE NORMALS FOR TOMORROW
                         NORMAL    RECORD    YEAR
 MAXIMUM TEMPERATURE (F)   59        90      2012
 MINIMUM TEMPERATURE (F)   32        18      1931
                                             1928


SUNRISE AND SUNSET
APRIL 23 2017.........SUNRISE   549 AM MDT   SUNSET   751 PM MDT
APRIL 24 2017.........SUNRISE   547 AM MDT   SUNSET   752 PM MDT


-  INDICATES NEGATIVE NUMBERS.
R  INDICATES RECORD WAS SET OR TIED.
MM INDICATES DATA IS MISSING.
T  INDICATES TRACE AMOUNT.




$$
