000
CDUS43 KBIS 270750
CLIDIK


CLIMATE REPORT
NATIONAL WEATHER SERVICE BISMARCK ND
149 AM CST SAT DEC 27 2014


...................................

...THE DICKINSON ND CLIMATE SUMMARY FOR DECEMBER 26 2014...

CLIMATE NORMAL PERIOD 1981 TO 2010
CLIMATE RECORD PERIOD 1903 TO 2014


WEATHER ITEM   OBSERVED TIME   RECORD YEAR NORMAL DEPARTURE LAST
                VALUE   (LST)  VALUE       VALUE  FROM      YEAR
                                                  NORMAL
..................................................................
TEMPERATURE (F)
 YESTERDAY
  MAXIMUM         24    321 PM  50    1976  26     -2       39
  MINIMUM          7    826 PM -25    1934   6      1       25
  AVERAGE         16                        16      0       32

PRECIPITATION (IN)
  YESTERDAY        T             0.38 1985   0.00   0.00      T
  MONTH TO DATE    0.07                      0.19  -0.12     0.30
  SINCE DEC 1      0.07                      0.19  -0.12     0.30
  SINCE JAN 1     21.86                     15.72   6.14    23.14

DEGREE DAYS
 HEATING
  YESTERDAY       49                        49      0       33
  MONTH TO DATE  954                      1214   -260     1467
  SINCE DEC 1    954                      1214   -260     1467
  SINCE JUL 1   3160                      3291   -131     3411

 COOLING
  YESTERDAY        0                         0      0        0
  MONTH TO DATE    0                         0      0        0
  SINCE DEC 1      0                         0      0        0
  SINCE JAN 1    256                       419   -163      386
..................................................................


WIND (MPH)
  HIGHEST WIND SPEED    16   HIGHEST WIND DIRECTION    NW (310)
  HIGHEST GUST SPEED    18   HIGHEST GUST DIRECTION    NW (300)
  AVERAGE WIND SPEED     6.0


SKY COVER
  POSSIBLE SUNSHINE  MM
  AVERAGE SKY COVER 0.6


WEATHER CONDITIONS
 THE FOLLOWING WEATHER WAS RECORDED YESTERDAY.
  LIGHT SNOW


RELATIVE HUMIDITY (PERCENT)
 HIGHEST    84           600 PM
 LOWEST     62           200 PM
 AVERAGE    73

..........................................................


THE DICKINSON ND CLIMATE NORMALS FOR TODAY
                         NORMAL    RECORD    YEAR
 MAXIMUM TEMPERATURE (F)   26        53      1980
 MINIMUM TEMPERATURE (F)    6       -32      1904


SUNRISE AND SUNSET
DECEMBER 27 2014......SUNRISE   736 AM MST   SUNSET   409 PM MST
DECEMBER 28 2014......SUNRISE   736 AM MST   SUNSET   410 PM MST


-  INDICATES NEGATIVE NUMBERS.
R  INDICATES RECORD WAS SET OR TIED.
MM INDICATES DATA IS MISSING.
T  INDICATES TRACE AMOUNT.




$$
