106
CDUS43 KBIS 090727
CLIDIK


CLIMATE REPORT
NATIONAL WEATHER SERVICE BISMARCK ND
127 AM CST TUE FEB 9 2016


...................................

...THE DICKINSON ND CLIMATE SUMMARY FOR FEBRUARY 8 2016...

CLIMATE NORMAL PERIOD 1981 TO 2010
CLIMATE RECORD PERIOD 1893 TO 2016


WEATHER ITEM   OBSERVED TIME   RECORD YEAR NORMAL DEPARTURE LAST
                VALUE   (LST)  VALUE       VALUE  FROM      YEAR
                                                  NORMAL
..................................................................
TEMPERATURE (F)
 YESTERDAY
  MAXIMUM         36    151 PM  60    2000  29      7       55
  MINIMUM         17    311 AM -37    1939   9      8       26
  AVERAGE         27                        19      8       41

PRECIPITATION (IN)
  YESTERDAY        0.00          0.20 1905   0.01  -0.01     0.04
  MONTH TO DATE    T                         0.06  -0.06     0.14
  SINCE DEC 1      0.42                      0.60  -0.18     0.33
  SINCE JAN 1      0.16                      0.36  -0.20     0.26

DEGREE DAYS
 HEATING
  YESTERDAY       38                        46     -8       24
  MONTH TO DATE  307                       373    -66      356
  SINCE DEC 1   3029                      3343   -314     2935
  SINCE JUL 1   4703                      5420   -717     5141

 COOLING
  YESTERDAY        0                         0      0        0
  MONTH TO DATE    0                         0      0        0
  SINCE DEC 1      0                         0      0        0
  SINCE JAN 1      0                         0      0        0
..................................................................


WIND (MPH)
  HIGHEST WIND SPEED    26   HIGHEST WIND DIRECTION    NW (320)
  HIGHEST GUST SPEED    33   HIGHEST GUST DIRECTION    NW (310)
  AVERAGE WIND SPEED    13.8


SKY COVER
  POSSIBLE SUNSHINE  MM
  AVERAGE SKY COVER 0.5


WEATHER CONDITIONS
 THE FOLLOWING WEATHER WAS RECORDED YESTERDAY.
  NO SIGNIFICANT WEATHER WAS OBSERVED.


RELATIVE HUMIDITY (PERCENT)
 HIGHEST    80           100 AM
 LOWEST     38          1200 PM
 AVERAGE    59

..........................................................


THE DICKINSON ND CLIMATE NORMALS FOR TODAY
                         NORMAL    RECORD    YEAR
 MAXIMUM TEMPERATURE (F)   29        59      1996
 MINIMUM TEMPERATURE (F)    9       -38      1939


SUNRISE AND SUNSET
FEBRUARY  9 2016......SUNRISE   705 AM MST   SUNSET   506 PM MST
FEBRUARY 10 2016......SUNRISE   704 AM MST   SUNSET   508 PM MST


-  INDICATES NEGATIVE NUMBERS.
R  INDICATES RECORD WAS SET OR TIED.
MM INDICATES DATA IS MISSING.
T  INDICATES TRACE AMOUNT.




$$
