000
CDUS43 KBIS 230724
CLIDIK


CLIMATE REPORT
NATIONAL WEATHER SERVICE BISMARCK ND
224 AM CDT SUN JUL 23 2017


...................................

...THE DICKINSON ND CLIMATE SUMMARY FOR JULY 22 2017...

CLIMATE NORMAL PERIOD 1981 TO 2010
CLIMATE RECORD PERIOD 1893 TO 2017


WEATHER ITEM   OBSERVED TIME   RECORD YEAR NORMAL DEPARTURE LAST
                VALUE   (LST)  VALUE       VALUE  FROM      YEAR
                                                  NORMAL
..................................................................
TEMPERATURE (F)
 YESTERDAY
  MAXIMUM         86    232 PM 107    1901  85      1       89
  MINIMUM         52    441 AM  39    1926  56     -4       59
  AVERAGE         69                        70     -1       74

PRECIPITATION (IN)
  YESTERDAY        0.00          1.41 2011   0.07  -0.07     0.50
  MONTH TO DATE    1.96                      1.88   0.08     3.00
  SINCE JUN 1      2.59                      5.08  -2.49     5.66
  SINCE JAN 1      4.92                     10.19  -5.27    10.08

DEGREE DAYS
 HEATING
  YESTERDAY        0                         1     -1        0
  MONTH TO DATE    0                        28    -28       13
  SINCE JUN 1     92                       165    -73       72
  SINCE JUL 1      0                        28    -28       13

 COOLING
  YESTERDAY        4                         6     -2        9
  MONTH TO DATE  224                       108    116       99
  SINCE JUN 1    274                       162    112      156
  SINCE JAN 1    284                       172    112      159
..................................................................


WIND (MPH)
  HIGHEST WIND SPEED    31   HIGHEST WIND DIRECTION    NW (300)
  HIGHEST GUST SPEED    39   HIGHEST GUST DIRECTION    NW (300)
  AVERAGE WIND SPEED    12.0


SKY COVER
  POSSIBLE SUNSHINE  MM
  AVERAGE SKY COVER 0.0


WEATHER CONDITIONS
 THE FOLLOWING WEATHER WAS RECORDED YESTERDAY.
  NO SIGNIFICANT WEATHER WAS OBSERVED.


RELATIVE HUMIDITY (PERCENT)
 HIGHEST    77           300 AM
 LOWEST     23          1100 AM
 AVERAGE    50

..........................................................


THE DICKINSON ND CLIMATE NORMALS FOR TODAY
                         NORMAL    RECORD    YEAR
 MAXIMUM TEMPERATURE (F)   85       108      1936
                                             1901
 MINIMUM TEMPERATURE (F)   56        42      1933


SUNRISE AND SUNSET
JULY 23 2017..........SUNRISE   521 AM MDT   SUNSET   834 PM MDT
JULY 24 2017..........SUNRISE   522 AM MDT   SUNSET   833 PM MDT


-  INDICATES NEGATIVE NUMBERS.
R  INDICATES RECORD WAS SET OR TIED.
MM INDICATES DATA IS MISSING.
T  INDICATES TRACE AMOUNT.




$$
