000
CDUS43 KBIS 010732
CLIDIK


CLIMATE REPORT
NATIONAL WEATHER SERVICE BISMARCK ND
231 AM CDT SUN MAY 1 2016


...................................

...THE DICKINSON ND CLIMATE SUMMARY FOR APRIL 30 2016...

CLIMATE NORMAL PERIOD 1981 TO 2010
CLIMATE RECORD PERIOD 1893 TO 2016


WEATHER ITEM   OBSERVED TIME   RECORD YEAR NORMAL DEPARTURE LAST
                VALUE   (LST)  VALUE       VALUE  FROM      YEAR
                                                  NORMAL
..................................................................
TEMPERATURE (F)
 YESTERDAY
  MAXIMUM         58    407 PM  92    1901  61     -3       68
  MINIMUM         32    505 AM  15    1903  34     -2       38
  AVERAGE         45                        48     -3       53

PRECIPITATION (IN)
  YESTERDAY        0.00          1.75 1967   0.07  -0.07      T
  MONTH TO DATE    2.38                      1.47   0.91     1.03
  SINCE MAR 1      2.63                      2.16   0.47     1.50
  SINCE JAN 1      3.05                      2.79   0.26     1.77

DEGREE DAYS
 HEATING
  YESTERDAY       20                        17      3       12
  MONTH TO DATE  675                       681     -6      639
  SINCE MAR 1   1546                      1768   -222     1467
  SINCE JUL 1   6955                      8062  -1107     7582

 COOLING
  YESTERDAY        0                         0      0        0
  MONTH TO DATE    0                         1     -1        0
  SINCE MAR 1      0                         1     -1        0
  SINCE JAN 1      0                         1     -1        0
..................................................................


WIND (MPH)
  HIGHEST WIND SPEED    23   HIGHEST WIND DIRECTION    NE (60)
  HIGHEST GUST SPEED    32   HIGHEST GUST DIRECTION    NE (50)
  AVERAGE WIND SPEED    11.1


SKY COVER
  POSSIBLE SUNSHINE  MM
  AVERAGE SKY COVER 0.2


WEATHER CONDITIONS
 THE FOLLOWING WEATHER WAS RECORDED YESTERDAY.
  NO SIGNIFICANT WEATHER WAS OBSERVED.


RELATIVE HUMIDITY (PERCENT)
 HIGHEST    78           500 AM
 LOWEST     32           400 PM
 AVERAGE    55

..........................................................


THE DICKINSON ND CLIMATE NORMALS FOR TODAY
                         NORMAL    RECORD    YEAR
 MAXIMUM TEMPERATURE (F)   62        92      1901
 MINIMUM TEMPERATURE (F)   35        15      1911


SUNRISE AND SUNSET
MAY  1 2016...........SUNRISE   535 AM MDT   SUNSET   802 PM MDT
MAY  2 2016...........SUNRISE   534 AM MDT   SUNSET   803 PM MDT


-  INDICATES NEGATIVE NUMBERS.
R  INDICATES RECORD WAS SET OR TIED.
MM INDICATES DATA IS MISSING.
T  INDICATES TRACE AMOUNT.




$$
