500
CDUS43 KBIS 250739
CLIDIK


CLIMATE REPORT
NATIONAL WEATHER SERVICE BISMARCK ND
238 AM CDT MON JUL 25 2016


...................................

...THE DICKINSON ND CLIMATE SUMMARY FOR JULY 24 2016...

CLIMATE NORMAL PERIOD 1981 TO 2010
CLIMATE RECORD PERIOD 1893 TO 2016


WEATHER ITEM   OBSERVED TIME   RECORD YEAR NORMAL DEPARTURE LAST
                VALUE   (LST)  VALUE       VALUE  FROM      YEAR
                                                  NORMAL
..................................................................
TEMPERATURE (F)
 YESTERDAY
  MAXIMUM         83    605 PM 107    1931  85     -2       91
  MINIMUM         50    425 AM  42    1911  56     -6       53
  AVERAGE         67                        70     -3       72

PRECIPITATION (IN)
  YESTERDAY        0.00          1.03 1893   0.06  -0.06     0.00
  MONTH TO DATE    3.00                      2.01   0.99     0.97
  SINCE JUN 1      5.66                      5.21   0.45     3.90
  SINCE JAN 1     10.08                     10.32  -0.24     7.33

DEGREE DAYS
 HEATING
  YESTERDAY        0                         1     -1        0
  MONTH TO DATE   13                        30    -17        8
  SINCE JUN 1     72                       167    -95       76
  SINCE JUL 1     13                        30    -17        8

 COOLING
  YESTERDAY        2                         6     -4        7
  MONTH TO DATE  105                       120    -15      127
  SINCE JUN 1    162                       174    -12      185
  SINCE JAN 1    165                       184    -19      185
..................................................................


WIND (MPH)
  HIGHEST WIND SPEED    14   HIGHEST WIND DIRECTION     W (270)
  HIGHEST GUST SPEED    18   HIGHEST GUST DIRECTION     W (280)
  AVERAGE WIND SPEED     7.5


SKY COVER
  POSSIBLE SUNSHINE  MM
  AVERAGE SKY COVER 0.0


WEATHER CONDITIONS
 THE FOLLOWING WEATHER WAS RECORDED YESTERDAY.
  NO SIGNIFICANT WEATHER WAS OBSERVED.


RELATIVE HUMIDITY (PERCENT)
 HIGHEST    89           300 AM
 LOWEST     28           500 PM
 AVERAGE    59

..........................................................


THE DICKINSON ND CLIMATE NORMALS FOR TODAY
                         NORMAL    RECORD    YEAR
 MAXIMUM TEMPERATURE (F)   85       108      1931
 MINIMUM TEMPERATURE (F)   56        37      1911


SUNRISE AND SUNSET
JULY 25 2016..........SUNRISE   524 AM MDT   SUNSET   831 PM MDT
JULY 26 2016..........SUNRISE   525 AM MDT   SUNSET   830 PM MDT


-  INDICATES NEGATIVE NUMBERS.
R  INDICATES RECORD WAS SET OR TIED.
MM INDICATES DATA IS MISSING.
T  INDICATES TRACE AMOUNT.




$$
