000
CDUS43 KBIS 300738
CLIDIK


CLIMATE REPORT
NATIONAL WEATHER SERVICE BISMARCK ND
238 AM CDT FRI SEP 30 2016


...................................

...THE DICKINSON ND CLIMATE SUMMARY FOR SEPTEMBER 29 2016...

CLIMATE NORMAL PERIOD 1981 TO 2010
CLIMATE RECORD PERIOD 1893 TO 2016


WEATHER ITEM   OBSERVED TIME   RECORD YEAR NORMAL DEPARTURE LAST
                VALUE   (LST)  VALUE       VALUE  FROM      YEAR
                                                  NORMAL
..................................................................
TEMPERATURE (F)
 YESTERDAY
  MAXIMUM         74    302 PM  89    1989  65      9       72
  MINIMUM         41    557 AM  16    1907  37      4       37
  AVERAGE         58                        51      7       55

PRECIPITATION (IN)
  YESTERDAY        0.00          1.09 1923   0.05  -0.05     0.00
  MONTH TO DATE    3.42                      1.43   1.99     0.30
  SINCE SEP 1      3.42                      1.43   1.99     0.30
  SINCE JAN 1     15.05                     13.72   1.33     9.79

DEGREE DAYS
 HEATING
  YESTERDAY        7                        14     -7       10
  MONTH TO DATE  223                       253    -30      122
  SINCE SEP 1    223                       253    -30      122
  SINCE JUL 1    283                       339    -56      180

 COOLING
  YESTERDAY        0                         0      0        0
  MONTH TO DATE   21                        30     -9       71
  SINCE SEP 1     21                        30     -9       71
  SINCE JAN 1    315                       416   -101      462
..................................................................


WIND (MPH)
  HIGHEST WIND SPEED    25   HIGHEST WIND DIRECTION    SE (150)
  HIGHEST GUST SPEED    31   HIGHEST GUST DIRECTION    SE (130)
  AVERAGE WIND SPEED    16.8


SKY COVER
  POSSIBLE SUNSHINE  MM
  AVERAGE SKY COVER 0.0


WEATHER CONDITIONS
 THE FOLLOWING WEATHER WAS RECORDED YESTERDAY.
  NO SIGNIFICANT WEATHER WAS OBSERVED.


RELATIVE HUMIDITY (PERCENT)
 HIGHEST    93           600 AM
 LOWEST     33           300 PM
 AVERAGE    63

..........................................................


THE DICKINSON ND CLIMATE NORMALS FOR TODAY
                         NORMAL    RECORD    YEAR
 MAXIMUM TEMPERATURE (F)   64        93      1989
 MINIMUM TEMPERATURE (F)   37        15      1895


SUNRISE AND SUNSET
SEPTEMBER 30 2016.....SUNRISE   649 AM MDT   SUNSET   632 PM MDT
OCTOBER  1 2016.......SUNRISE   651 AM MDT   SUNSET   630 PM MDT


-  INDICATES NEGATIVE NUMBERS.
R  INDICATES RECORD WAS SET OR TIED.
MM INDICATES DATA IS MISSING.
T  INDICATES TRACE AMOUNT.




$$
