000
CDUS43 KBIS 250804
CLIDIK


CLIMATE REPORT
NATIONAL WEATHER SERVICE BISMARCK ND
259 AM CDT MON MAY 25 2015


...................................

...THE DICKINSON ND CLIMATE SUMMARY FOR MAY 24 2015...

CLIMATE NORMAL PERIOD 1981 TO 2010
CLIMATE RECORD PERIOD 1893 TO 2015


WEATHER ITEM   OBSERVED TIME   RECORD YEAR NORMAL DEPARTURE LAST
                VALUE   (LST)  VALUE       VALUE  FROM      YEAR
                                                  NORMAL
..................................................................
TEMPERATURE (F)
 YESTERDAY
  MAXIMUM         68    221 PM  92    1985  68      0       81
  MINIMUM         45    154 AM  23    1924  43      2       55
  AVERAGE         57                        56      1       68

PRECIPITATION (IN)
  YESTERDAY        T             2.67 2014   0.08  -0.08     2.67
  MONTH TO DATE    1.53                      1.73  -0.20     3.88
  SINCE MAR 1      3.03                      3.89  -0.86     5.57
  SINCE JAN 1      3.30                      4.52  -1.22     5.74

DEGREE DAYS
 HEATING
  YESTERDAY        8                        10     -2        0
  MONTH TO DATE  372                       318     54      381
  SINCE MAR 1   1839                      2086   -247     2352
  SINCE JUL 1   7954                      8380   -426     8994

 COOLING
  YESTERDAY        0                         0      0        3
  MONTH TO DATE    0                         0      0        6
  SINCE MAR 1      0                         1     -1        6
  SINCE JAN 1      0                         1     -1        6
..................................................................


WIND (MPH)
  HIGHEST WIND SPEED    16   HIGHEST WIND DIRECTION     E (100)
  HIGHEST GUST SPEED    21   HIGHEST GUST DIRECTION     E (110)
  AVERAGE WIND SPEED     7.2


SKY COVER
  POSSIBLE SUNSHINE  MM
  AVERAGE SKY COVER 0.8


WEATHER CONDITIONS
 THE FOLLOWING WEATHER WAS RECORDED YESTERDAY.
  LIGHT RAIN
  FOG


RELATIVE HUMIDITY (PERCENT)
 HIGHEST    93          1200 AM
 LOWEST     52           300 PM
 AVERAGE    73

..........................................................


THE DICKINSON ND CLIMATE NORMALS FOR TODAY
                         NORMAL    RECORD    YEAR
 MAXIMUM TEMPERATURE (F)   69        95      1931
 MINIMUM TEMPERATURE (F)   43        24      1924


SUNRISE AND SUNSET
MAY 25 2015...........SUNRISE   506 AM MDT   SUNSET   831 PM MDT
MAY 26 2015...........SUNRISE   505 AM MDT   SUNSET   832 PM MDT


-  INDICATES NEGATIVE NUMBERS.
R  INDICATES RECORD WAS SET OR TIED.
MM INDICATES DATA IS MISSING.
T  INDICATES TRACE AMOUNT.




$$
