000
CDUS43 KDLH 010627
CLIDLH


CLIMATE REPORT
NATIONAL WEATHER SERVICE DULUTH MN
125 AM CDT SAT OCT 1 2016


...................................

...THE DULUTH MN CLIMATE SUMMARY FOR SEPTEMBER 30 2016...

CLIMATE NORMAL PERIOD 1981 TO 2010
CLIMATE RECORD PERIOD 1870 TO 2016


WEATHER ITEM   OBSERVED TIME   RECORD YEAR NORMAL DEPARTURE LAST
                VALUE   (LST)  VALUE       VALUE  FROM      YEAR
                                                  NORMAL
..................................................................
TEMPERATURE (F)
 YESTERDAY
  MAXIMUM         59   1224 PM  82    1897  59      0       59
  MINIMUM         50   1036 PM  26    1972  40     10       34
  AVERAGE         55                        50      5       47

PRECIPITATION (IN)
  YESTERDAY        0.00          1.28 1879   0.12  -0.12     0.00
  MONTH TO DATE    3.52                      4.11  -0.59     6.81
  SINCE SEP 1      3.52                      4.11  -0.59     6.81
  SINCE JAN 1     27.44                     24.81   2.63    23.94

SNOWFALL (IN)
  YESTERDAY        0.0           0.7  1985   0.0    0.0      0.0
  MONTH TO DATE    0.0                       0.1   -0.1      0.0
  SINCE SEP 1      0.0                       0.1   -0.1      0.0
  SINCE JUL 1      0.0                       0.1   -0.1      0.0
  SNOW DEPTH       0

DEGREE DAYS
 HEATING
  YESTERDAY       10                        16     -6       18
  MONTH TO DATE  162                       297   -135      149
  SINCE SEP 1    162                       298   -136      149
  SINCE JUL 1    216                       447   -231      245

 COOLING
  YESTERDAY        0                         0      0        0
  MONTH TO DATE   14                        14      0       54
  SINCE SEP 1     14                        14      0       54
  SINCE JAN 1    281                       204     77      332
..................................................................


WIND (MPH)
  HIGHEST WIND SPEED    16   HIGHEST WIND DIRECTION     E (100)
  HIGHEST GUST SPEED    21   HIGHEST GUST DIRECTION     E (90)
  AVERAGE WIND SPEED     9.8


SKY COVER
  AVERAGE SKY COVER 1.0


WEATHER CONDITIONS
 THE FOLLOWING WEATHER WAS RECORDED YESTERDAY.
  FOG
  FOG W/VISIBILITY <= 1/4 MILE


RELATIVE HUMIDITY (PERCENT)
 HIGHEST   100          1200 AM
 LOWEST     80          1200 PM
 AVERAGE    90

..........................................................


THE DULUTH MN CLIMATE NORMALS FOR TODAY
                         NORMAL    RECORD    YEAR
 MAXIMUM TEMPERATURE (F)   58        80      1989
                                             1963
 MINIMUM TEMPERATURE (F)   40        20      1961


SUNRISE AND SUNSET
OCTOBER  1 2016.......SUNRISE   708 AM CDT   SUNSET   647 PM CDT
OCTOBER  2 2016.......SUNRISE   709 AM CDT   SUNSET   645 PM CDT


-  INDICATES NEGATIVE NUMBERS.
R  INDICATES RECORD WAS SET OR TIED.
MM INDICATES DATA IS MISSING.
T  INDICATES TRACE AMOUNT.




$$
