000
CDUS45 KTFX 102217
CLIDLN


CLIMATE REPORT
NATIONAL WEATHER SERVICE GREAT FALLS MT
415 PM MDT THU JUL 10 2014


...................................

...THE DILLON AIRPORT MT CLIMATE SUMMARY FOR JULY 10 2014...
VALID TODAY AS OF 0400 PM LOCAL TIME.

CLIMATE NORMAL PERIOD 1981 TO 2010
CLIMATE RECORD PERIOD 1929 TO 2014


WEATHER ITEM   OBSERVED TIME   RECORD YEAR NORMAL DEPARTURE LAST
                VALUE   (LST)  VALUE       VALUE  FROM      YEAR
                                                  NORMAL
..................................................................
TEMPERATURE (F)
 TODAY
  MAXIMUM         87    259 PM  95    1939  82      5       93
  MINIMUM         55    500 AM  39    1946  49      6       46
  AVERAGE         71                        65      6       70

PRECIPITATION (IN)
  TODAY            0.00          0.71 1970   0.04  -0.04     0.00
  MONTH TO DATE    0.00                      0.39  -0.39     0.26
  SINCE OCT 1      5.95                      7.83  -1.88     5.86
  SINCE JAN 1      5.46                      6.43  -0.97     4.84

SNOWFALL (IN)
  TODAY           MM
  SNOW DEPTH       0

DEGREE DAYS
 HEATING
  TODAY            0                         2     -2        0
  MONTH TO DATE    6                        27    -21        0
  SINCE JUN 1    256                       250      6      188
  SINCE JUL 1      6                        27    -21        0

 COOLING
  TODAY            6                         2      4        5
  MONTH TO DATE   44                        19     25       59
  SINCE JUN 1     44                        35      9       81
  SINCE JAN 1     44                        36      8       84
..................................................................


WIND (MPH)
  HIGHEST WIND SPEED    16   HIGHEST WIND DIRECTION    SW (210)
  HIGHEST GUST SPEED    21   HIGHEST GUST DIRECTION    SW (210)
  AVERAGE WIND SPEED     4.2


SKY COVER
  AVERAGE SKY COVER 0.2


WEATHER CONDITIONS
 THE FOLLOWING WEATHER WAS RECORDED TODAY.
  NO SIGNIFICANT WEATHER WAS OBSERVED.


RELATIVE HUMIDITY (PERCENT)
 HIGHEST    72
 LOWEST     14
 AVERAGE    43

..........................................................


THE DILLON AIRPORT MT CLIMATE NORMALS FOR TOMORROW
                         NORMAL    RECORD    YEAR
 MAXIMUM TEMPERATURE (F)   82        99      2002
 MINIMUM TEMPERATURE (F)   49        36      1973


SUNRISE AND SUNSET
JULY 10 2014..........SUNRISE   553 AM MDT   SUNSET   918 PM MDT
JULY 11 2014..........SUNRISE   553 AM MDT   SUNSET   918 PM MDT


-  INDICATES NEGATIVE NUMBERS.
R  INDICATES RECORD WAS SET OR TIED.
MM INDICATES DATA IS MISSING.
T  INDICATES TRACE AMOUNT.




$$
