000
CDUS45 KTFX 160744
CLIDLN


CLIMATE REPORT
NATIONAL WEATHER SERVICE GREAT FALLS MT
144 AM MDT TUE SEP 16 2014


...................................

...THE DILLON AIRPORT MT CLIMATE SUMMARY FOR SEPTEMBER 15 2014...

CLIMATE NORMAL PERIOD 1981 TO 2010
CLIMATE RECORD PERIOD 1929 TO 2014


WEATHER ITEM   OBSERVED TIME   RECORD YEAR NORMAL DEPARTURE LAST
                VALUE   (LST)  VALUE       VALUE  FROM      YEAR
                                                  NORMAL
..................................................................
TEMPERATURE (F)
 YESTERDAY
  MAXIMUM         81    340 PM  92    2000  70     11       77
  MINIMUM         36    521 AM  24    1982  40     -4       52
  AVERAGE         59                        55      4       65

PRECIPITATION (IN)
  YESTERDAY        0.00          0.28 1966   0.02  -0.02     0.00
  MONTH TO DATE    0.06                      0.45  -0.39     0.30
  SINCE OCT 1      9.42                     10.15  -0.73     8.32
  SINCE JAN 1      8.93                      8.75   0.18     7.30

SNOWFALL (IN)
  YESTERDAY       MM
  SNOW DEPTH       0

DEGREE DAYS
 HEATING
  YESTERDAY        6                               -4        0
  MONTH TO DATE  170                               55       23
  SINCE SEP 1    170                               55       23
  SINCE JUL 1    262                               11       29

 COOLING
  YESTERDAY        0                                0        0
  MONTH TO DATE    1                               -6       19
  SINCE SEP 1      1                               -6       19
  SINCE JAN 1    165                               10      247
..................................................................


WIND (MPH)
  HIGHEST WIND SPEED    21   HIGHEST WIND DIRECTION     W (260)
  HIGHEST GUST SPEED    25   HIGHEST GUST DIRECTION     W (250)
  AVERAGE WIND SPEED     6.5



WEATHER CONDITIONS
 THE FOLLOWING WEATHER WAS RECORDED YESTERDAY.
  HAZE


RELATIVE HUMIDITY (PERCENT)
 HIGHEST    76
 LOWEST     13
 AVERAGE    45

..........................................................


THE DILLON AIRPORT MT CLIMATE NORMALS FOR TODAY
                         NORMAL    RECORD    YEAR
 MAXIMUM TEMPERATURE (F)   70        87      1979
 MINIMUM TEMPERATURE (F)   40        20      1965


SUNRISE AND SUNSET
SEPTEMBER 16 2014.....SUNRISE   710 AM MDT   SUNSET   739 PM MDT
SEPTEMBER 17 2014.....SUNRISE   711 AM MDT   SUNSET   737 PM MDT


-  INDICATES NEGATIVE NUMBERS.
R  INDICATES RECORD WAS SET OR TIED.
MM INDICATES DATA IS MISSING.
T  INDICATES TRACE AMOUNT.




$$
