000
CDUS45 KTFX 270937
CLIDLN


CLIMATE REPORT
NATIONAL WEATHER SERVICE GREAT FALLS MT
337 AM MDT WED JUL 27 2016


...................................

...THE DILLON AIRPORT MT CLIMATE SUMMARY FOR JULY 26 2016...

CLIMATE NORMAL PERIOD 1981 TO 2010
CLIMATE RECORD PERIOD 1929 TO 2016


WEATHER ITEM   OBSERVED TIME   RECORD YEAR NORMAL DEPARTURE LAST
                VALUE   (LST)  VALUE       VALUE  FROM      YEAR
                                                  NORMAL
..................................................................
TEMPERATURE (F)
 YESTERDAY
  MAXIMUM         83    322 PM  95    1939  84     -1       85
  MINIMUM         49    608 AM  39    2014  50     -1       50
                                      2005
  AVERAGE         66                        67     -1       68

PRECIPITATION (IN)
  YESTERDAY        T             0.20 1990   0.04  -0.04     0.00
  MONTH TO DATE    0.85                      1.02  -0.17     0.58
  SINCE OCT 1      7.45                      8.46  -1.01     6.84
  SINCE JAN 1      5.37                      7.06  -1.69     5.68

SNOWFALL (IN)
  YESTERDAY       MM
  SNOW DEPTH       0

DEGREE DAYS
 HEATING
  YESTERDAY        0                               -1        0
  MONTH TO DATE   54                                5       21
  SINCE JUN 1    162                             -110       97
  SINCE JUL 1     54                                5       21

 COOLING
  YESTERDAY        1                               -2        3
  MONTH TO DATE   57                               -9       62
  SINCE JUN 1     98                               16      137
  SINCE JAN 1     98                               15      137
..................................................................


WIND (MPH)
  HIGHEST WIND SPEED    32   HIGHEST WIND DIRECTION    NW (310)
  HIGHEST GUST SPEED    44   HIGHEST GUST DIRECTION    NW (310)
  AVERAGE WIND SPEED     7.2


SKY COVER
  AVERAGE SKY COVER 0.0


WEATHER CONDITIONS
 THE FOLLOWING WEATHER WAS RECORDED YESTERDAY.
  THUNDERSTORM
  LIGHT RAIN
  HAZE


RELATIVE HUMIDITY (PERCENT)
 HIGHEST    71
 LOWEST     21
 AVERAGE    46

..........................................................


THE DILLON AIRPORT MT CLIMATE NORMALS FOR TODAY
                         NORMAL    RECORD    YEAR
 MAXIMUM TEMPERATURE (F)   84        95      1975
 MINIMUM TEMPERATURE (F)   50        39      1963


SUNRISE AND SUNSET
JULY 27 2016..........SUNRISE   610 AM MDT   SUNSET   903 PM MDT
JULY 28 2016..........SUNRISE   611 AM MDT   SUNSET   902 PM MDT


-  INDICATES NEGATIVE NUMBERS.
R  INDICATES RECORD WAS SET OR TIED.
MM INDICATES DATA IS MISSING.
T  INDICATES TRACE AMOUNT.




$$
