000
CDUS45 KTFX 010901
CLIDLN


CLIMATE REPORT
NATIONAL WEATHER SERVICE GREAT FALLS MT
159 AM MST SUN FEB 1 2015


...................................

...THE DILLON AIRPORT MT CLIMATE SUMMARY FOR JANUARY 31 2015...

CLIMATE NORMAL PERIOD 1981 TO 2010
CLIMATE RECORD PERIOD 1929 TO 2015


WEATHER ITEM   OBSERVED TIME   RECORD YEAR NORMAL DEPARTURE LAST
                VALUE   (LST)  VALUE       VALUE  FROM      YEAR
                                                  NORMAL
..................................................................
TEMPERATURE (F)
 YESTERDAY
  MAXIMUM         44    313 PM  57    1971  34     10       34
  MINIMUM         14   1159 PM -27    1951  14      0        2
  AVERAGE         29                        24      5       18

PRECIPITATION (IN)
  YESTERDAY        0.00          0.50 1972   0.01  -0.01     0.00
  MONTH TO DATE    T                         0.28  -0.28     0.02
  SINCE OCT 1      1.16                      1.68  -0.52     0.51
  SINCE JAN 1      T                         0.28  -0.28     0.02

SNOWFALL (IN)
  YESTERDAY       MM
  SNOW DEPTH       0

DEGREE DAYS
 HEATING
  YESTERDAY       36                               -5       47
  MONTH TO DATE 1073                             -238     1103
  SINCE DEC 1   2264                             -416     2504
  SINCE JUL 1   4238                             -593     4433

 COOLING
  YESTERDAY        0                                0        0
  MONTH TO DATE    0                                0        0
  SINCE DEC 1      0                                0        0
  SINCE JAN 1      0                                0        0
..................................................................


WIND (MPH)
  HIGHEST WIND SPEED    18   HIGHEST WIND DIRECTION    NE (50)
  HIGHEST GUST SPEED    22   HIGHEST GUST DIRECTION    NE (50)
  AVERAGE WIND SPEED     9.0


SKY COVER
  AVERAGE SKY COVER 0.0


WEATHER CONDITIONS
 THE FOLLOWING WEATHER WAS RECORDED YESTERDAY.
  NO SIGNIFICANT WEATHER WAS OBSERVED.


RELATIVE HUMIDITY (PERCENT)
 HIGHEST    80
 LOWEST     33
 AVERAGE    57

..........................................................


THE DILLON AIRPORT MT CLIMATE NORMALS FOR TODAY
                         NORMAL    RECORD    YEAR
 MAXIMUM TEMPERATURE (F)   34        54      1992
 MINIMUM TEMPERATURE (F)   14       -25      1989


SUNRISE AND SUNSET
FEBRUARY  1 2015......SUNRISE   751 AM MST   SUNSET   537 PM MST
FEBRUARY  2 2015......SUNRISE   750 AM MST   SUNSET   539 PM MST


-  INDICATES NEGATIVE NUMBERS.
R  INDICATES RECORD WAS SET OR TIED.
MM INDICATES DATA IS MISSING.
T  INDICATES TRACE AMOUNT.




$$
