000
CDUS45 KTFX 231055
CLIDLN


CLIMATE REPORT
NATIONAL WEATHER SERVICE GREAT FALLS MT
455 AM MDT WED JUL 23 2014


...................................

...THE DILLON AIRPORT MT CLIMATE SUMMARY FOR JULY 22 2014...

CLIMATE NORMAL PERIOD 1981 TO 2010
CLIMATE RECORD PERIOD 1929 TO 2014


WEATHER ITEM   OBSERVED TIME   RECORD YEAR NORMAL DEPARTURE LAST
                VALUE   (LST)  VALUE       VALUE  FROM      YEAR
                                                  NORMAL
..................................................................
TEMPERATURE (F)
 YESTERDAY
  MAXIMUM         86    505 PM  98    2006  84      2       87
  MINIMUM         54    602 AM  37    1954  50      4       46
  AVERAGE         70                        67      3       67

PRECIPITATION (IN)
  YESTERDAY        T             1.35 2008   0.04  -0.04     0.00
  MONTH TO DATE    0.63                      0.87  -0.24     0.83
  SINCE OCT 1      6.58                      8.31  -1.73     6.43
  SINCE JAN 1      6.09                      6.91  -0.82     5.41

SNOWFALL (IN)
  YESTERDAY       MM
  SNOW DEPTH       0

DEGREE DAYS
 HEATING
  YESTERDAY        0                               -1        0
  MONTH TO DATE    7                              -38        0
  SINCE JUN 1    257                              -11      188
  SINCE JUL 1      7                              -38        0

 COOLING
  YESTERDAY        5                                2        2
  MONTH TO DATE   90                               36      102
  SINCE JUN 1     90                               20      124
  SINCE JAN 1     90                               19      127
..................................................................


WIND (MPH)
  HIGHEST WIND SPEED    22   HIGHEST WIND DIRECTION     S (190)
  HIGHEST GUST SPEED    29   HIGHEST GUST DIRECTION     S (170)
  AVERAGE WIND SPEED     5.8



WEATHER CONDITIONS
 THE FOLLOWING WEATHER WAS RECORDED YESTERDAY.
  THUNDERSTORM


RELATIVE HUMIDITY (PERCENT)
 HIGHEST    86
 LOWEST     26
 AVERAGE    56

..........................................................


THE DILLON AIRPORT MT CLIMATE NORMALS FOR TODAY
                         NORMAL    RECORD    YEAR
 MAXIMUM TEMPERATURE (F)   84        99      2003
 MINIMUM TEMPERATURE (F)   50        39      2011


SUNRISE AND SUNSET
JULY 23 2014..........SUNRISE   605 AM MDT   SUNSET   908 PM MDT
JULY 24 2014..........SUNRISE   606 AM MDT   SUNSET   907 PM MDT


-  INDICATES NEGATIVE NUMBERS.
R  INDICATES RECORD WAS SET OR TIED.
MM INDICATES DATA IS MISSING.
T  INDICATES TRACE AMOUNT.




$$
