000
CDUS45 KTFX 010831
CLIDLN


CLIMATE REPORT
NATIONAL WEATHER SERVICE GREAT FALLS MT
229 AM MDT TUE SEP 1 2015


...................................

...THE DILLON AIRPORT MT CLIMATE SUMMARY FOR AUGUST 31 2015...

CLIMATE NORMAL PERIOD 1981 TO 2010
CLIMATE RECORD PERIOD 1929 TO 2015


WEATHER ITEM   OBSERVED TIME   RECORD YEAR NORMAL DEPARTURE LAST
                VALUE   (LST)  VALUE       VALUE  FROM      YEAR
                                                  NORMAL
..................................................................
TEMPERATURE (F)
 YESTERDAY
  MAXIMUM         78    457 PM  96    1955  77      1       68
  MINIMUM         45    611 AM  30    2006  45      0       48
                                      1977
  AVERAGE         62                        61      1       58

PRECIPITATION (IN)
  YESTERDAY        0.00          0.61 1984   0.04  -0.04     0.01
  MONTH TO DATE    0.30                      1.05  -0.75     2.78
  SINCE OCT 1      7.87                      9.70  -1.83     9.36
  SINCE JAN 1      6.71                      8.30  -1.59     8.87

SNOWFALL (IN)
  YESTERDAY       MM
  SNOW DEPTH       0

DEGREE DAYS
 HEATING
  YESTERDAY        3                               -2        7
  MONTH TO DATE   57                              -24       76
  SINCE JUN 1    182                             -177      342
  SINCE JUL 1    106                              -30       92

 COOLING
  YESTERDAY        0                               -1        0
  MONTH TO DATE   96                               42       52
  SINCE JUN 1    239                               92      164
  SINCE JAN 1    239                               91      164
..................................................................


WIND (MPH)
  HIGHEST WIND SPEED    22   HIGHEST WIND DIRECTION     S (200)
  HIGHEST GUST SPEED    28   HIGHEST GUST DIRECTION    SW (210)
  AVERAGE WIND SPEED    10.0


SKY COVER
  AVERAGE SKY COVER 0.0


WEATHER CONDITIONS
 THE FOLLOWING WEATHER WAS RECORDED YESTERDAY.
  NO SIGNIFICANT WEATHER WAS OBSERVED.


RELATIVE HUMIDITY (PERCENT)
 HIGHEST    65
 LOWEST     17
 AVERAGE    41

..........................................................


THE DILLON AIRPORT MT CLIMATE NORMALS FOR TODAY
                         NORMAL    RECORD    YEAR
 MAXIMUM TEMPERATURE (F)   77        92      1967
 MINIMUM TEMPERATURE (F)   44        32      2006


SUNRISE AND SUNSET
SEPTEMBER  1 2015.....SUNRISE   652 AM MDT   SUNSET   808 PM MDT
SEPTEMBER  2 2015.....SUNRISE   653 AM MDT   SUNSET   806 PM MDT


-  INDICATES NEGATIVE NUMBERS.
R  INDICATES RECORD WAS SET OR TIED.
MM INDICATES DATA IS MISSING.
T  INDICATES TRACE AMOUNT.




$$
