000
CDUS45 KTFX 240746
CLIDLN


CLIMATE REPORT
NATIONAL WEATHER SERVICE GREAT FALLS MT
146 AM MDT MON JUL 24 2017


...................................

...THE DILLON AIRPORT MT CLIMATE SUMMARY FOR JULY 23 2017...

CLIMATE NORMAL PERIOD 1981 TO 2010
CLIMATE RECORD PERIOD 1929 TO 2017


WEATHER ITEM   OBSERVED TIME   RECORD YEAR NORMAL DEPARTURE LAST
                VALUE   (LST)  VALUE       VALUE  FROM      YEAR
                                                  NORMAL
..................................................................
TEMPERATURE (F)
 YESTERDAY
  MAXIMUM         93    306 PM  99    2003  84      9       82
  MINIMUM         47    341 AM  39    2011  50     -3       49
  AVERAGE         70                        67      3       66

PRECIPITATION (IN)
  YESTERDAY        0.00          0.28 2002   0.04  -0.04     0.00
  MONTH TO DATE    0.05                      0.91  -0.86     0.85
  SINCE OCT 1      8.19                      8.35  -0.16     7.45
  SINCE JAN 1      5.65                      6.95  -1.30     5.37

SNOWFALL (IN)
  YESTERDAY       MM
  SNOW DEPTH       0

DEGREE DAYS
 HEATING
  YESTERDAY        0                               -1        0
  MONTH TO DATE    0                              -46       54
  SINCE JUN 1    180                              -89      162
  SINCE JUL 1      0                              -46       54

 COOLING
  YESTERDAY        5                                2        1
  MONTH TO DATE  135                               78       50
  SINCE JUN 1    157                               84       91
  SINCE JAN 1    157                               83       91
..................................................................


WIND (MPH)
  HIGHEST WIND SPEED    14   HIGHEST WIND DIRECTION     S (160)
  HIGHEST GUST SPEED    19   HIGHEST GUST DIRECTION     S (190)
  AVERAGE WIND SPEED     6.9


SKY COVER
  AVERAGE SKY COVER 0.0


WEATHER CONDITIONS
 THE FOLLOWING WEATHER WAS RECORDED YESTERDAY.
  NO SIGNIFICANT WEATHER WAS OBSERVED.


RELATIVE HUMIDITY (PERCENT)
 HIGHEST    61
 LOWEST     17
 AVERAGE    39

..........................................................


THE DILLON AIRPORT MT CLIMATE NORMALS FOR TODAY
                         NORMAL    RECORD    YEAR
 MAXIMUM TEMPERATURE (F)   84        95      1978
 MINIMUM TEMPERATURE (F)   50        41      1950


SUNRISE AND SUNSET
JULY 24 2017..........SUNRISE   606 AM MDT   SUNSET   906 PM MDT
JULY 25 2017..........SUNRISE   607 AM MDT   SUNSET   905 PM MDT


-  INDICATES NEGATIVE NUMBERS.
R  INDICATES RECORD WAS SET OR TIED.
MM INDICATES DATA IS MISSING.
T  INDICATES TRACE AMOUNT.




$$
