000
CDUS45 KTFX 241052
CLIDLN


CLIMATE REPORT
NATIONAL WEATHER SERVICE GREAT FALLS MT
352 AM MST MON NOV 24 2014


...................................

...THE DILLON AIRPORT MT CLIMATE SUMMARY FOR NOVEMBER 23 2014...

CLIMATE NORMAL PERIOD 1981 TO 2010
CLIMATE RECORD PERIOD 1929 TO 2014


WEATHER ITEM   OBSERVED TIME   RECORD YEAR NORMAL DEPARTURE LAST
                VALUE   (LST)  VALUE       VALUE  FROM      YEAR
                                                  NORMAL
..................................................................
TEMPERATURE (F)
 YESTERDAY
  MAXIMUM         38    130 PM  63    1954  37      1       38
  MINIMUM         24    205 AM -21    1985  17      7       10
  AVERAGE         31                        27      4       24

PRECIPITATION (IN)
  YESTERDAY        T             0.36 1988   0.01  -0.01     0.00
  MONTH TO DATE    0.17                      0.30  -0.13     0.08
  SINCE OCT 1      0.43                      1.06  -0.63     0.35
  SINCE JAN 1     10.16                     10.23  -0.07     9.81

SNOWFALL (IN)
  YESTERDAY       MM
  SNOW DEPTH       0

DEGREE DAYS
 HEATING
  YESTERDAY       34                               -4       41
  MONTH TO DATE  875                              122      710
  SINCE SEP 1   1618                             -115     1709
  SINCE JUL 1   1710                             -159     1715

 COOLING
  YESTERDAY        0                                0        0
  MONTH TO DATE    0                                0        0
  SINCE SEP 1      6                               -2       19
  SINCE JAN 1    170                               14      247
..................................................................


WIND (MPH)
  HIGHEST WIND SPEED    30   HIGHEST WIND DIRECTION    SW (230)
  HIGHEST GUST SPEED    36   HIGHEST GUST DIRECTION    SW (230)
  AVERAGE WIND SPEED    13.8



WEATHER CONDITIONS
 THE FOLLOWING WEATHER WAS RECORDED YESTERDAY.
  NO SIGNIFICANT WEATHER WAS OBSERVED.


RELATIVE HUMIDITY (PERCENT)
 HIGHEST    84
 LOWEST     35
 AVERAGE    60

..........................................................


THE DILLON AIRPORT MT CLIMATE NORMALS FOR TODAY
                         NORMAL    RECORD    YEAR
 MAXIMUM TEMPERATURE (F)   36        63      1990
 MINIMUM TEMPERATURE (F)   16       -22      2010


SUNRISE AND SUNSET
NOVEMBER 24 2014......SUNRISE   741 AM MST   SUNSET   453 PM MST
NOVEMBER 25 2014......SUNRISE   742 AM MST   SUNSET   452 PM MST


-  INDICATES NEGATIVE NUMBERS.
R  INDICATES RECORD WAS SET OR TIED.
MM INDICATES DATA IS MISSING.
T  INDICATES TRACE AMOUNT.




$$
