000
CDUS45 KTFX 062230
CLIDLN


CLIMATE REPORT
NATIONAL WEATHER SERVICE GREAT FALLS MT
430 PM MDT FRI MAY 6 2016


...................................

...THE DILLON AIRPORT MT CLIMATE SUMMARY FOR MAY 6 2016...
VALID TODAY AS OF 0400 PM LOCAL TIME.

CLIMATE NORMAL PERIOD 1981 TO 2010
CLIMATE RECORD PERIOD 1929 TO 2016


WEATHER ITEM   OBSERVED TIME   RECORD YEAR NORMAL DEPARTURE LAST
                VALUE   (LST)  VALUE       VALUE  FROM      YEAR
                                                  NORMAL
..................................................................
TEMPERATURE (F)
 TODAY
  MAXIMUM         63    224 PM  86    1992  61      2       59
  MINIMUM         49    511 AM  19    1968  34     15       39
  AVERAGE         56                        48      8       49

PRECIPITATION (IN)
  TODAY            0.00          0.69 1965   0.05  -0.05     0.14
  MONTH TO DATE    0.00                      0.26  -0.26     0.22
  SINCE OCT 1      3.80                      3.78   0.02     2.91
  SINCE JAN 1      1.72                      2.38  -0.66     1.75

DEGREE DAYS
 HEATING
  TODAY            9                        17     -8       16
  MONTH TO DATE   62                       108    -46       64
  SINCE MAR 1   1467                      1760   -293     1453
  SINCE JUL 1   6967                      7677   -710     6565

 COOLING
  TODAY            0                         0      0        0
  MONTH TO DATE    0                         0      0        0
  SINCE MAR 1      0                         0      0        0
  SINCE JAN 1      0                         0      0        0
..................................................................


WIND (MPH)
  HIGHEST WIND SPEED    28   HIGHEST WIND DIRECTION     N (10)
  HIGHEST GUST SPEED    33   HIGHEST GUST DIRECTION    NE (40)
  AVERAGE WIND SPEED    17.5


SKY COVER
  AVERAGE SKY COVER 0.5


WEATHER CONDITIONS
 THE FOLLOWING WEATHER WAS RECORDED TODAY.
  NO SIGNIFICANT WEATHER WAS OBSERVED.


RELATIVE HUMIDITY (PERCENT)
 HIGHEST    66
 LOWEST     43
 AVERAGE    55

..........................................................


THE DILLON AIRPORT MT CLIMATE NORMALS FOR TOMORROW
                         NORMAL    RECORD    YEAR
 MAXIMUM TEMPERATURE (F)   62        84      1987
 MINIMUM TEMPERATURE (F)   35        22      1965


SUNRISE AND SUNSET
MAY  6 2016...........SUNRISE   611 AM MDT   SUNSET   843 PM MDT
MAY  7 2016...........SUNRISE   610 AM MDT   SUNSET   845 PM MDT


-  INDICATES NEGATIVE NUMBERS.
R  INDICATES RECORD WAS SET OR TIED.
MM INDICATES DATA IS MISSING.
T  INDICATES TRACE AMOUNT.




$$
