000
CDUS45 KTFX 240727
CLIDLN


CLIMATE REPORT
NATIONAL WEATHER SERVICE GREAT FALLS MT
126 AM MDT SUN SEP 24 2017


...................................

...THE DILLON AIRPORT MT CLIMATE SUMMARY FOR SEPTEMBER 23 2017...

CLIMATE NORMAL PERIOD 1981 TO 2010
CLIMATE RECORD PERIOD 1929 TO 2017


WEATHER ITEM   OBSERVED TIME   RECORD YEAR NORMAL DEPARTURE LAST
                VALUE   (LST)  VALUE       VALUE  FROM      YEAR
                                                  NORMAL
..................................................................
TEMPERATURE (F)
 YESTERDAY
  MAXIMUM         50    113 PM  88    1987  67    -17       52
  MINIMUM         33    303 AM  22    2000  37     -4       44
  AVERAGE         42                        52    -10       48

PRECIPITATION (IN)
  YESTERDAY        0.00          0.83 1941   0.03  -0.03     0.17
  MONTH TO DATE    2.12                      0.68   1.44     1.48
  SINCE OCT 1     11.11                     10.38   0.73     9.09
  SINCE JAN 1      8.57                      8.98  -0.41     7.01

SNOWFALL (IN)
  YESTERDAY       MM
  SNOW DEPTH       0

DEGREE DAYS
 HEATING
  YESTERDAY       23                               10       17
  MONTH TO DATE  242                               33      258
  SINCE SEP 1    242                               33      258
  SINCE JUL 1    256                              -89      384

 COOLING
  YESTERDAY        0                                0        0
  MONTH TO DATE   28                               21        8
  SINCE SEP 1     28                               21        8
  SINCE JAN 1    290                              135      168
..................................................................


WIND (MPH)
  HIGHEST WIND SPEED    14   HIGHEST WIND DIRECTION    NE (40)
  HIGHEST GUST SPEED    17   HIGHEST GUST DIRECTION    NE (40)
  AVERAGE WIND SPEED     2.9


SKY COVER
  AVERAGE SKY COVER 0.9


WEATHER CONDITIONS
 THE FOLLOWING WEATHER WAS RECORDED YESTERDAY.
  NO SIGNIFICANT WEATHER WAS OBSERVED.


RELATIVE HUMIDITY (PERCENT)
 HIGHEST    89
 LOWEST     46
 AVERAGE    68

..........................................................


THE DILLON AIRPORT MT CLIMATE NORMALS FOR TODAY
                         NORMAL    RECORD    YEAR
 MAXIMUM TEMPERATURE (F)   66        87      2001
 MINIMUM TEMPERATURE (F)   37        18      2000


SUNRISE AND SUNSET
SEPTEMBER 24 2017.....SUNRISE   720 AM MDT   SUNSET   723 PM MDT
SEPTEMBER 25 2017.....SUNRISE   721 AM MDT   SUNSET   721 PM MDT


-  INDICATES NEGATIVE NUMBERS.
R  INDICATES RECORD WAS SET OR TIED.
MM INDICATES DATA IS MISSING.
T  INDICATES TRACE AMOUNT.




$$
