000
CDUS41 KLWX 280525
CLIDMH


CLIMATE REPORT
NATIONAL WEATHER SERVICE BALTIMORE MD/WASHINGTON DC
125 AM EDT THU APR 28 2016


...................................

...THE BALTIMORE INNER HARBOR MD CLIMATE SUMMARY FOR APRIL 27 2016...

CLIMATE NORMAL PERIOD 1981 TO 2010
CLIMATE RECORD PERIOD 9999 TO 9999


WEATHER ITEM   OBSERVED TIME   RECORD YEAR NORMAL DEPARTURE LAST
                VALUE   (LST)  VALUE       VALUE  FROM      YEAR
                                                  NORMAL
..................................................................
TEMPERATURE (F)
 YESTERDAY
  MAXIMUM         67   1207 AM  MM      MM  70     -3       59
  MINIMUM         53   1039 AM  MM      MM  51      2       50
  AVERAGE         60                        60      0       55

PRECIPITATION (IN)
  YESTERDAY        0.00         MM      MM   0.10  -0.10     0.00
  MONTH TO DATE    1.47                      2.91  -1.44     2.95
  SINCE MAR 1      3.65                      6.77  -3.12     7.39
  SINCE JAN 1     12.25                     12.29  -0.04    13.21

DEGREE DAYS
 HEATING
  YESTERDAY        5                         6     -1       10
  MONTH TO DATE  248                       261    -13      220
  SINCE MAR 1    634                       840   -206      829
  SINCE JUL 1   3250                      3928   -678     4343

 COOLING
  YESTERDAY        0                         1     -1        0
  MONTH TO DATE   29                        20      9        8
  SINCE MAR 1     35                        21     14        8
  SINCE JAN 1     35                        21     14        8
..................................................................


WIND (MPH)
  HIGHEST WIND SPEED    MM   HIGHEST WIND DIRECTION    MM
  HIGHEST GUST SPEED    MM   HIGHEST GUST DIRECTION    MM
  AVERAGE WIND SPEED    MM


SKY COVER
  POSSIBLE SUNSHINE  MM



RELATIVE HUMIDITY (PERCENT)
 HIGHEST    84           200 AM
 LOWEST     67           500 PM
 AVERAGE    76

..........................................................


THE BALTIMORE INNER HARBOR MD CLIMATE NORMALS FOR TODAY
                         NORMAL
 MAXIMUM TEMPERATURE (F)   70
 MINIMUM TEMPERATURE (F)   51


SUNRISE AND SUNSET
APRIL 28 2016.........SUNRISE   611 AM EDT   SUNSET   757 PM EDT
APRIL 29 2016.........SUNRISE   610 AM EDT   SUNSET   758 PM EDT


-  INDICATES NEGATIVE NUMBERS.
R  INDICATES RECORD WAS SET OR TIED.
MM INDICATES DATA IS MISSING.
T  INDICATES TRACE AMOUNT.




$$
