000
CDUS41 KLWX 190522
CLIDMH


CLIMATE REPORT
NATIONAL WEATHER SERVICE BALTIMORE MD/WASHINGTON DC
121 AM EDT SAT APR 19 2014


...................................

...THE BALTIMORE INNER HARBOR MD CLIMATE SUMMARY FOR APRIL 18 2014...

CLIMATE NORMAL PERIOD 1981 TO 2010
CLIMATE RECORD PERIOD 9999 TO 9999


WEATHER ITEM   OBSERVED TIME   RECORD YEAR NORMAL DEPARTURE LAST
                VALUE   (LST)  VALUE       VALUE  FROM      YEAR
                                                  NORMAL
..................................................................
TEMPERATURE (F)
 YESTERDAY
  MAXIMUM         51        MM  MM      MM  67    -16       76
  MINIMUM         39        MM  MM      MM  48     -9       61
  AVERAGE         45                        57    -12       69

PRECIPITATION (IN)
  YESTERDAY        0.00         MM      MM   0.10  -0.10     0.07
  MONTH TO DATE    2.80                      2.01   0.79     0.87
  SINCE MAR 1      7.00                      5.87   1.13     3.14
  SINCE JAN 1     13.33                     11.39   1.94     8.99

DEGREE DAYS
 HEATING
  YESTERDAY       20                         8     12        0
  MONTH TO DATE  187                       198    -11      121
  SINCE MAR 1    921                       777    144      717
  SINCE JUL 1   3991                      3865    126     3268

 COOLING
  YESTERDAY        0                         1     -1        4
  MONTH TO DATE   14                        11      3       48
  SINCE MAR 1     14                        12      2       48
  SINCE JAN 1     14                        12      2       48
..................................................................


WIND (MPH)
  HIGHEST WIND SPEED    MM   HIGHEST WIND DIRECTION    MM
  HIGHEST GUST SPEED    MM   HIGHEST GUST DIRECTION    MM
  AVERAGE WIND SPEED    MM


SKY COVER
  POSSIBLE SUNSHINE  MM



RELATIVE HUMIDITY (PERCENT)
 HIGHEST    70           300 AM
 LOWEST     48           400 PM
 AVERAGE    59

..........................................................


THE BALTIMORE INNER HARBOR MD CLIMATE NORMALS FOR TODAY
                         NORMAL
 MAXIMUM TEMPERATURE (F)   67
 MINIMUM TEMPERATURE (F)   49


SUNRISE AND SUNSET
APRIL 19 2014.........SUNRISE   624 AM EDT   SUNSET   748 PM EDT
APRIL 20 2014.........SUNRISE   622 AM EDT   SUNSET   749 PM EDT


-  INDICATES NEGATIVE NUMBERS.
R  INDICATES RECORD WAS SET OR TIED.
MM INDICATES DATA IS MISSING.
T  INDICATES TRACE AMOUNT.




$$
