000
CDUS41 KLWX 310521
CLIDMH


CLIMATE REPORT
NATIONAL WEATHER SERVICE BALTIMORE MD/WASHINGTON DC
121 AM EDT THU JUL 31 2014


...................................

...THE BALTIMORE INNER HARBOR MD CLIMATE SUMMARY FOR JULY 30 2014...

CLIMATE NORMAL PERIOD 1981 TO 2010
CLIMATE RECORD PERIOD 9999 TO 9999


WEATHER ITEM   OBSERVED TIME   RECORD YEAR NORMAL DEPARTURE LAST
                VALUE   (LST)  VALUE       VALUE  FROM      YEAR
                                                  NORMAL
..................................................................
TEMPERATURE (F)
 YESTERDAY
  MAXIMUM         81    409 PM  MM      MM  88     -7       86
  MINIMUM         61    528 AM  MM      MM  72    -11       71
  AVERAGE         71                        80     -9       79

PRECIPITATION (IN)
  YESTERDAY        0.00         MM      MM   0.14  -0.14     0.00
  MONTH TO DATE    3.44                      4.48  -1.04     3.47
  SINCE JUN 1     10.21                      7.75   2.46    12.15
  SINCE JAN 1     33.26                     23.84   9.42    26.31

DEGREE DAYS
 HEATING
  YESTERDAY        0                         0      0        0
  MONTH TO DATE    0                         0      0        0
  SINCE JUN 1      0                         5     -5        0
  SINCE JUL 1      0                         0      0        0

 COOLING
  YESTERDAY        6                        15     -9       14
  MONTH TO DATE  410                       473    -63      564
  SINCE JUN 1    738                       810    -72      984
  SINCE JAN 1    868                       949    -81     1214
..................................................................


WIND (MPH)
  HIGHEST WIND SPEED    MM   HIGHEST WIND DIRECTION    MM
  HIGHEST GUST SPEED    MM   HIGHEST GUST DIRECTION    MM
  AVERAGE WIND SPEED    MM


SKY COVER
  POSSIBLE SUNSHINE  MM



RELATIVE HUMIDITY (PERCENT)
 HIGHEST    67           400 AM
 LOWEST     33           300 PM
 AVERAGE    50

..........................................................


THE BALTIMORE INNER HARBOR MD CLIMATE NORMALS FOR TODAY
                         NORMAL
 MAXIMUM TEMPERATURE (F)   88
 MINIMUM TEMPERATURE (F)   72


SUNRISE AND SUNSET
JULY 31 2014..........SUNRISE   606 AM EDT   SUNSET   819 PM EDT
AUGUST  1 2014........SUNRISE   607 AM EDT   SUNSET   818 PM EDT


-  INDICATES NEGATIVE NUMBERS.
R  INDICATES RECORD WAS SET OR TIED.
MM INDICATES DATA IS MISSING.
T  INDICATES TRACE AMOUNT.




$$
