000
CDUS41 KLWX 280528
CLIDMH


CLIMATE REPORT
NATIONAL WEATHER SERVICE BALTIMORE MD/WASHINGTON DC
1228 AM EST FRI NOV 28 2014


...................................

...THE BALTIMORE INNER HARBOR MD CLIMATE SUMMARY FOR NOVEMBER 27 2014...

CLIMATE NORMAL PERIOD 1981 TO 2010
CLIMATE RECORD PERIOD 9999 TO 9999


WEATHER ITEM   OBSERVED TIME   RECORD YEAR NORMAL DEPARTURE LAST
                VALUE   (LST)  VALUE       VALUE  FROM      YEAR
                                                  NORMAL
..................................................................
TEMPERATURE (F)
 YESTERDAY
  MAXIMUM         43    204 PM  MM      MM  53    -10       53
  MINIMUM         34    457 AM  MM      MM  39     -5       34
  AVERAGE         39                        46     -7       44

PRECIPITATION (IN)
  YESTERDAY        0.00         MM      MM   0.10  -0.10     0.66
  MONTH TO DATE    3.40                      2.63   0.77     2.62
  SINCE SEP 1      9.91                      9.77   0.14     8.98
  SINCE JAN 1     49.52                     37.14  12.38    36.96

DEGREE DAYS
 HEATING
  YESTERDAY       26                        19      7       21
  MONTH TO DATE  513                       383    130      414
  SINCE SEP 1    664                       592     72      541
  SINCE JUL 1    664                       592     72      541

 COOLING
  YESTERDAY        0                         0      0        0
  MONTH TO DATE    0                         0      0        4
  SINCE SEP 1    238                       268    -30      349
  SINCE JAN 1   1456                      1664   -208     2023
..................................................................


WIND (MPH)
  HIGHEST WIND SPEED    MM   HIGHEST WIND DIRECTION    MM
  HIGHEST GUST SPEED    MM   HIGHEST GUST DIRECTION    MM
  AVERAGE WIND SPEED    MM


SKY COVER
  POSSIBLE SUNSHINE  MM



RELATIVE HUMIDITY (PERCENT)
 HIGHEST    96           500 AM
 LOWEST     53           200 PM
 AVERAGE    75

..........................................................


THE BALTIMORE INNER HARBOR MD CLIMATE NORMALS FOR TODAY
                         NORMAL
 MAXIMUM TEMPERATURE (F)   53
 MINIMUM TEMPERATURE (F)   39


SUNRISE AND SUNSET
NOVEMBER 28 2014......SUNRISE   704 AM EST   SUNSET   445 PM EST
NOVEMBER 29 2014......SUNRISE   705 AM EST   SUNSET   444 PM EST


-  INDICATES NEGATIVE NUMBERS.
R  INDICATES RECORD WAS SET OR TIED.
MM INDICATES DATA IS MISSING.
T  INDICATES TRACE AMOUNT.




$$
