000
CDUS45 KEPZ 180942
CLIDMN


CLIMATE REPORT
NATIONAL WEATHER SERVICE EL PASO, TX
240 AM MST MON DEC 18 2017


...................................

...THE DEMING CLIMATE SUMMARY FOR DECEMBER 17 2017...

CLIMATE NORMAL PERIOD 1981 TO 2010
CLIMATE RECORD PERIOD 2000 TO 2017


WEATHER ITEM   OBSERVED TIME   NORMAL DEPARTURE LAST
                VALUE   (LST)  VALUE  FROM      YEAR
                                      NORMAL
......................................................
TEMPERATURE (F)
 YESTERDAY
  MAXIMUM         47    406 PM  56              58
  MINIMUM         33    305 AM  26              33
  AVERAGE         40            41     -1       46

PRECIPITATION (IN)
  YESTERDAY        0.18          0.02   0.16     0.03
  MONTH TO DATE    0.18          0.50  -0.32     0.29
  SINCE DEC 1      0.18          0.50  -0.32     0.29
  SINCE JAN 1      9.87         11.16  -1.29     6.52

......................................................


WIND (MPH)
  HIGHEST WIND SPEED    21   HIGHEST WIND DIRECTION     W (260)
  HIGHEST GUST SPEED    28   HIGHEST GUST DIRECTION     W (250)
  AVERAGE WIND SPEED     6.5


SKY COVER
  AVERAGE SKY COVER 0.6


WEATHER CONDITIONS
 THE FOLLOWING WEATHER WAS RECORDED YESTERDAY.
  LIGHT RAIN
  FOG


RELATIVE HUMIDITY (PERCENT)
 HIGHEST   100           900 PM
 LOWEST     40          1200 AM
 AVERAGE    70

..........................................................


THE DEMING CLIMATE NORMALS FOR TODAY
                         NORMAL
 MAXIMUM TEMPERATURE (F)   56
 MINIMUM TEMPERATURE (F)   26


SUNRISE AND SUNSET
DECEMBER 18 2017......SUNRISE   706 AM MST   SUNSET   509 PM MST
DECEMBER 19 2017......SUNRISE   707 AM MST   SUNSET   509 PM MST


-  INDICATES NEGATIVE NUMBERS.
R  INDICATES RECORD WAS SET OR TIED.
MM INDICATES DATA IS MISSING.
T  INDICATES TRACE AMOUNT.




$$
