000
CDUS45 KEPZ 120926
CLIDMN


CLIMATE REPORT
NATIONAL WEATHER SERVICE EL PASO, TX
325 AM MDT SAT JUL 12 2014


...................................

...THE DEMING CLIMATE SUMMARY FOR JULY 11 2014...

CLIMATE NORMAL PERIOD 1981 TO 2010
CLIMATE RECORD PERIOD 2000 TO 2014


WEATHER ITEM   OBSERVED TIME   NORMAL DEPARTURE LAST
                VALUE   (LST)  VALUE  FROM      YEAR
                                      NORMAL
......................................................
TEMPERATURE (F)
 YESTERDAY
  MAXIMUM         96    138 PM  96              96
  MINIMUM         66    630 AM  66              70
  AVERAGE         81            81      0       83

PRECIPITATION (IN)
  YESTERDAY        0.32          0.07   0.25     0.18
  MONTH TO DATE    0.59          0.66  -0.07     0.45
  SINCE JUN 1      0.62          1.36  -0.74     0.45
  SINCE JAN 1      1.19          3.77  -2.58     0.96

......................................................


WIND (MPH)
  HIGHEST WIND SPEED    25   HIGHEST WIND DIRECTION    NW (330)
  HIGHEST GUST SPEED    37   HIGHEST GUST DIRECTION     W (270)
  AVERAGE WIND SPEED     8.2


SKY COVER
  AVERAGE SKY COVER 0.4


WEATHER CONDITIONS
 THE FOLLOWING WEATHER WAS RECORDED YESTERDAY.
  THUNDERSTORM
  HEAVY RAIN
  RAIN
  LIGHT RAIN
  HAZE


RELATIVE HUMIDITY (PERCENT)
 HIGHEST    73           500 AM
 LOWEST     23           100 PM
 AVERAGE    48

..........................................................


THE DEMING CLIMATE NORMALS FOR TODAY
                         NORMAL
 MAXIMUM TEMPERATURE (F)   96
 MINIMUM TEMPERATURE (F)   66


SUNRISE AND SUNSET
JULY 12 2014..........SUNRISE   613 AM MDT   SUNSET   819 PM MDT
JULY 13 2014..........SUNRISE   614 AM MDT   SUNSET   819 PM MDT


-  INDICATES NEGATIVE NUMBERS.
R  INDICATES RECORD WAS SET OR TIED.
MM INDICATES DATA IS MISSING.
T  INDICATES TRACE AMOUNT.




$$
