000
CDUS45 KEPZ 260926
CLIDMN


CLIMATE REPORT
NATIONAL WEATHER SERVICE EL PASO, TX
326 AM MDT TUE MAY 26 2015


...................................

...THE DEMING CLIMATE SUMMARY FOR MAY 25 2015...

CLIMATE NORMAL PERIOD 1981 TO 2010
CLIMATE RECORD PERIOD 2000 TO 2015


WEATHER ITEM   OBSERVED TIME   NORMAL DEPARTURE LAST
                VALUE   (LST)  VALUE  FROM      YEAR
                                      NORMAL
......................................................
TEMPERATURE (F)
 YESTERDAY
  MAXIMUM         82    357 PM  90              80
  MINIMUM         45    520 AM  54              45
  AVERAGE         64            72     -8       63

PRECIPITATION (IN)
  YESTERDAY        0.00          0.01  -0.01     0.00
  MONTH TO DATE    0.19          0.40  -0.21      T
  SINCE MAR 1      1.16          1.18  -0.02     0.57
  SINCE JAN 1      2.63          2.38   0.25     0.57

......................................................


WIND (MPH)
  HIGHEST WIND SPEED    25   HIGHEST WIND DIRECTION     W (250)
  HIGHEST GUST SPEED    34   HIGHEST GUST DIRECTION    SW (240)
  AVERAGE WIND SPEED    10.7


SKY COVER
  AVERAGE SKY COVER 0.0


WEATHER CONDITIONS
 THE FOLLOWING WEATHER WAS RECORDED YESTERDAY.
  NO SIGNIFICANT WEATHER WAS OBSERVED.


RELATIVE HUMIDITY (PERCENT)
 HIGHEST    50           500 AM
 LOWEST     12           400 PM
 AVERAGE    31

..........................................................


THE DEMING CLIMATE NORMALS FOR TODAY
                         NORMAL
 MAXIMUM TEMPERATURE (F)   90
 MINIMUM TEMPERATURE (F)   54


SUNRISE AND SUNSET
MAY 26 2015...........SUNRISE   607 AM MDT   SUNSET   809 PM MDT
MAY 27 2015...........SUNRISE   607 AM MDT   SUNSET   810 PM MDT


-  INDICATES NEGATIVE NUMBERS.
R  INDICATES RECORD WAS SET OR TIED.
MM INDICATES DATA IS MISSING.
T  INDICATES TRACE AMOUNT.




$$
