000
CDUS45 KEPZ 040937
CLIDMN


CLIMATE REPORT
NATIONAL WEATHER SERVICE EL PASO, TX
334 AM MDT SAT JUL 4 2015


...................................

...THE DEMING CLIMATE SUMMARY FOR JULY 3 2015...

CLIMATE NORMAL PERIOD 1981 TO 2010
CLIMATE RECORD PERIOD 2000 TO 2015


WEATHER ITEM   OBSERVED TIME   NORMAL DEPARTURE LAST
                VALUE   (LST)  VALUE  FROM      YEAR
                                      NORMAL
......................................................
TEMPERATURE (F)
 YESTERDAY
  MAXIMUM         95    357 PM  97              94
  MINIMUM         68   1057 PM  64              70
  AVERAGE         82            81      1       82

PRECIPITATION (IN)
  YESTERDAY        0.10          0.05   0.05     0.00
  MONTH TO DATE    0.10          0.15  -0.05     0.01
  SINCE JUN 1      0.55          0.85  -0.30     0.04
  SINCE JAN 1      3.18          3.26  -0.08     0.61

......................................................


WIND (MPH)
  HIGHEST WIND SPEED    26   HIGHEST WIND DIRECTION    NE (40)
  HIGHEST GUST SPEED    34   HIGHEST GUST DIRECTION    NE (30)
  AVERAGE WIND SPEED     7.2


SKY COVER
  AVERAGE SKY COVER 0.5


WEATHER CONDITIONS
 THE FOLLOWING WEATHER WAS RECORDED YESTERDAY.
  THUNDERSTORM
  LIGHT RAIN
  FOG


RELATIVE HUMIDITY (PERCENT)
 HIGHEST    81          1100 PM
 LOWEST     24           400 PM
 AVERAGE    53

..........................................................


THE DEMING CLIMATE NORMALS FOR TODAY
                         NORMAL
 MAXIMUM TEMPERATURE (F)   97
 MINIMUM TEMPERATURE (F)   65


SUNRISE AND SUNSET
JULY  4 2015..........SUNRISE   609 AM MDT   SUNSET   821 PM MDT
JULY  5 2015..........SUNRISE   609 AM MDT   SUNSET   821 PM MDT


-  INDICATES NEGATIVE NUMBERS.
R  INDICATES RECORD WAS SET OR TIED.
MM INDICATES DATA IS MISSING.
T  INDICATES TRACE AMOUNT.




$$
