000
CDUS43 KEAX 180632
CLIDMO


CLIMATE REPORT
NATIONAL WEATHER SERVICE KANSAS CITY/PLEASANT HILL MO
1232 AM CST MON DEC 18 2017


...................................

...THE SEDALIA MO CLIMATE SUMMARY FOR DECEMBER 17 2017...

CLIMATE NORMAL PERIOD 1981 TO 2010
CLIMATE RECORD PERIOD 9999 TO 9999


WEATHER ITEM   OBSERVED TIME   NORMAL DEPARTURE LAST
                VALUE   (LST)  VALUE  FROM      YEAR
                                      NORMAL
......................................................
TEMPERATURE (F)
 YESTERDAY
  MAXIMUM         50   1220 AM  43      7       38
  MINIMUM         43   1118 PM  26     17        9
  AVERAGE         47            34     13       24

PRECIPITATION (IN)
  YESTERDAY        0.09          0.07   0.02     0.02
  MONTH TO DATE    0.28          1.18  -0.90     0.35
  SINCE DEC 1      0.28          1.18  -0.90     0.35
  SINCE JAN 1     35.48         39.97  -4.49    31.53

DEGREE DAYS
 HEATING
  YESTERDAY       18            31    -13       41
  MONTH TO DATE  401           483    -82      579
  SINCE DEC 1    401           483    -82      579
  SINCE JUL 1   1158          1328   -170     1086

 COOLING
  YESTERDAY        0             0      0        0
  MONTH TO DATE    0             0      0        0
  SINCE DEC 1      0             0      0        0
  SINCE JAN 1   1491          1490      1     1775
......................................................


WIND (MPH)
  HIGHEST WIND SPEED    18   HIGHEST WIND DIRECTION     S (200)
  HIGHEST GUST SPEED    23   HIGHEST GUST DIRECTION     S (200)
  AVERAGE WIND SPEED     8.3


SKY COVER
  AVERAGE SKY COVER 0.8


WEATHER CONDITIONS
 THE FOLLOWING WEATHER WAS RECORDED YESTERDAY.
  LIGHT RAIN
  FOG


RELATIVE HUMIDITY (PERCENT)
 HIGHEST   100           200 PM
 LOWEST     39          1200 AM
 AVERAGE    70

..........................................................


THE SEDALIA MO CLIMATE NORMALS FOR TODAY
                         NORMAL
 MAXIMUM TEMPERATURE (F)   42
 MINIMUM TEMPERATURE (F)   25


SUNRISE AND SUNSET
DECEMBER 18 2017......SUNRISE   725 AM CST   SUNSET   453 PM CST
DECEMBER 19 2017......SUNRISE   726 AM CST   SUNSET   454 PM CST


-  INDICATES NEGATIVE NUMBERS.
R  INDICATES RECORD WAS SET OR TIED.
MM INDICATES DATA IS MISSING.
T  INDICATES TRACE AMOUNT.




$$
