000
CDUS43 KEAX 232128
CLIDMO


CLIMATE REPORT
NATIONAL WEATHER SERVICE KANSAS CITY/PLEASANT HILL MO
426 PM CDT SAT SEP 23 2017


...................................

...THE SEDALIA MO CLIMATE SUMMARY FOR SEPTEMBER 23 2017...
VALID AS OF 0400 PM LOCAL TIME.

CLIMATE NORMAL PERIOD 1981 TO 2010
CLIMATE RECORD PERIOD 9999 TO 9999


WEATHER ITEM   OBSERVED TIME   NORMAL DEPARTURE LAST
                VALUE   (LST)  VALUE  FROM      YEAR
                                      NORMAL
......................................................
TEMPERATURE (F)
 TODAY
  MAXIMUM         93    220 PM  76     17       89
  MINIMUM         68    605 AM  56     12       67
  AVERAGE         81            66     15       78

PRECIPITATION (IN)
  TODAY            0.00          0.12  -0.12     0.00
  MONTH TO DATE    1.02          3.23  -2.21     4.45
  SINCE SEP 1      1.02          3.23  -2.21     4.45
  SINCE JAN 1     30.22         31.17  -0.95    28.81

DEGREE DAYS
 HEATING
  TODAY            0             2     -2        0
  MONTH TO DATE    2            18    -16        0
  SINCE SEP 1      2            18    -16        0
  SINCE JUL 1      7            19    -12        0

 COOLING
  TODAY           16             3     13       13
  MONTH TO DATE  191           144     47      236
  SINCE SEP 1    191           144     47      236
  SINCE JAN 1   1365          1429    -64     1649
......................................................


WIND (MPH)
  HIGHEST WIND SPEED    12   HIGHEST WIND DIRECTION     S (180)
  HIGHEST GUST SPEED    16   HIGHEST GUST DIRECTION    SW (220)
  AVERAGE WIND SPEED     6.5


SKY COVER
  AVERAGE SKY COVER 0.0


WEATHER CONDITIONS
 THE FOLLOWING WEATHER WAS RECORDED TODAY.
  NO SIGNIFICANT WEATHER WAS OBSERVED.


RELATIVE HUMIDITY (PERCENT)
 HIGHEST    93           100 AM
 LOWEST     44           300 PM
 AVERAGE    69

..........................................................


THE SEDALIA MO CLIMATE NORMALS FOR TOMORROW
                         NORMAL
 MAXIMUM TEMPERATURE (F)   76
 MINIMUM TEMPERATURE (F)   55


SUNRISE AND SUNSET
SEPTEMBER 23 2017.....SUNRISE   701 AM CDT   SUNSET   707 PM CDT
SEPTEMBER 24 2017.....SUNRISE   702 AM CDT   SUNSET   706 PM CDT


-  INDICATES NEGATIVE NUMBERS.
R  INDICATES RECORD WAS SET OR TIED.
MM INDICATES DATA IS MISSING.
T  INDICATES TRACE AMOUNT.




$$
