000
CDUS43 KEAX 250642
CLIDMO


CLIMATE REPORT
NATIONAL WEATHER SERVICE KANSAS CITY/PLEASANT HILL MO
140 AM CDT MON MAY 25 2015


...................................

...THE SEDALIA MO CLIMATE SUMMARY FOR MAY 24 2015...

CLIMATE NORMAL PERIOD 1981 TO 2010
CLIMATE RECORD PERIOD 9999 TO 9999


WEATHER ITEM   OBSERVED TIME   NORMAL DEPARTURE LAST
                VALUE   (LST)  VALUE  FROM      YEAR
                                      NORMAL
......................................................
TEMPERATURE (F)
 YESTERDAY
  MAXIMUM         78   1240 PM  78      0       71
  MINIMUM         61    539 AM  58      3       63
  AVERAGE         70            68      2       67

PRECIPITATION (IN)
  YESTERDAY        0.53          0.14   0.39     0.56
  MONTH TO DATE    5.81          3.69   2.12     1.73
  SINCE MAR 1     10.76         10.55   0.21     9.50
  SINCE JAN 1     12.84         14.15  -1.31    10.44

DEGREE DAYS
 HEATING
  YESTERDAY        0             1     -1        0
  MONTH TO DATE   61            76    -15      101
  SINCE MAR 1    788           941   -153     1082
  SINCE JUL 1   4636          4558     78     5301

 COOLING
  YESTERDAY        5             5      0        2
  MONTH TO DATE   75            66      9      109
  SINCE MAR 1     92           100     -8      123
  SINCE JAN 1     92           100     -8      123
......................................................


WIND (MPH)
  HIGHEST WIND SPEED    28   HIGHEST WIND DIRECTION     S (170)
  HIGHEST GUST SPEED    36   HIGHEST GUST DIRECTION     S (170)
  AVERAGE WIND SPEED     9.0


SKY COVER
  AVERAGE SKY COVER 1.0


WEATHER CONDITIONS
 THE FOLLOWING WEATHER WAS RECORDED YESTERDAY.
  RAIN
  LIGHT RAIN
  FOG


RELATIVE HUMIDITY (PERCENT)
 HIGHEST    93           700 PM
 LOWEST     78           500 PM
 AVERAGE    86

..........................................................


THE SEDALIA MO CLIMATE NORMALS FOR TODAY
                         NORMAL
 MAXIMUM TEMPERATURE (F)   79
 MINIMUM TEMPERATURE (F)   58


SUNRISE AND SUNSET
MAY 25 2015...........SUNRISE   553 AM CDT   SUNSET   826 PM CDT
MAY 26 2015...........SUNRISE   553 AM CDT   SUNSET   827 PM CDT


-  INDICATES NEGATIVE NUMBERS.
R  INDICATES RECORD WAS SET OR TIED.
MM INDICATES DATA IS MISSING.
T  INDICATES TRACE AMOUNT.




$$
