000
CDUS42 KCAE 270538
CLIDNL


CLIMATE REPORT
NATIONAL WEATHER SERVICE COLUMBIA SC
1238 AM EST FRI FEB 27 2015


...................................

...THE AUGUSTA DANIEL FIELD GA CLIMATE SUMMARY FOR FEBRUARY 26 2015...

CLIMATE NORMAL PERIOD 1981 TO 2010
CLIMATE RECORD PERIOD 9999 TO 9999


WEATHER ITEM   OBSERVED TIME   NORMAL DEPARTURE LAST
                VALUE   (LST)  VALUE  FROM      YEAR
                                      NORMAL
......................................................
TEMPERATURE (F)
 YESTERDAY
  MAXIMUM         47    626 PM  63    -16       59
  MINIMUM         37    645 AM  43     -6       42
  AVERAGE         42            53    -11       51

PRECIPITATION (IN)
  YESTERDAY        0.01          0.17  -0.16     0.27
  MONTH TO DATE    3.44          3.70  -0.26     3.76
  SINCE DEC 1      7.87         11.53  -3.66    12.65
  SINCE JAN 1      4.92          7.91  -2.99     6.29

DEGREE DAYS
 HEATING
  YESTERDAY       23            12     11       14
  MONTH TO DATE  509           384    125      339
  SINCE DEC 1   1422          1456    -34     1425
  SINCE JUL 1   1822          1790     32     1798

 COOLING
  YESTERDAY        0             0      0        0
  MONTH TO DATE    0             0      0        8
  SINCE DEC 1      0             6     -6       23
  SINCE JAN 1      0             1     -1        8
......................................................


WIND (MPH)
  HIGHEST WIND SPEED    16   HIGHEST WIND DIRECTION     N (340)
  HIGHEST GUST SPEED    21   HIGHEST GUST DIRECTION    NW (320)
  AVERAGE WIND SPEED     6.5


SKY COVER
  AVERAGE SKY COVER 1.0


WEATHER CONDITIONS
 THE FOLLOWING WEATHER WAS RECORDED YESTERDAY.
  THUNDERSTORM
  RAIN
  LIGHT RAIN
  LIGHT SNOW
  FOG


RELATIVE HUMIDITY (PERCENT)
 HIGHEST    92          1200 AM
 LOWEST     65           300 PM

..........................................................


THE AUGUSTA DANIEL FIELD GA CLIMATE NORMALS FOR TODAY
                         NORMAL    RECORD    YEAR
 MAXIMUM TEMPERATURE (F)   64        MM        MM
 MINIMUM TEMPERATURE (F)   43        MM        MM


SUNRISE AND SUNSET
FEBRUARY 27 2015......SUNRISE   659 AM EST   SUNSET   623 PM EST
FEBRUARY 28 2015......SUNRISE   658 AM EST   SUNSET   624 PM EST


-  INDICATES NEGATIVE NUMBERS.
R  INDICATES RECORD WAS SET OR TIED.
MM INDICATES DATA IS MISSING.
T  INDICATES TRACE AMOUNT.




$$
