000
CDUS42 KCAE 282128
CLIDNL


CLIMATE REPORT
NATIONAL WEATHER SERVICE COLUMBIA SC
526 PM EDT THU MAY 28 2015


...................................

...THE AUGUSTA DANIEL FIELD GA CLIMATE SUMMARY FOR MAY 28 2015...
VALID TODAY AS OF 0500 PM LOCAL TIME.

CLIMATE NORMAL PERIOD 1981 TO 2010
CLIMATE RECORD PERIOD 9999 TO 9999


WEATHER ITEM   OBSERVED TIME   NORMAL DEPARTURE LAST
                VALUE   (LST)  VALUE  FROM      YEAR
                                      NORMAL
......................................................
TEMPERATURE (F)
 TODAY
  MAXIMUM         88    359 PM  86      2       89
  MINIMUM         71    616 AM  66      5       71
  AVERAGE         80            76      4

PRECIPITATION (IN)
  TODAY            0.00          0.13  -0.13     0.28
  MONTH TO DATE    1.45          2.74  -1.29     5.33
  SINCE MAR 1      7.51         10.00  -2.49    12.25
  SINCE JAN 1     12.44         18.24  -5.80    18.54

DEGREE DAYS
 HEATING
  TODAY            0             0      0        0
  MONTH TO DATE    2             8     -6        3
  SINCE MAR 1    181           354   -173      389
  SINCE JUL 1   2036          2167   -131     2225

 COOLING
  TODAY           15            11      4       15
  MONTH TO DATE  313           221     92      281
  SINCE MAR 1    504           318    186      415
  SINCE JAN 1    504           322    182      423
......................................................


WIND (MPH)
  HIGHEST WIND SPEED    14   HIGHEST WIND DIRECTION     S (160)
  HIGHEST GUST SPEED    19   HIGHEST GUST DIRECTION     S (160)
  AVERAGE WIND SPEED     5.6


SKY COVER
  AVERAGE SKY COVER 0.4


WEATHER CONDITIONS
 THE FOLLOWING WEATHER WAS RECORDED TODAY.
  NO SIGNIFICANT WEATHER WAS OBSERVED.


RELATIVE HUMIDITY (PERCENT)
 HIGHEST    84           600 AM
 LOWEST     43           400 PM

..........................................................


THE AUGUSTA DANIEL FIELD GA CLIMATE NORMALS FOR TOMORROW
                         NORMAL
 MAXIMUM TEMPERATURE (F)   87
 MINIMUM TEMPERATURE (F)   67


SUNRISE AND SUNSET
MAY 28 2015...........SUNRISE   621 AM EDT   SUNSET   830 PM EDT
MAY 29 2015...........SUNRISE   620 AM EDT   SUNSET   831 PM EDT


-  INDICATES NEGATIVE NUMBERS.
R  INDICATES RECORD WAS SET OR TIED.
MM INDICATES DATA IS MISSING.
T  INDICATES TRACE AMOUNT.




$$
