000
CDUS42 KCAE 232124
CLIDNL


CLIMATE REPORT
NATIONAL WEATHER SERVICE COLUMBIA SC
523 PM EDT SUN APR 23 2017


...................................

...THE AUGUSTA DANIEL FIELD GA CLIMATE SUMMARY FOR APRIL 23 2017...
VALID TODAY AS OF 0500 PM LOCAL TIME.

CLIMATE NORMAL PERIOD 1981 TO 2010


WEATHER ITEM   OBSERVED TIME   NORMAL DEPARTURE LAST
                VALUE   (LST)  VALUE  FROM      YEAR
                                      NORMAL
......................................................
TEMPERATURE (F)
 TODAY
  MAXIMUM         86    118 PM  77      9       81
  MINIMUM         66    629 AM  55     11       63
  AVERAGE         76            66     10

PRECIPITATION (IN)
  TODAY            0.00          0.08  -0.08     0.00
  MONTH TO DATE    2.15          2.54  -0.39     3.17
  SINCE MAR 1      4.24          6.85  -2.61     5.23
  SINCE JAN 1     16.60         15.09   1.51     9.84

DEGREE DAYS
 HEATING
  TODAY            0             2     -2        0
  MONTH TO DATE   23            85    -62       40
  SINCE MAR 1    228           335   -107      155
  SINCE JUL 1   1235          2148   -913     1456

 COOLING
  TODAY           11             3      8        7
  MONTH TO DATE  148            48    100       49
  SINCE MAR 1    219            70    149      148
  SINCE JAN 1    253            74    179      154
......................................................


WIND (MPH)
  HIGHEST WIND SPEED    17   HIGHEST WIND DIRECTION    NE (30)
  HIGHEST GUST SPEED    23   HIGHEST GUST DIRECTION     S (200)
  AVERAGE WIND SPEED     8.1


SKY COVER
  AVERAGE SKY COVER 0.3


WEATHER CONDITIONS
 THE FOLLOWING WEATHER WAS RECORDED TODAY.
  NO SIGNIFICANT WEATHER WAS OBSERVED.


RELATIVE HUMIDITY (PERCENT)
 HIGHEST    73           700 AM
 LOWEST     43           100 PM

..........................................................


THE AUGUSTA DANIEL FIELD GA CLIMATE NORMALS FOR TOMORROW
                         NORMAL
 MAXIMUM TEMPERATURE (F)   78
 MINIMUM TEMPERATURE (F)   55


SUNRISE AND SUNSET
APRIL 23 2017.........SUNRISE   648 AM EDT   SUNSET   805 PM EDT
APRIL 24 2017.........SUNRISE   647 AM EDT   SUNSET   806 PM EDT


-  INDICATES NEGATIVE NUMBERS.
R  INDICATES RECORD WAS SET OR TIED.
MM INDICATES DATA IS MISSING.
T  INDICATES TRACE AMOUNT.




$$
