378
CDUS42 KCAE 220716
CLIDNL


CLIMATE REPORT
NATIONAL WEATHER SERVICE COLUMBIA SC
215 AM EST WED NOV 22 2017


...................................

...THE AUGUSTA DANIEL FIELD GA CLIMATE SUMMARY FOR NOVEMBER 21 2017...

CLIMATE NORMAL PERIOD 1981 TO 2010
CLIMATE RECORD PERIOD 9999 TO 9999


WEATHER ITEM   OBSERVED TIME   NORMAL DEPARTURE LAST
                VALUE   (LST)  VALUE  FROM      YEAR
                                      NORMAL
......................................................
TEMPERATURE (F)
 YESTERDAY
  MAXIMUM         67    353 PM  65      2       63
  MINIMUM         47    307 AM  46      1       38
  AVERAGE         57            56      1       51

PRECIPITATION (IN)
  YESTERDAY        0.10          0.12  -0.02     0.00
  MONTH TO DATE    1.30          2.00  -0.70     0.56
  SINCE SEP 1      6.56          8.60  -2.04     7.75
  SINCE JAN 1     36.86         41.76  -4.90    31.42

DEGREE DAYS
 HEATING
  YESTERDAY        8            10     -2       14
  MONTH TO DATE  140           155    -15      113
  SINCE SEP 1    193           233    -40      122
  SINCE JUL 1    193           233    -40      122

 COOLING
  YESTERDAY        0             0      0        0
  MONTH TO DATE   41            14     27       22
  SINCE SEP 1    675           440    235      688
  SINCE JAN 1   2976          2251    725     3058
......................................................


WIND (MPH)
  HIGHEST WIND SPEED    10   HIGHEST WIND DIRECTION     E (70)
  HIGHEST GUST SPEED    13   HIGHEST GUST DIRECTION    SE (150)
  AVERAGE WIND SPEED     4.7


SKY COVER
  AVERAGE SKY COVER 0.6


WEATHER CONDITIONS
 THE FOLLOWING WEATHER WAS RECORDED YESTERDAY.
  LIGHT RAIN
  FOG
  FOG W/VISIBILITY <= 1/4 MILE


RELATIVE HUMIDITY (PERCENT)
 HIGHEST   100          1000 PM
 LOWEST     56          1200 AM

..........................................................


THE AUGUSTA DANIEL FIELD GA CLIMATE NORMALS FOR TODAY
                         NORMAL    RECORD    YEAR
 MAXIMUM TEMPERATURE (F)   65        MM        MM
 MINIMUM TEMPERATURE (F)   45        MM        MM


SUNRISE AND SUNSET
NOVEMBER 22 2017......SUNRISE   706 AM EST   SUNSET   522 PM EST
NOVEMBER 23 2017......SUNRISE   707 AM EST   SUNSET   522 PM EST


-  INDICATES NEGATIVE NUMBERS.
R  INDICATES RECORD WAS SET OR TIED.
MM INDICATES DATA IS MISSING.
T  INDICATES TRACE AMOUNT.




$$
