000
CDUS42 KCAE 230732
CLIDNL


CLIMATE REPORT
NATIONAL WEATHER SERVICE COLUMBIA SC
232 AM EST THU FEB 23 2017


...................................

...THE AUGUSTA DANIEL FIELD GA CLIMATE SUMMARY FOR FEBRUARY 22 2017...

CLIMATE NORMAL PERIOD 1981 TO 2010
CLIMATE RECORD PERIOD 9999 TO 9999


WEATHER ITEM   OBSERVED TIME   NORMAL DEPARTURE LAST
                VALUE   (LST)  VALUE  FROM      YEAR
                                      NORMAL
......................................................
TEMPERATURE (F)
 YESTERDAY
  MAXIMUM         73    312 PM  62     11       69
  MINIMUM         61    838 AM  42     19       60
  AVERAGE         67            52     15       65

PRECIPITATION (IN)
  YESTERDAY        0.25          0.16   0.09     0.03
  MONTH TO DATE    1.82          3.06  -1.24     2.02
  SINCE DEC 1     16.53         10.89   5.64     9.17
  SINCE JAN 1     12.32          7.27   5.05     3.69

DEGREE DAYS
 HEATING
  YESTERDAY        0            13    -13        0
  MONTH TO DATE  137           334   -197      305
  SINCE DEC 1    820          1406   -586     1047
  SINCE JUL 1    989          1740   -751     1238

 COOLING
  YESTERDAY        2             0      2        0
  MONTH TO DATE    7             0      7        6
  SINCE DEC 1     26             6     20       70
  SINCE JAN 1     22             1     21        6
......................................................


WIND (MPH)
  HIGHEST WIND SPEED    12   HIGHEST WIND DIRECTION     E (110)
  HIGHEST GUST SPEED    16   HIGHEST GUST DIRECTION     E (110)
  AVERAGE WIND SPEED     6.1


SKY COVER
  AVERAGE SKY COVER 0.5


WEATHER CONDITIONS
 THE FOLLOWING WEATHER WAS RECORDED YESTERDAY.
  RAIN
  LIGHT RAIN
  FOG


RELATIVE HUMIDITY (PERCENT)
 HIGHEST    90           200 AM
 LOWEST     53           200 PM

..........................................................


THE AUGUSTA DANIEL FIELD GA CLIMATE NORMALS FOR TODAY
                         NORMAL    RECORD    YEAR
 MAXIMUM TEMPERATURE (F)   63        MM        MM
 MINIMUM TEMPERATURE (F)   42        MM        MM


SUNRISE AND SUNSET
FEBRUARY 23 2017......SUNRISE   703 AM EST   SUNSET   620 PM EST
FEBRUARY 24 2017......SUNRISE   702 AM EST   SUNSET   621 PM EST


-  INDICATES NEGATIVE NUMBERS.
R  INDICATES RECORD WAS SET OR TIED.
MM INDICATES DATA IS MISSING.
T  INDICATES TRACE AMOUNT.




$$
