000
CDUS44 KEWX 022245
CLIDRT


CLIMATE REPORT
NATIONAL WEATHER SERVICE AUSTIN/SAN ANTONIO, TX
545 PM CDT SUN AUG 2 2015


...................................

...THE DEL RIO CLIMATE SUMMARY FOR AUGUST 2 2015...
VALID TODAY AS OF 0500 PM LOCAL TIME.

CLIMATE NORMAL PERIOD 1981 TO 2010
CLIMATE RECORD PERIOD 1906 TO 2015


WEATHER ITEM   OBSERVED TIME   RECORD YEAR NORMAL DEPARTURE LAST
                VALUE   (LST)  VALUE       VALUE  FROM      YEAR
                                                  NORMAL
..................................................................
TEMPERATURE (F)
 TODAY
  MAXIMUM        101    354 PM 106    2012  98      3       85
  MINIMUM         74    643 AM  65    1949  76     -2       72
  AVERAGE         88                        87      1       79

PRECIPITATION (IN)
  TODAY            0.00          0.84 1971   0.05  -0.05     0.67
  MONTH TO DATE    T                         0.10  -0.10     0.67
  SINCE JUN 1      3.52                      4.23  -0.71     5.71
  SINCE JAN 1     18.60                     11.43   7.17     7.06

SNOWFALL (IN)
  TODAY            0.0
  MONTH TO DATE    0.0
  SINCE JUN 1      0.0
  SINCE JUL 1      0.0
  SNOW DEPTH       0

DEGREE DAYS
 HEATING
  TODAY            0                         0      0        0
  MONTH TO DATE    0                         0      0        0
  SINCE JUN 1      0                         0      0        0
  SINCE JUL 1      0                         0      0        0

 COOLING
  TODAY           23                        22      1       14
  MONTH TO DATE   47                        44      3       35
  SINCE JUN 1   1213                      1263    -50     1358
  SINCE JAN 1   1893                      2022   -129     2208
..................................................................


WIND (MPH)
  HIGHEST WIND SPEED    15   HIGHEST WIND DIRECTION    SE (130)
  HIGHEST GUST SPEED    21   HIGHEST GUST DIRECTION     S (160)
  AVERAGE WIND SPEED     8.4



WEATHER CONDITIONS
 THE FOLLOWING WEATHER WAS RECORDED TODAY.
  NO SIGNIFICANT WEATHER WAS OBSERVED.


RELATIVE HUMIDITY (PERCENT)
 HIGHEST    73           600 AM
 LOWEST     27           300 PM
 AVERAGE    50

..........................................................


THE DEL RIO CLIMATE NORMALS FOR TOMORROW
                         NORMAL    RECORD    YEAR
 MAXIMUM TEMPERATURE (F)   98       106      1996
 MINIMUM TEMPERATURE (F)   76        67      1971
                                             1965


SUNRISE AND SUNSET
AUGUST  2 2015........SUNRISE   704 AM CDT   SUNSET   835 PM CDT
AUGUST  3 2015........SUNRISE   705 AM CDT   SUNSET   834 PM CDT


-  INDICATES NEGATIVE NUMBERS.
R  INDICATES RECORD WAS SET OR TIED.
MM INDICATES DATA IS MISSING.
T  INDICATES TRACE AMOUNT.




$$
