000
CDUS44 KEWX 290814
CLIDRT


CLIMATE REPORT
NATIONAL WEATHER SERVICE AUSTIN/SAN ANTONIO, TX
212 AM CST SAT NOV 29 2014


...................................

...THE DEL RIO CLIMATE SUMMARY FOR NOVEMBER 28 2014...

CLIMATE NORMAL PERIOD 1981 TO 2010
CLIMATE RECORD PERIOD 1906 TO 2014


WEATHER ITEM   OBSERVED TIME   RECORD YEAR NORMAL DEPARTURE LAST
                VALUE   (LST)  VALUE       VALUE  FROM      YEAR
                                                  NORMAL
..................................................................
TEMPERATURE (F)
 YESTERDAY
  MAXIMUM         71    447 PM  95    1949  68      3       58
  MINIMUM         43    252 AM  25    1959  44     -1       37
  AVERAGE         57                        56      1       48

PRECIPITATION (IN)
  YESTERDAY        0.00          0.44 1996   0.02  -0.02     0.00
  MONTH TO DATE    3.26                      0.88   2.38     0.66
  SINCE SEP 1      8.73                      5.31   3.42     6.50
  SINCE JAN 1     15.90                     18.82  -2.92    14.99

SNOWFALL (IN)
  YESTERDAY        0.0
  MONTH TO DATE    0.0
  SINCE SEP 1      0.0
  SINCE JUL 1      0.0

DEGREE DAYS
 HEATING
  YESTERDAY        8                         9     -1       17
  MONTH TO DATE  266                       153    113      201
  SINCE SEP 1    266                       177     89      210
  SINCE JUL 1    266                       177     89      210

 COOLING
  YESTERDAY        0                         0      0        0
  MONTH TO DATE    7                        47    -40       42
  SINCE SEP 1    799                       737     62      801
  SINCE JAN 1   3688                      3372    316     3741
..................................................................


WIND (MPH)
  HIGHEST WIND SPEED    16   HIGHEST WIND DIRECTION    SE (150)
  HIGHEST GUST SPEED    19   HIGHEST GUST DIRECTION     S (160)
  AVERAGE WIND SPEED     8.0


SKY COVER
  AVERAGE SKY COVER 0.3


WEATHER CONDITIONS
 THE FOLLOWING WEATHER WAS RECORDED YESTERDAY.
  FOG


RELATIVE HUMIDITY (PERCENT)
 HIGHEST   100           800 AM
 LOWEST     41           400 PM
 AVERAGE    71

..........................................................


THE DEL RIO CLIMATE NORMALS FOR TODAY
                         NORMAL    RECORD    YEAR
 MAXIMUM TEMPERATURE (F)   67        90      1975
                                             1949
 MINIMUM TEMPERATURE (F)   44        18      1911


SUNRISE AND SUNSET
NOVEMBER 29 2014......SUNRISE   719 AM CST   SUNSET   545 PM CST
NOVEMBER 30 2014......SUNRISE   720 AM CST   SUNSET   545 PM CST


-  INDICATES NEGATIVE NUMBERS.
R  INDICATES RECORD WAS SET OR TIED.
MM INDICATES DATA IS MISSING.
T  INDICATES TRACE AMOUNT.




$$
