000
CDUS44 KEWX 262226
CLIDRT


CLIMATE REPORT
NATIONAL WEATHER SERVICE AUSTIN/SAN ANTONIO, TX
426 PM CST MON JAN 26 2015


...................................

...THE DEL RIO CLIMATE SUMMARY FOR JANUARY 26 2015...
VALID TODAY AS OF 425 PM LOCAL TIME.

CLIMATE NORMAL PERIOD 1981 TO 2010
CLIMATE RECORD PERIOD 1906 TO 2015


WEATHER ITEM   OBSERVED TIME   RECORD YEAR NORMAL DEPARTURE LAST
                VALUE   (LST)  VALUE       VALUE  FROM      YEAR
                                                  NORMAL
..................................................................
TEMPERATURE (F)
 TODAY
  MAXIMUM         69    344 PM  89    1912  65      4       87
  MINIMUM         39    743 AM  27    1966  41     -2       38
                                      1920
  AVERAGE         54                        53      1       63

PRECIPITATION (IN)
  TODAY            0.00          0.99 1992   0.03  -0.03     0.00
  MONTH TO DATE    0.43                      0.60  -0.17      T
  SINCE DEC 1      0.68                      1.25  -0.57     0.48
  SINCE JAN 1      0.43                      0.60  -0.17      T

SNOWFALL (IN)
  TODAY            0.0
  MONTH TO DATE    0.0
  SINCE DEC 1      0.0
  SINCE JUL 1      0.0
  SNOW DEPTH       0

DEGREE DAYS
 HEATING
  TODAY           11                        12     -1        2
  MONTH TO DATE  456                       343    113      367
  SINCE DEC 1    725                       737    -12      822
  SINCE JUL 1    997                       934     63     1055

 COOLING
  TODAY            0                         0      0        0
  MONTH TO DATE    0                         0      0        0
  SINCE DEC 1      6                         3      3        5
  SINCE JAN 1      0                         0      0        0
..................................................................


WIND (MPH)
  HIGHEST WIND SPEED     8   HIGHEST WIND DIRECTION    NW (330)
  HIGHEST GUST SPEED    10   HIGHEST GUST DIRECTION    NW (300)
  AVERAGE WIND SPEED     4.0



WEATHER CONDITIONS
 THE FOLLOWING WEATHER WAS RECORDED TODAY.
  NO SIGNIFICANT WEATHER WAS OBSERVED.


RELATIVE HUMIDITY (PERCENT)
 HIGHEST    89           900 AM
 LOWEST     26           300 PM
 AVERAGE    58

..........................................................


THE DEL RIO CLIMATE NORMALS FOR TOMORROW
                         NORMAL    RECORD    YEAR
 MAXIMUM TEMPERATURE (F)   65        84      1947
 MINIMUM TEMPERATURE (F)   42        24      1976


SUNRISE AND SUNSET
JANUARY 26 2015.......SUNRISE   736 AM CST   SUNSET   617 PM CST
JANUARY 27 2015.......SUNRISE   736 AM CST   SUNSET   618 PM CST


-  INDICATES NEGATIVE NUMBERS.
R  INDICATES RECORD WAS SET OR TIED.
MM INDICATES DATA IS MISSING.
T  INDICATES TRACE AMOUNT.




$$
