753
CDUS44 KEWX 272253
CLIDRT


CLIMATE REPORT
NATIONAL WEATHER SERVICE AUSTIN/SAN ANTONIO, TX
552 PM CDT SAT MAY 27 2017


...................................

...THE DEL RIO CLIMATE SUMMARY FOR MAY 27 2017...
VALID TODAY AS OF 0552 PM LOCAL TIME.

CLIMATE NORMAL PERIOD 1981 TO 2010
CLIMATE RECORD PERIOD 1906 TO 2017


WEATHER ITEM   OBSERVED TIME   RECORD YEAR NORMAL DEPARTURE LAST
                VALUE   (LST)  VALUE       VALUE  FROM      YEAR
                                                  NORMAL
..................................................................
TEMPERATURE (F)
 TODAY
  MAXIMUM         94    426 PM 105    2011  92      2       98
  MINIMUM         77    348 AM  58    1907  71      6       67
  AVERAGE         86                        81      5       83

PRECIPITATION (IN)
  TODAY            0.00          6.53 2003   0.10  -0.10     0.00
  MONTH TO DATE    3.82                      2.39   1.43     1.48
  SINCE MAR 1      9.97                      5.18   4.79     7.72
  SINCE JAN 1     10.94                      6.78   4.16     8.47

SNOWFALL (IN)
  TODAY            0.0
  MONTH TO DATE    0.0
  SINCE MAR 1      0.0
  SINCE JUL 1      0.0
  SNOW DEPTH       0

DEGREE DAYS
 HEATING
  TODAY            0                         0      0        0
  MONTH TO DATE    0                         0      0        1
  SINCE MAR 1     47                       139    -92       70
  SINCE JUL 1    840                      1375   -535     1050

 COOLING
  TODAY           21                        16      5       18
  MONTH TO DATE  326                       363    -37      319
  SINCE MAR 1    714                       673     41      639
  SINCE JAN 1    777                       692     85      674
..................................................................


WIND (MPH)
  HIGHEST WIND SPEED    14   HIGHEST WIND DIRECTION    SE (120)
  HIGHEST GUST SPEED    19   HIGHEST GUST DIRECTION    SE (130)
  AVERAGE WIND SPEED     7.5



WEATHER CONDITIONS
 THE FOLLOWING WEATHER WAS RECORDED TODAY.
  FOG
  HAZE


RELATIVE HUMIDITY (PERCENT)
 HIGHEST    94           300 AM
 LOWEST     56           400 PM
 AVERAGE    75

..........................................................


THE DEL RIO CLIMATE NORMALS FOR TOMORROW
                         NORMAL    RECORD    YEAR
 MAXIMUM TEMPERATURE (F)   92       108      1927
                                             1912
 MINIMUM TEMPERATURE (F)   71        58      1907


SUNRISE AND SUNSET
MAY 27 2017...........SUNRISE   646 AM CDT   SUNSET   836 PM CDT
MAY 28 2017...........SUNRISE   645 AM CDT   SUNSET   837 PM CDT


-  INDICATES NEGATIVE NUMBERS.
R  INDICATES RECORD WAS SET OR TIED.
MM INDICATES DATA IS MISSING.
T  INDICATES TRACE AMOUNT.




$$
