000
CDUS44 KEWX 292223
CLIDRT


CLIMATE REPORT
NATIONAL WEATHER SERVICE AUSTIN/SAN ANTONIO, TX
522 PM CDT TUE JUL 29 2014

...................................

...THE DEL RIO CLIMATE SUMMARY FOR JULY 29 2014...
VALID TODAY AS OF 0500 PM LOCAL TIME.

CLIMATE NORMAL PERIOD 1981 TO 2010
CLIMATE RECORD PERIOD 1906 TO 2014


WEATHER ITEM   OBSERVED TIME   RECORD YEAR NORMAL DEPARTURE LAST
                VALUE   (LST)  VALUE       VALUE  FROM      YEAR
                                                  NORMAL
..................................................................
TEMPERATURE (F)
 TODAY
  MAXIMUM        102    355 PM 109    1960  97      5      100
  MINIMUM         78    543 AM  69    2002  76      2       81
                                      1987
  AVERAGE         90                        86      4       91

PRECIPITATION (IN)
  TODAY            0.00          1.39 2007   0.06  -0.06     0.00
  MONTH TO DATE    0.26                      1.68  -1.42     2.77
  SINCE JUN 1      4.95                      4.03   0.92     4.53
  SINCE JAN 1      6.30                     11.23  -4.93     7.75

SNOWFALL (IN)
  TODAY            0.0
  MONTH TO DATE    0.0
  SINCE JUN 1      0.0
  SINCE JUL 1      0.0
  SNOW DEPTH       0

DEGREE DAYS
 HEATING
  TODAY            0                         0      0        0
  MONTH TO DATE    0                         0      0        0
  SINCE JUN 1      0                         0      0        0
  SINCE JUL 1      0                         0      0        0

 COOLING
  TODAY           25                        21      4       26
  MONTH TO DATE  644                       603     41      610
  SINCE JUN 1   1272                      1174     98     1235
  SINCE JAN 1   2122                      1933    189     2141
..................................................................


WIND (MPH)
  HIGHEST WIND SPEED    18   HIGHEST WIND DIRECTION    SE (150)
  HIGHEST GUST SPEED    26   HIGHEST GUST DIRECTION    SE (150)
  AVERAGE WIND SPEED     9.7



WEATHER CONDITIONS
 THE FOLLOWING WEATHER WAS RECORDED TODAY.
  NO SIGNIFICANT WEATHER WAS OBSERVED.


RELATIVE HUMIDITY (PERCENT)
 HIGHEST    67           500 AM
 LOWEST     20           400 PM
 AVERAGE    44

..........................................................


THE DEL RIO CLIMATE NORMALS FOR TOMORROW
                         NORMAL    RECORD    YEAR
 MAXIMUM TEMPERATURE (F)   98       111      1960
 MINIMUM TEMPERATURE (F)   76        69      1987
                                             1975


SUNRISE AND SUNSET
JULY 29 2014..........SUNRISE   702 AM CDT   SUNSET   838 PM CDT
JULY 30 2014..........SUNRISE   703 AM CDT   SUNSET   837 PM CDT


-  INDICATES NEGATIVE NUMBERS.
R  INDICATES RECORD WAS SET OR TIED.
MM INDICATES DATA IS MISSING.
T  INDICATES TRACE AMOUNT.


$$
