000
CDUS43 KDMX 020634 RRC
CLIDSM

CLIMATE REPORT
NATIONAL WEATHER SERVICE DES MOINES IA
132 AM CDT WED SEP 2 2015


...................................

...THE DES MOINES IA CLIMATE SUMMARY FOR SEPTEMBER 1 2015...

CLIMATE NORMAL PERIOD 1981 TO 2010
CLIMATE RECORD PERIOD 1878 TO 2015


WEATHER ITEM   OBSERVED TIME   RECORD YEAR NORMAL DEPARTURE LAST
                VALUE   (LST)  VALUE       VALUE  FROM      YEAR
                                                  NORMAL
..................................................................
TEMPERATURE (F)
 YESTERDAY
  MAXIMUM         90    157 PM  99    1913  81      9       81
  MINIMUM         69    558 AM  38    1949  61      8       66
  AVERAGE         80                        71      9       74

PRECIPITATION (IN)
  YESTERDAY        0.00          1.77 1935   0.11  -0.11      T
  MONTH TO DATE    0.00                      0.11  -0.11      T
  SINCE SEP 1      0.00                      0.11  -0.11      T
  SINCE JAN 1     29.17                     26.83   2.34    32.37

SNOWFALL (IN)
  YESTERDAY        0.0          MM      MM   0.0    0.0      0.0
  MONTH TO DATE    0.0                       0.0    0.0      0.0
  SINCE SEP 1      0.0                       0.0    0.0      0.0
  SINCE JUL 1      0.0                       0.0    0.0      0.0
  SNOW DEPTH       0

DEGREE DAYS
 HEATING
  YESTERDAY        0                         1     -1        0
  MONTH TO DATE    0                         1     -1        0
  SINCE SEP 1      0                         1     -1        0
  SINCE JUL 1      2                         7     -5        2

 COOLING
  YESTERDAY       15                         7      8        9
  MONTH TO DATE   15                         7      8        9
  SINCE SEP 1     15                         7      8        9
  SINCE JAN 1    967                       946     21      978
..................................................................


WIND (MPH)
  HIGHEST WIND SPEED    15   HIGHEST WIND DIRECTION     S (200)
  HIGHEST GUST SPEED    20   HIGHEST GUST DIRECTION    SW (210)
  AVERAGE WIND SPEED     9.3


SKY COVER
  POSSIBLE SUNSHINE  MM
  AVERAGE SKY COVER 0.4


WEATHER CONDITIONS
 THE FOLLOWING WEATHER WAS RECORDED YESTERDAY.
  FOG
  HAZE


RELATIVE HUMIDITY (PERCENT)
 HIGHEST    90           500 AM
 LOWEST     55          1200 PM
 AVERAGE    73

..........................................................


THE DES MOINES IA CLIMATE NORMALS FOR TODAY
                         NORMAL    RECORD    YEAR
 MAXIMUM TEMPERATURE (F)   81        98      2000
                                             1913
 MINIMUM TEMPERATURE (F)   61        42      1893


SUNRISE AND SUNSET
SEPTEMBER  2 2015.....SUNRISE   641 AM CDT   SUNSET   746 PM CDT
SEPTEMBER  3 2015.....SUNRISE   642 AM CDT   SUNSET   745 PM CDT


-  INDICATES NEGATIVE NUMBERS.
R  INDICATES RECORD WAS SET OR TIED.
MM INDICATES DATA IS MISSING.
T  INDICATES TRACE AMOUNT.




$$
