565
CDUS43 KDTX 280536
CLIDTW


CLIMATE REPORT
NATIONAL WEATHER SERVICE DETROIT/PONTIAC MI
136 AM EDT SUN AUG 28 2016


...................................

...THE DETROIT MI CLIMATE SUMMARY FOR AUGUST 27 2016...

CLIMATE NORMAL PERIOD 1981 TO 2010
CLIMATE RECORD PERIOD 1874 TO 2016


WEATHER ITEM   OBSERVED TIME   RECORD YEAR NORMAL DEPARTURE LAST
                VALUE   (LST)  VALUE       VALUE  FROM      YEAR
                                                  NORMAL
..................................................................
TEMPERATURE (F)
 YESTERDAY
  MAXIMUM         83    102 PM  98    1948  80      3       69
  MINIMUM         70    406 AM  47    1915  61      9       54
                                      1876
  AVERAGE         77                        71      6       62

PRECIPITATION (IN)
  YESTERDAY        1.29          1.30 1903   0.09   1.20     0.00
  MONTH TO DATE    5.62                      2.61   3.01     2.98
  SINCE JUN 1      8.49                      9.50  -1.01    10.06
  SINCE JAN 1     21.22                     22.04  -0.82    21.80

SNOWFALL (IN)
  YESTERDAY        0.0           0.0    MM   0.0    0.0      0.0
  MONTH TO DATE    0.0                       0.0    0.0      0.0
  SINCE JUN 1      0.0                       0.0    0.0      0.0
  SINCE JUL 1      0.0                       0.0    0.0      0.0
  SNOW DEPTH       0

DEGREE DAYS
 HEATING
  YESTERDAY        0                         0      0        3
  MONTH TO DATE    0                         0      0        7
  SINCE JUN 1     14                        37    -23       32
  SINCE JUL 1      0                         2     -2       10

 COOLING
  YESTERDAY       12                         6      6        0
  MONTH TO DATE  330                       201    129      193
  SINCE JUN 1    903                       639    264      587
  SINCE JAN 1    981                       687    294      691
..................................................................


WIND (MPH)
  HIGHEST WIND SPEED    20   HIGHEST WIND DIRECTION    NW (300)
  HIGHEST GUST SPEED    24   HIGHEST GUST DIRECTION    NW (300)
  AVERAGE WIND SPEED     5.5


SKY COVER
  POSSIBLE SUNSHINE  MM
  AVERAGE SKY COVER 0.8


WEATHER CONDITIONS
 THE FOLLOWING WEATHER WAS RECORDED YESTERDAY.
  THUNDERSTORM
  HEAVY RAIN
  RAIN
  LIGHT RAIN
  FOG
  HAZE


RELATIVE HUMIDITY (PERCENT)
 HIGHEST   100           800 PM
 LOWEST     55          1100 AM
 AVERAGE    78

..........................................................


THE DETROIT MI CLIMATE NORMALS FOR TODAY
                         NORMAL    RECORD    YEAR
 MAXIMUM TEMPERATURE (F)   80        97      1948
 MINIMUM TEMPERATURE (F)   61        43      1986


SUNRISE AND SUNSET
AUGUST 28 2016........SUNRISE   655 AM EDT   SUNSET   813 PM EDT
AUGUST 29 2016........SUNRISE   656 AM EDT   SUNSET   811 PM EDT


-  INDICATES NEGATIVE NUMBERS.
R  INDICATES RECORD WAS SET OR TIED.
MM INDICATES DATA IS MISSING.
T  INDICATES TRACE AMOUNT.




$$
