186
CDUS43 KDTX 272130
CLIDTW


CLIMATE REPORT
NATIONAL WEATHER SERVICE DETROIT/PONTIAC MI
429 PM EST MON FEB 27 2017


...................................

...THE DETROIT MI CLIMATE SUMMARY FOR FEBRUARY 27 2017...
VALID TODAY AS OF 0400 PM LOCAL TIME.

CLIMATE NORMAL PERIOD 1981 TO 2010
CLIMATE RECORD PERIOD 1874 TO 2017


WEATHER ITEM   OBSERVED TIME   RECORD YEAR NORMAL DEPARTURE LAST
                VALUE   (LST)  VALUE       VALUE  FROM      YEAR
                                                  NORMAL
..................................................................
TEMPERATURE (F)
 TODAY
  MAXIMUM         52    314 PM  63    1976  39     13       44
  MINIMUM         30    712 AM  -4    2015  23      7       27
                                      1934
  AVERAGE         41                        31     10       36

PRECIPITATION (IN)
  TODAY            0.00          0.99 1996   0.08  -0.08     0.00
  MONTH TO DATE    1.72                      1.94  -0.22     1.85
  SINCE DEC 1      6.71                      6.36   0.35     6.20
  SINCE JAN 1      4.55                      3.90   0.65     3.19

SNOWFALL (IN)
  TODAY            0.0           5.2  1984   0.4   -0.4      0.0
  MONTH TO DATE    2.2                       9.9   -7.7     10.7
  SINCE DEC 1     30.8                      32.0   -1.2     20.4
  SINCE JUL 1     30.9                      33.6   -2.7     26.6
  SNOW DEPTH       0

DEGREE DAYS
 HEATING
  TODAY           24                        34    -10       29
  MONTH TO DATE  734                       999   -265      934
  SINCE DEC 1   2853                      3304   -451     2805
  SINCE JUL 1   3721                      4519   -798     3725

 COOLING
  TODAY            0                         0      0        0
  MONTH TO DATE    0                         0      0        0
  SINCE DEC 1      0                         0      0        0
  SINCE JAN 1      0                         0      0        0
..................................................................


WIND (MPH)
  HIGHEST WIND SPEED    20   HIGHEST WIND DIRECTION    SW (220)
  HIGHEST GUST SPEED    24   HIGHEST GUST DIRECTION    SW (220)
  AVERAGE WIND SPEED     9.5


SKY COVER
  POSSIBLE SUNSHINE  MM
  AVERAGE SKY COVER 0.3


WEATHER CONDITIONS
 THE FOLLOWING WEATHER WAS RECORDED TODAY.
  HAZE


RELATIVE HUMIDITY (PERCENT)
 HIGHEST    72           600 AM
 LOWEST     39           100 PM
 AVERAGE    56

..........................................................


THE DETROIT MI CLIMATE NORMALS FOR TOMORROW
                         NORMAL    RECORD    YEAR
 MAXIMUM TEMPERATURE (F)   39        64      2016
 MINIMUM TEMPERATURE (F)   24        -2      2015


SUNRISE AND SUNSET
FEBRUARY 27 2017......SUNRISE   711 AM EST   SUNSET   621 PM EST
FEBRUARY 28 2017......SUNRISE   710 AM EST   SUNSET   622 PM EST


-  INDICATES NEGATIVE NUMBERS.
R  INDICATES RECORD WAS SET OR TIED.
MM INDICATES DATA IS MISSING.
T  INDICATES TRACE AMOUNT.




$$
