000
CDUS43 KDTX 260539
CLIDTW


CLIMATE REPORT
NATIONAL WEATHER SERVICE DETROIT/PONTIAC MI
139 AM EDT MON JUN 26 2017


...................................

...THE DETROIT MI CLIMATE SUMMARY FOR JUNE 25 2017...

CLIMATE NORMAL PERIOD 1981 TO 2010
CLIMATE RECORD PERIOD 1874 TO 2017


WEATHER ITEM   OBSERVED TIME   RECORD YEAR NORMAL DEPARTURE LAST
                VALUE   (LST)  VALUE       VALUE  FROM      YEAR
                                                  NORMAL
..................................................................
TEMPERATURE (F)
 YESTERDAY
  MAXIMUM         73    322 PM 104    1988  82     -9       86
  MINIMUM         56    517 AM  43    1979  62     -6       60
  AVERAGE         65                        72     -7       73

PRECIPITATION (IN)
  YESTERDAY        T             2.17 1993   0.11  -0.11     0.00
                                      1968
  MONTH TO DATE    1.46                      2.97  -1.51     1.30
  SINCE JUN 1      1.46                      2.97  -1.51     1.30
  SINCE JAN 1     18.39                     15.51   2.88    14.03

SNOWFALL (IN)
  YESTERDAY        0.0           0.0    MM   0.0    0.0      0.0
  MONTH TO DATE    0.0                       0.0    0.0      0.0
  SINCE JUN 1      0.0                       0.0    0.0      0.0
  SINCE JUL 1     37.9                      42.5   -4.6     35.3
  SNOW DEPTH       0

DEGREE DAYS
 HEATING
  YESTERDAY        0                         0      0        0
  MONTH TO DATE    9                        34    -25       14
  SINCE JUN 1      9                        34    -25       14
  SINCE JUL 1   5155                      6136   -981     5195

 COOLING
  YESTERDAY        0                         7     -7        8
  MONTH TO DATE  176                       127     49      162
  SINCE JUN 1    176                       127     49      162
  SINCE JAN 1    222                       175     47      240
..................................................................


WIND (MPH)
  HIGHEST WIND SPEED    23   HIGHEST WIND DIRECTION     W (280)
  HIGHEST GUST SPEED    28   HIGHEST GUST DIRECTION     W (280)
  AVERAGE WIND SPEED    10.9


SKY COVER
  POSSIBLE SUNSHINE  MM
  AVERAGE SKY COVER 0.6


WEATHER CONDITIONS
 THE FOLLOWING WEATHER WAS RECORDED YESTERDAY.
  NO SIGNIFICANT WEATHER WAS OBSERVED.


RELATIVE HUMIDITY (PERCENT)
 HIGHEST    83           500 AM
 LOWEST     41          1200 PM
 AVERAGE    62

..........................................................


THE DETROIT MI CLIMATE NORMALS FOR TODAY
                         NORMAL    RECORD    YEAR
 MAXIMUM TEMPERATURE (F)   82       100      1952
 MINIMUM TEMPERATURE (F)   62        44      1979


SUNRISE AND SUNSET
JUNE 26 2017..........SUNRISE   559 AM EDT   SUNSET   914 PM EDT
JUNE 27 2017..........SUNRISE   559 AM EDT   SUNSET   914 PM EDT


-  INDICATES NEGATIVE NUMBERS.
R  INDICATES RECORD WAS SET OR TIED.
MM INDICATES DATA IS MISSING.
T  INDICATES TRACE AMOUNT.




$$
