000
CDUS45 KTWC 210027
CLIDUG

CLIMATE REPORT
NATIONAL WEATHER SERVICE TUCSON AZ
526 PM MST SAT SEP 20 2014


...................................

...THE DOUGLAS AZ CLIMATE SUMMARY FOR SEPTEMBER 20 2014...
VALID TODAY AS OF 0500 PM LOCAL TIME.

CLIMATE NORMAL PERIOD 1981 TO 2010
CLIMATE RECORD PERIOD 1948 TO 2014


WEATHER ITEM   OBSERVED TIME   RECORD YEAR NORMAL DEPARTURE LAST
                VALUE   (LST)  VALUE       VALUE  FROM      YEAR
                                                  NORMAL
..................................................................
TEMPERATURE (F)
 TODAY
  MAXIMUM         86    322 PM  97    2011  89     -3       90
  MINIMUM         63    511 AM  46    1993  58      5       61
  AVERAGE         75                        73      2       76

PRECIPITATION (IN)
  TODAY            0.00                      0.05  -0.05      T
  MONTH TO DATE    3.34                      1.09   2.25     2.16
  SINCE OCT 1     13.60                     12.65   0.95    17.74
  SINCE JAN 1     12.78                     10.10   2.68    17.11

DEGREE DAYS
 HEATING
  TODAY            0                         0      0        0
  MONTH TO DATE    0                         0      0        0
  SINCE SEP 1      0                         0      0        0
  SINCE JUL 1      0                         0      0        0

 COOLING
  TODAY           10                         8      2       11
  MONTH TO DATE  199                       215    -16      224
  SINCE SEP 1    199                       215    -16      224
  SINCE JAN 1   1645                      1685    -40     1764
..................................................................


WIND (MPH)
  HIGHEST WIND SPEED    16   HIGHEST WIND DIRECTION    NW (310)
  HIGHEST GUST SPEED    25   HIGHEST GUST DIRECTION     N (340)
  AVERAGE WIND SPEED     3.7


SKY COVER
  POSSIBLE SUNSHINE  MM
  AVERAGE SKY COVER 0.1


WEATHER CONDITIONS
 THE FOLLOWING WEATHER WAS RECORDED TODAY.
  NO SIGNIFICANT WEATHER WAS OBSERVED.


RELATIVE HUMIDITY (PERCENT)
 HIGHEST    93
 LOWEST     47
 AVERAGE    70

..........................................................


THE DOUGLAS AZ CLIMATE NORMALS FOR TOMORROW
                         NORMAL    RECORD    YEAR
 MAXIMUM TEMPERATURE (F)   88        96      2011
                                             2003
 MINIMUM TEMPERATURE (F)   58        42      1965


SUNRISE AND SUNSET
SEPTEMBER 20 2014.....SUNRISE   605 AM MST   SUNSET   618 PM MST
SEPTEMBER 21 2014.....SUNRISE   606 AM MST   SUNSET   616 PM MST


-  INDICATES NEGATIVE NUMBERS.
R  INDICATES RECORD WAS SET OR TIED.
MM INDICATES DATA IS MISSING.
T  INDICATES TRACE AMOUNT.




$$
