000
CDUS45 KTWC 050844
CLIDUG

CLIMATE REPORT
NATIONAL WEATHER SERVICE TUCSON AZ
1249 AM MST MON DEC 5 2016


...................................

...THE DOUGLAS AZ CLIMATE SUMMARY FOR DECEMBER 4 2016...

CLIMATE NORMAL PERIOD 1981 TO 2010
CLIMATE RECORD PERIOD 1948 TO 2016


WEATHER ITEM   OBSERVED TIME   RECORD YEAR NORMAL DEPARTURE LAST
                VALUE   (LST)  VALUE       VALUE  FROM      YEAR
                                                  NORMAL
..................................................................
TEMPERATURE (F)
 YESTERDAY
  MAXIMUM         60    246 PM  80    1958  64     -4       70
  MINIMUM         27    629 AM  15    1957  31     -4       21
  AVERAGE         44                        47     -3       46

PRECIPITATION (IN)
  YESTERDAY        0.00          0.34 2004   0.03  -0.03     0.00
  MONTH TO DATE    0.16                      0.11   0.05     0.00
  SINCE OCT 1      0.42                      1.69  -1.27     0.86
  SINCE JAN 1     12.56                     12.24   0.32    12.22

DEGREE DAYS
 HEATING
  YESTERDAY       21                        18      3       19
  MONTH TO DATE   84                        69     15       87
  SINCE DEC 1     84                        69     15       87
  SINCE JUL 1    420                       504    -84      540

 COOLING
  YESTERDAY        0                         0      0        0
  MONTH TO DATE    0                         0      0        0
  SINCE DEC 1      0                         0      0        0
  SINCE JAN 1   1786                      1813    -27     1697
..................................................................


WIND (MPH)
  HIGHEST WIND SPEED    20   HIGHEST WIND DIRECTION     E (90)
  HIGHEST GUST SPEED    28   HIGHEST GUST DIRECTION     E (90)
  AVERAGE WIND SPEED     6.9


SKY COVER
  POSSIBLE SUNSHINE  MM
  AVERAGE SKY COVER 0.0


WEATHER CONDITIONS
 THE FOLLOWING WEATHER WAS RECORDED YESTERDAY.
  NO SIGNIFICANT WEATHER WAS OBSERVED.


RELATIVE HUMIDITY (PERCENT)
 HIGHEST   100
 LOWEST     25
 AVERAGE    63

..........................................................


THE DOUGLAS AZ CLIMATE NORMALS FOR TODAY
                         NORMAL    RECORD    YEAR
 MAXIMUM TEMPERATURE (F)   64        78      2007
 MINIMUM TEMPERATURE (F)   30        15      2005


SUNRISE AND SUNSET
DECEMBER  5 2016......SUNRISE   703 AM MST   SUNSET   515 PM MST
DECEMBER  6 2016......SUNRISE   704 AM MST   SUNSET   515 PM MST


-  INDICATES NEGATIVE NUMBERS.
R  INDICATES RECORD WAS SET OR TIED.
MM INDICATES DATA IS MISSING.
T  INDICATES TRACE AMOUNT.




$$
