000
CDUS45 KTWC 260729 RRA
CLIDUG

CLIMATE REPORT
NATIONAL WEATHER SERVICE TUCSON AZ
1229 AM MST WED APR 26 2017


...................................

...THE DOUGLAS AZ CLIMATE SUMMARY FOR APRIL 25 2017...

CLIMATE NORMAL PERIOD 1981 TO 2010
CLIMATE RECORD PERIOD 1948 TO 2017


WEATHER ITEM   OBSERVED TIME   RECORD YEAR NORMAL DEPARTURE LAST
                VALUE   (LST)  VALUE       VALUE  FROM      YEAR
                                                  NORMAL
..................................................................
TEMPERATURE (F)
 YESTERDAY
  MAXIMUM         81        MM  94    2000  82     -1       81
                                      1996
  MINIMUM         57        MM  31    1961  46     11       51
  AVERAGE         69                        64      5       66

PRECIPITATION (IN)
  YESTERDAY        0.00          0.31 1987   0.01  -0.01     0.00
  MONTH TO DATE    T                         0.19  -0.19     0.04
  SINCE OCT 1      3.05                      4.63  -1.58     2.68
  SINCE JAN 1      1.70                      2.08  -0.38     1.47

DEGREE DAYS
 HEATING
  YESTERDAY        0                         3     -3        0
  MONTH TO DATE   89                       127    -38      127
  SINCE MAR 1    270                       452   -182      394
  SINCE JUL 1   2063                      2488   -425     2566

 COOLING
  YESTERDAY        4                         2      2        1
  MONTH TO DATE   28                        16     12       18
  SINCE MAR 1     35                        17     18       18
  SINCE JAN 1     35                        17     18       18
..................................................................


WIND (MPH)
  HIGHEST WIND SPEED    32   HIGHEST WIND DIRECTION    SW (240)
  HIGHEST GUST SPEED    41   HIGHEST GUST DIRECTION     W (250)
  AVERAGE WIND SPEED    17.6


SKY COVER
  POSSIBLE SUNSHINE  MM
  AVERAGE SKY COVER 0.1


WEATHER CONDITIONS
 THE FOLLOWING WEATHER WAS RECORDED YESTERDAY.
  NO SIGNIFICANT WEATHER WAS OBSERVED.


RELATIVE HUMIDITY (PERCENT)
 HIGHEST    49
 LOWEST     14
 AVERAGE    32

..........................................................


THE DOUGLAS AZ CLIMATE NORMALS FOR TODAY
                         NORMAL    RECORD    YEAR
 MAXIMUM TEMPERATURE (F)   82        97      2000
 MINIMUM TEMPERATURE (F)   46        34      1964
                                             1961


SUNRISE AND SUNSET
APRIL 26 2017.........SUNRISE   538 AM MST   SUNSET   655 PM MST
APRIL 27 2017.........SUNRISE   537 AM MST   SUNSET   656 PM MST


-  INDICATES NEGATIVE NUMBERS.
R  INDICATES RECORD WAS SET OR TIED.
MM INDICATES DATA IS MISSING.
T  INDICATES TRACE AMOUNT.




$$
