000
CDUS45 KTWC 200731
CLIDUG

CLIMATE REPORT
NATIONAL WEATHER SERVICE TUCSON AZ
1231 AM MST FRI JAN 20 2017


...................................

...THE DOUGLAS AZ CLIMATE SUMMARY FOR JANUARY 19 2017...

CLIMATE NORMAL PERIOD 1981 TO 2010
CLIMATE RECORD PERIOD 1948 TO 2017


WEATHER ITEM   OBSERVED TIME   RECORD YEAR NORMAL DEPARTURE LAST
                VALUE   (LST)  VALUE       VALUE  FROM      YEAR
                                                  NORMAL
..................................................................
TEMPERATURE (F)
 YESTERDAY
  MAXIMUM         56    448 PM  80    2000  63     -7       67
  MINIMUM         27    659 AM  15    2002  30     -3       28
  AVERAGE         42                        46     -4       48

PRECIPITATION (IN)
  YESTERDAY        0.00          0.78 2007   0.03  -0.03     0.00
  MONTH TO DATE    0.61                      0.45   0.16     1.16
  SINCE OCT 1      1.96                      3.00  -1.04     2.37
  SINCE JAN 1      0.61                      0.45   0.16     1.16

DEGREE DAYS
 HEATING
  YESTERDAY       23                        19      4       17
  MONTH TO DATE  319                       363    -44      439
  SINCE DEC 1    823                       952   -129     1102
  SINCE JUL 1   1159                      1387   -228     1555

 COOLING
  YESTERDAY        0                         0      0        0
  MONTH TO DATE    0                         0      0        0
  SINCE DEC 1      0                         0      0        0
  SINCE JAN 1      0                         0      0        0
..................................................................


WIND (MPH)
  HIGHEST WIND SPEED    17   HIGHEST WIND DIRECTION    SW (220)
  HIGHEST GUST SPEED    23   HIGHEST GUST DIRECTION    SW (220)
  AVERAGE WIND SPEED     6.5


SKY COVER
  POSSIBLE SUNSHINE  MM
  AVERAGE SKY COVER 0.4


WEATHER CONDITIONS
 THE FOLLOWING WEATHER WAS RECORDED YESTERDAY.
  NO SIGNIFICANT WEATHER WAS OBSERVED.


RELATIVE HUMIDITY (PERCENT)
 HIGHEST    96
 LOWEST     29
 AVERAGE    63

..........................................................


THE DOUGLAS AZ CLIMATE NORMALS FOR TODAY
                         NORMAL    RECORD    YEAR
 MAXIMUM TEMPERATURE (F)   63        81      1971
 MINIMUM TEMPERATURE (F)   30        13      2008
                                             1963


SUNRISE AND SUNSET
JANUARY 20 2017.......SUNRISE   717 AM MST   SUNSET   543 PM MST
JANUARY 21 2017.......SUNRISE   716 AM MST   SUNSET   544 PM MST


-  INDICATES NEGATIVE NUMBERS.
R  INDICATES RECORD WAS SET OR TIED.
MM INDICATES DATA IS MISSING.
T  INDICATES TRACE AMOUNT.

$$
