000
CDUS45 KTWC 200029
CLIDUG

CLIMATE REPORT
NATIONAL WEATHER SERVICE TUCSON AZ
528 PM MST SUN OCT 19 2014


...................................

...THE DOUGLAS AZ CLIMATE SUMMARY FOR OCTOBER 19 2014...
VALID TODAY AS OF 0500 PM LOCAL TIME.

CLIMATE NORMAL PERIOD 1981 TO 2010
CLIMATE RECORD PERIOD 1948 TO 2014


WEATHER ITEM   OBSERVED TIME   RECORD YEAR NORMAL DEPARTURE LAST
                VALUE   (LST)  VALUE       VALUE  FROM      YEAR
                                                  NORMAL
..................................................................
TEMPERATURE (F)
 TODAY
  MAXIMUM         82    326 PM  90    2011  80      2       79
                                      2003
                                      1995
  MINIMUM         52    505 AM  32    2013  46      6       32
  AVERAGE         67                        63      4       56

PRECIPITATION (IN)
  TODAY            0.00                      0.03  -0.03     0.00
  MONTH TO DATE    1.36                      0.61   0.75     0.00
  SINCE OCT 1      1.36                      0.61   0.75     0.00
  SINCE JAN 1     14.93                     11.16   3.77    17.11

DEGREE DAYS
 HEATING
  TODAY            0                         3     -3        9
  MONTH TO DATE    5                        27    -22       58
  SINCE SEP 1      5                        29    -24       58
  SINCE JUL 1      5                        29    -24       58

 COOLING
  TODAY            2                         1      1        0
  MONTH TO DATE   34                        53    -19       23
  SINCE SEP 1    320                       334    -14      298
  SINCE JAN 1   1766                      1804    -38     1838
..................................................................


WIND (MPH)
  HIGHEST WIND SPEED    26   HIGHEST WIND DIRECTION     S (200)
  HIGHEST GUST SPEED    34   HIGHEST GUST DIRECTION    SW (230)
  AVERAGE WIND SPEED     6.1


SKY COVER
  POSSIBLE SUNSHINE  MM
  AVERAGE SKY COVER 0.1


WEATHER CONDITIONS
 THE FOLLOWING WEATHER WAS RECORDED TODAY.
  NO SIGNIFICANT WEATHER WAS OBSERVED.


RELATIVE HUMIDITY (PERCENT)
 HIGHEST    77
 LOWEST     19
 AVERAGE    48

..........................................................


THE DOUGLAS AZ CLIMATE NORMALS FOR TOMORROW
                         NORMAL    RECORD    YEAR
 MAXIMUM TEMPERATURE (F)   80        92      2007
 MINIMUM TEMPERATURE (F)   46        31      1949


SUNRISE AND SUNSET
OCTOBER 19 2014.......SUNRISE   624 AM MST   SUNSET   542 PM MST
OCTOBER 20 2014.......SUNRISE   625 AM MST   SUNSET   541 PM MST


-  INDICATES NEGATIVE NUMBERS.
R  INDICATES RECORD WAS SET OR TIED.
MM INDICATES DATA IS MISSING.
T  INDICATES TRACE AMOUNT.




$$
