000
CDUS45 KTWC 271426
CLIDUG

CLIMATE REPORT
NATIONAL WEATHER SERVICE TUCSON AZ
725 AM MST TUE JAN 27 2015


...................................

...THE DOUGLAS AZ CLIMATE SUMMARY FOR JANUARY 27 2015...
VALID AS OF 0700 AM LOCAL TIME.

CLIMATE NORMAL PERIOD 1981 TO 2010
CLIMATE RECORD PERIOD 1948 TO 2015


WEATHER ITEM   OBSERVED TIME   RECORD YEAR NORMAL DEPARTURE LAST
                VALUE   (LST)  VALUE       VALUE  FROM      YEAR
                                                  NORMAL
..................................................................
TEMPERATURE (F)
 TODAY
  MINIMUM         41    351 AM  19    1965  30     11       41

PRECIPITATION (IN)
  TODAY            0.00          0.53 2010   0.03  -0.03     0.00
  MONTH TO DATE    0.10                      0.64  -0.54      T
  SINCE OCT 1      2.07                      3.19  -1.12     0.82
  SINCE JAN 1      0.10                      0.64  -0.54      T

DEGREE DAYS
 HEATING
  TODAY           17                        18     -1       10

 COOLING
  TODAY            0                         0      0        0
..................................................................


WIND (MPH)
  HIGHEST WIND SPEED    12   HIGHEST WIND DIRECTION     N (10)
  HIGHEST GUST SPEED    12   HIGHEST GUST DIRECTION     N (20)
  AVERAGE WIND SPEED     4.4


SKY COVER
  POSSIBLE SUNSHINE  MM
  AVERAGE SKY COVER 0.7


WEATHER CONDITIONS
 THE FOLLOWING WEATHER WAS RECORDED TODAY.
  NO SIGNIFICANT WEATHER WAS OBSERVED.


RELATIVE HUMIDITY (PERCENT)
 HIGHEST    57           300 AM

..........................................................


THE DOUGLAS AZ CLIMATE NORMALS FOR TOMORROW
                         NORMAL    RECORD    YEAR
 MAXIMUM TEMPERATURE (F)   64        77      1967
 MINIMUM TEMPERATURE (F)   31        16      2009


SUNRISE AND SUNSET
JANUARY 27 2015.......SUNRISE   714 AM MST   SUNSET   549 PM MST
JANUARY 28 2015.......SUNRISE   713 AM MST   SUNSET   550 PM MST


-  INDICATES NEGATIVE NUMBERS.
R  INDICATES RECORD WAS SET OR TIED.
MM INDICATES DATA IS MISSING.
T  INDICATES TRACE AMOUNT.

$$
