000
CDUS45 KTWC 040729 RRA
CLIDUG

CLIMATE REPORT
NATIONAL WEATHER SERVICE TUCSON AZ
1229 AM MST WED MAY 4 2016


...................................

...THE DOUGLAS AZ CLIMATE SUMMARY FOR MAY 3 2016...

CLIMATE NORMAL PERIOD 1981 TO 2010
CLIMATE RECORD PERIOD 1948 TO 2016


WEATHER ITEM   OBSERVED TIME   RECORD YEAR NORMAL DEPARTURE LAST
                VALUE   (LST)  VALUE       VALUE  FROM      YEAR
                                                  NORMAL
..................................................................
TEMPERATURE (F)
 YESTERDAY
  MAXIMUM         87    348 PM  94    2000  84      3       83
  MINIMUM         45    534 AM  32    1955  48     -3       51
                                      1953
  AVERAGE         66                        66      0       67

PRECIPITATION (IN)
  YESTERDAY        0.00          0.14 1986   0.00   0.00     0.00
  MONTH TO DATE    0.00                      0.02  -0.02      T
  SINCE OCT 1      2.68                      4.69  -2.01     4.80
  SINCE JAN 1      1.47                      2.14  -0.67     2.83

DEGREE DAYS
 HEATING
  YESTERDAY        0                         2     -2        0
  MONTH TO DATE   10                         6      4        0
  SINCE MAR 1    431                       471    -40      381
  SINCE JUL 1   2603                      2507     96     2219

 COOLING
  YESTERDAY        1                         3     -2        2
  MONTH TO DATE    1                         9     -8        7
  SINCE MAR 1     19                        39    -20       11
  SINCE JAN 1     19                        39    -20       11
..................................................................


WIND (MPH)
  HIGHEST WIND SPEED    21   HIGHEST WIND DIRECTION     E (80)
  HIGHEST GUST SPEED    26   HIGHEST GUST DIRECTION     E (90)
  AVERAGE WIND SPEED     6.4


SKY COVER
  POSSIBLE SUNSHINE  MM
  AVERAGE SKY COVER 0.0


WEATHER CONDITIONS
 THE FOLLOWING WEATHER WAS RECORDED YESTERDAY.
  NO SIGNIFICANT WEATHER WAS OBSERVED.


RELATIVE HUMIDITY (PERCENT)
 HIGHEST    45
 LOWEST      9
 AVERAGE    27

..........................................................


THE DOUGLAS AZ CLIMATE NORMALS FOR TODAY
                         NORMAL    RECORD    YEAR
 MAXIMUM TEMPERATURE (F)   85        96      2000
 MINIMUM TEMPERATURE (F)   48        38      2010


SUNRISE AND SUNSET
MAY  4 2016...........SUNRISE   530 AM MST   SUNSET   701 PM MST
MAY  5 2016...........SUNRISE   529 AM MST   SUNSET   701 PM MST


-  INDICATES NEGATIVE NUMBERS.
R  INDICATES RECORD WAS SET OR TIED.
MM INDICATES DATA IS MISSING.
T  INDICATES TRACE AMOUNT.




$$
