000
CDUS43 KDVN 270911
CLIDVN


CLIMATE REPORT
NATIONAL WEATHER SERVICE QUAD CITIES IA IL
411 AM CDT WED JUL 27 2016


...................................

...THE DAVENPORT IA CLIMATE SUMMARY FOR JULY 26 2016...

CLIMATE NORMAL PERIOD 1981 TO 2010
CLIMATE RECORD PERIOD 9999 TO 9999


WEATHER ITEM   OBSERVED TIME   RECORD YEAR NORMAL DEPARTURE LAST
                VALUE   (LST)  VALUE       VALUE  FROM      YEAR
                                                  NORMAL
..................................................................
TEMPERATURE (F)
 YESTERDAY
  MAXIMUM         85    439 PM  MM      MM  83      2       84
  MINIMUM         63    500 AM  MM      MM  63      0       69
  AVERAGE         74                        73      1       77

PRECIPITATION (IN)
  YESTERDAY        0.00         MM      MM   0.11  -0.11     0.01
  MONTH TO DATE    6.60                      3.58   3.02     6.06
  SINCE JUN 1     12.19                      7.77   4.42    13.74
  SINCE JAN 1     22.75                     20.58   2.17    24.38

SNOWFALL (IN)
  YESTERDAY        0.0          MM      MM  MM     MM        0.0
  MONTH TO DATE    0.0                      MM     MM        0.0
  SINCE JUN 1      0.0                      MM     MM        0.0
  SINCE JUL 1      0.0                      MM     MM        0.0
  SNOW DEPTH       0

DEGREE DAYS
 HEATING
  YESTERDAY        0                         0      0        0
  MONTH TO DATE    4                         0      4        5
  SINCE JUN 1      9                        24    -15       12
  SINCE JUL 1      4                         0      4        5

 COOLING
  YESTERDAY        9                         8      1       12
  MONTH TO DATE  222                       217      5      181
  SINCE JUN 1    450                       399     51      367
  SINCE JAN 1    535                       460     75      447
..................................................................


WIND (MPH)
  HIGHEST WIND SPEED    10   HIGHEST WIND DIRECTION     E (90)
  HIGHEST GUST SPEED    14   HIGHEST GUST DIRECTION     E (80)
  AVERAGE WIND SPEED     3.9


SKY COVER
  POSSIBLE SUNSHINE  MM
  AVERAGE SKY COVER 0.1


WEATHER CONDITIONS
 THE FOLLOWING WEATHER WAS RECORDED YESTERDAY.
  NO SIGNIFICANT WEATHER WAS OBSERVED.


RELATIVE HUMIDITY (PERCENT)
 HIGHEST   100           200 AM
 LOWEST     48           100 PM
 AVERAGE    74

..........................................................


THE DAVENPORT IA CLIMATE NORMALS FOR TODAY
                         NORMAL    RECORD    YEAR
 MAXIMUM TEMPERATURE (F)   83        MM        MM
 MINIMUM TEMPERATURE (F)   63        MM        MM


SUNRISE AND SUNSET
JULY 27 2016..........SUNRISE   552 AM CDT   SUNSET   825 PM CDT
JULY 28 2016..........SUNRISE   553 AM CDT   SUNSET   824 PM CDT


-  INDICATES NEGATIVE NUMBERS.
R  INDICATES RECORD WAS SET OR TIED.
MM INDICATES DATA IS MISSING.
T  INDICATES TRACE AMOUNT.




$$
