000
CDUS43 KDVN 250919
CLIDVN


CLIMATE REPORT
NATIONAL WEATHER SERVICE QUAD CITIES IA IL
419 AM CDT WED MAY 25 2016


...................................

...THE DAVENPORT IA CLIMATE SUMMARY FOR MAY 24 2016...

CLIMATE NORMAL PERIOD 1981 TO 2010
CLIMATE RECORD PERIOD 9999 TO 9999


WEATHER ITEM   OBSERVED TIME   RECORD YEAR NORMAL DEPARTURE LAST
                VALUE   (LST)  VALUE       VALUE  FROM      YEAR
                                                  NORMAL
..................................................................
TEMPERATURE (F)
 YESTERDAY
  MAXIMUM         88    328 PM  MM      MM  75     13       75
  MINIMUM         62    521 AM  MM      MM  53      9       58
  AVERAGE         75                        64     11       67

PRECIPITATION (IN)
  YESTERDAY        0.00         MM      MM   0.16  -0.16     1.02
  MONTH TO DATE    1.90                      3.30  -1.40     3.88
  SINCE MAR 1      7.44                      9.33  -1.89     6.63
  SINCE JAN 1      8.22                     11.86  -3.64     9.20

SNOWFALL (IN)
  YESTERDAY        0.0          MM      MM  MM     MM        0.0
  MONTH TO DATE    0.0                      MM     MM         T
  SINCE MAR 1      1.2                      MM     MM        0.3
  SINCE JUL 1     16.6                      MM     MM       32.5
  SNOW DEPTH       0

DEGREE DAYS
 HEATING
  YESTERDAY        0                         4     -4        0
  MONTH TO DATE  178                       162     16      116
  SINCE MAR 1   1283                      1441   -158     1406
  SINCE JUL 1   5507                      6466   -959     6902

 COOLING
  YESTERDAY       10                         2      8        2
  MONTH TO DATE   19                        34    -15       47
  SINCE MAR 1     30                        40    -10       48
  SINCE JAN 1     30                        40    -10       48
..................................................................


WIND (MPH)
  HIGHEST WIND SPEED    22   HIGHEST WIND DIRECTION     S (190)
  HIGHEST GUST SPEED    27   HIGHEST GUST DIRECTION     S (170)
  AVERAGE WIND SPEED    10.4


SKY COVER
  POSSIBLE SUNSHINE  MM
  AVERAGE SKY COVER 0.1


WEATHER CONDITIONS
 THE FOLLOWING WEATHER WAS RECORDED YESTERDAY.
  NO SIGNIFICANT WEATHER WAS OBSERVED.


RELATIVE HUMIDITY (PERCENT)
 HIGHEST    73          1100 PM
 LOWEST     34           400 PM
 AVERAGE    54

..........................................................


THE DAVENPORT IA CLIMATE NORMALS FOR TODAY
                         NORMAL    RECORD    YEAR
 MAXIMUM TEMPERATURE (F)   75        MM        MM
 MINIMUM TEMPERATURE (F)   53        MM        MM


SUNRISE AND SUNSET
MAY 25 2016...........SUNRISE   534 AM CDT   SUNSET   825 PM CDT
MAY 26 2016...........SUNRISE   534 AM CDT   SUNSET   826 PM CDT


-  INDICATES NEGATIVE NUMBERS.
R  INDICATES RECORD WAS SET OR TIED.
MM INDICATES DATA IS MISSING.
T  INDICATES TRACE AMOUNT.




$$
