634
CDUS43 KDVN 101024
CLIDVN


CLIMATE REPORT
NATIONAL WEATHER SERVICE QUAD CITIES IA IL
423 AM CST SAT DEC 10 2016


...................................

...THE DAVENPORT IA CLIMATE SUMMARY FOR DECEMBER 9 2016...

CLIMATE NORMAL PERIOD 1981 TO 2010
CLIMATE RECORD PERIOD 9999 TO 9999


WEATHER ITEM   OBSERVED TIME   RECORD YEAR NORMAL DEPARTURE LAST
                VALUE   (LST)  VALUE       VALUE  FROM      YEAR
                                                  NORMAL
..................................................................
TEMPERATURE (F)
 YESTERDAY
  MAXIMUM         24   1228 PM  MM      MM  35    -11       50
  MINIMUM         16    819 AM  MM      MM  19     -3       32
  AVERAGE         20                        27     -7       41

PRECIPITATION (IN)
  YESTERDAY        T            MM      MM   0.07  -0.07     0.00
  MONTH TO DATE    0.51                      0.63  -0.12     0.02
  SINCE DEC 1      0.51                      0.63  -0.12     0.02
  SINCE JAN 1     39.46                     34.93   4.53    42.10

SNOWFALL (IN)
  YESTERDAY        T            MM      MM  MM     MM        0.0
  MONTH TO DATE   10.2                      MM     MM        0.5
  SINCE DEC 1     10.2                      MM     MM        0.5
  SINCE JUL 1     10.2                      MM     MM        7.4
  SNOW DEPTH       T

DEGREE DAYS
 HEATING
  YESTERDAY       45                        38      7       24
  MONTH TO DATE  320                       325     -5      251
  SINCE DEC 1    320                       325     -5      251
  SINCE JUL 1   1175                      1673   -498     1314

 COOLING
  YESTERDAY        0                         0      0        0
  MONTH TO DATE    0                         0      0        0
  SINCE DEC 1      0                         0      0        0
  SINCE JAN 1   1063                       786    277      867
..................................................................


WIND (MPH)
  HIGHEST WIND SPEED    21   HIGHEST WIND DIRECTION    NW (300)
  HIGHEST GUST SPEED    25   HIGHEST GUST DIRECTION    NW (300)
  AVERAGE WIND SPEED     9.1


SKY COVER
  POSSIBLE SUNSHINE  MM
  AVERAGE SKY COVER 0.7


WEATHER CONDITIONS
 THE FOLLOWING WEATHER WAS RECORDED YESTERDAY.
  LIGHT SNOW


RELATIVE HUMIDITY (PERCENT)
 HIGHEST    88           800 AM
 LOWEST     65           300 PM
 AVERAGE    77

..........................................................


THE DAVENPORT IA CLIMATE NORMALS FOR TODAY
                         NORMAL    RECORD    YEAR
 MAXIMUM TEMPERATURE (F)   35        MM        MM
 MINIMUM TEMPERATURE (F)   19        MM        MM


SUNRISE AND SUNSET
DECEMBER 10 2016......SUNRISE   719 AM CST   SUNSET   432 PM CST
DECEMBER 11 2016......SUNRISE   719 AM CST   SUNSET   432 PM CST


-  INDICATES NEGATIVE NUMBERS.
R  INDICATES RECORD WAS SET OR TIED.
MM INDICATES DATA IS MISSING.
T  INDICATES TRACE AMOUNT.




$$
