000
CDUS43 KDVN 222125
CLIDVN


CLIMATE REPORT
NATIONAL WEATHER SERVICE QUAD CITIES IA IL
424 PM CDT SAT JUL 22 2017


...................................

...THE DAVENPORT IA CLIMATE SUMMARY FOR JULY 22 2017...
VALID TODAY AS OF 0400 PM LOCAL TIME.

CLIMATE NORMAL PERIOD 1981 TO 2010
CLIMATE RECORD PERIOD 9999 TO 9999


WEATHER ITEM   OBSERVED TIME   RECORD YEAR NORMAL DEPARTURE LAST
                VALUE   (LST)  VALUE       VALUE  FROM      YEAR
                                                  NORMAL
..................................................................
TEMPERATURE (F)
 TODAY
  MAXIMUM         82    205 PM  MM      MM  83     -1       88
  MINIMUM         68    605 AM  MM      MM  63      5       68
  AVERAGE         75                        73      2       78

PRECIPITATION (IN)
  TODAY            2.78         MM      MM   0.16   2.62     0.26
  MONTH TO DATE    6.41                      3.12   3.29     6.57
  SINCE JUN 1     11.60                      7.31   4.29    12.16
  SINCE JAN 1     26.04                     20.12   5.92    22.72

SNOWFALL (IN)
  TODAY            0.0          MM      MM  MM     MM        0.0
  MONTH TO DATE    0.0                      MM     MM        0.0
  SINCE JUN 1      0.0                      MM     MM        0.0
  SINCE JUL 1      0.0                      MM     MM        0.0
  SNOW DEPTH       0

DEGREE DAYS
 HEATING
  TODAY            0                         0      0        0
  MONTH TO DATE    0                         0      0        4
  SINCE JUN 1     11                        24    -13        9
  SINCE JUL 1      0                         0      0        4

 COOLING
  TODAY           10                         8      2       13
  MONTH TO DATE  204                       185     19      171
  SINCE JUN 1    422                       367     55      399
  SINCE JAN 1    474                       428     46      484
..................................................................


WIND (MPH)
  HIGHEST WIND SPEED    32   HIGHEST WIND DIRECTION    NE (40)
  HIGHEST GUST SPEED    37   HIGHEST GUST DIRECTION    NE (40)
  AVERAGE WIND SPEED     7.1


SKY COVER
  POSSIBLE SUNSHINE  MM
  AVERAGE SKY COVER 0.8


WEATHER CONDITIONS
 THE FOLLOWING WEATHER WAS RECORDED TODAY.
  THUNDERSTORM
  HEAVY RAIN
  RAIN
  LIGHT RAIN
  FOG


RELATIVE HUMIDITY (PERCENT)
 HIGHEST    97           200 AM
 LOWEST     74          1000 AM
 AVERAGE    86

..........................................................


THE DAVENPORT IA CLIMATE NORMALS FOR TOMORROW
                         NORMAL    RECORD    YEAR
 MAXIMUM TEMPERATURE (F)   83        MM        MM
 MINIMUM TEMPERATURE (F)   63        MM        MM


SUNRISE AND SUNSET
JULY 22 2017..........SUNRISE   548 AM CDT   SUNSET   830 PM CDT
JULY 23 2017..........SUNRISE   548 AM CDT   SUNSET   829 PM CDT


-  INDICATES NEGATIVE NUMBERS.
R  INDICATES RECORD WAS SET OR TIED.
MM INDICATES DATA IS MISSING.
T  INDICATES TRACE AMOUNT.




$$
