000
CDUS43 KDVN 241038
CLIDVN


CLIMATE REPORT
NATIONAL WEATHER SERVICE QUAD CITIES IA IL
436 AM CST MON NOV 24 2014


...................................

...THE DAVENPORT IA CLIMATE SUMMARY FOR NOVEMBER 23 2014...

CLIMATE NORMAL PERIOD 1981 TO 2010
CLIMATE RECORD PERIOD 9999 TO 9999


WEATHER ITEM   OBSERVED TIME   RECORD YEAR NORMAL DEPARTURE LAST
                VALUE   (LST)  VALUE       VALUE  FROM      YEAR
                                                  NORMAL
..................................................................
TEMPERATURE (F)
 YESTERDAY
  MAXIMUM         52    339 PM  MM      MM  44      8       24
  MINIMUM         43   1159 PM  MM      MM  26     17        7
  AVERAGE         48                        35     13       16

PRECIPITATION (IN)
  YESTERDAY        1.14         MM      MM   0.07   1.07      T
  MONTH TO DATE    1.67                      1.94  -0.27     1.70
  SINCE SEP 1      8.61                      7.97   0.64     5.38
  SINCE JAN 1     33.30                     33.79  -0.49    33.77

SNOWFALL (IN)
  YESTERDAY        0.0          MM      MM  MM     MM         T
  MONTH TO DATE    1.6                      MM     MM        0.7
  SINCE SEP 1      1.6                      MM     MM        3.2
  SINCE JUL 1      1.6                      MM     MM        3.2
  SNOW DEPTH       0

DEGREE DAYS
 HEATING
  YESTERDAY       17                        30    -13       49
  MONTH TO DATE  748                       561    187      595
  SINCE SEP 1   1316                      1107    209     1112
  SINCE JUL 1   1337                      1121    216     1131

 COOLING
  YESTERDAY        0                         0      0        0
  MONTH TO DATE    0                         0      0        0
  SINCE SEP 1     69                        82    -13      165
  SINCE JAN 1    728                       786    -58      938
..................................................................


WIND (MPH)
  HIGHEST WIND SPEED    25   HIGHEST WIND DIRECTION    NW (300)
  HIGHEST GUST SPEED    29   HIGHEST GUST DIRECTION    NW (300)
  AVERAGE WIND SPEED    11.6


SKY COVER
  POSSIBLE SUNSHINE  MM
  AVERAGE SKY COVER 1.0


WEATHER CONDITIONS
 THE FOLLOWING WEATHER WAS RECORDED YESTERDAY.
  HEAVY RAIN
  RAIN
  LIGHT RAIN
  FOG
  FOG W/VISIBILITY <= 1/4 MILE


RELATIVE HUMIDITY (PERCENT)
 HIGHEST    93          1000 AM
 LOWEST     83           100 AM
 AVERAGE    88

..........................................................


THE DAVENPORT IA CLIMATE NORMALS FOR TODAY
                         NORMAL    RECORD    YEAR
 MAXIMUM TEMPERATURE (F)   43        MM        MM
 MINIMUM TEMPERATURE (F)   26        MM        MM


SUNRISE AND SUNSET
NOVEMBER 24 2014......SUNRISE   702 AM CST   SUNSET   436 PM CST
NOVEMBER 25 2014......SUNRISE   703 AM CST   SUNSET   435 PM CST


-  INDICATES NEGATIVE NUMBERS.
R  INDICATES RECORD WAS SET OR TIED.
MM INDICATES DATA IS MISSING.
T  INDICATES TRACE AMOUNT.




$$
