000
CDUS46 KOTX 250434
CLIEAT


CLIMATE REPORT
NATIONAL WEATHER SERVICE SPOKANE, WA
933 PM PDT SUN SEP 24 2017


...................................

...THE WENATCHEE WA PANGBORN FIELD CLIMATE SUMMARY FOR SEPTEMBER 24 2017...
VALID TODAY AS OF 0800 PM LOCAL TIME.

CLIMATE NORMAL PERIOD 1981 TO 2010
CLIMATE RECORD PERIOD 1959 TO 2017


WEATHER ITEM   OBSERVED TIME   RECORD YEAR NORMAL DEPARTURE LAST
                VALUE   (LST)  VALUE       VALUE  FROM      YEAR
                                                  NORMAL
..................................................................
TEMPERATURE (F)
 TODAY
  MAXIMUM         73    351 PM  90    2009  73      0       72
  MINIMUM         47    558 AM  38    1984  49     -2       49
  AVERAGE         60                        61     -1       61

PRECIPITATION (IN)
  TODAY            0.00          0.09 1982   0.01  -0.01     0.00
                                      1982
                                      2014
  MONTH TO DATE    0.02                      0.27  -0.25     0.05
  SINCE OCT 1      9.90                      7.94   1.96    11.21
  SINCE JAN 1      7.08                      4.99   2.09     7.35

DEGREE DAYS
 HEATING
  TODAY            5                         5      0        4
  MONTH TO DATE   83                        62     21       68
  SINCE SEP 1     83                        62     21       68
  SINCE JUL 1     83                        76      7       72

 COOLING
  TODAY            0                         1     -1        0
  MONTH TO DATE  113                        76     37       17
  SINCE SEP 1    113                        76     37       17
  SINCE JAN 1   1058                       864    194      790
..................................................................


WIND (MPH)
  HIGHEST WIND SPEED    12   HIGHEST WIND DIRECTION     E (80)
  HIGHEST GUST SPEED    18   HIGHEST GUST DIRECTION     E (110)
  AVERAGE WIND SPEED     6.0


SKY COVER
  POSSIBLE SUNSHINE  MM
  AVERAGE SKY COVER 0.1


WEATHER CONDITIONS
 THE FOLLOWING WEATHER WAS RECORDED TODAY.
  NO SIGNIFICANT WEATHER WAS OBSERVED.


RELATIVE HUMIDITY (PERCENT)
 HIGHEST    82           600 AM
 LOWEST     29           300 PM
 AVERAGE    56

..........................................................


THE WENATCHEE WA PANGBORN FIELD CLIMATE NORMALS FOR TOMORROW
                         NORMAL    RECORD    YEAR
 MAXIMUM TEMPERATURE (F)   73        87      1962
 MINIMUM TEMPERATURE (F)   49        34      1972


SUNRISE AND SUNSET
SEPTEMBER 24 2017.....SUNRISE   651 AM PDT   SUNSET   654 PM PDT
SEPTEMBER 25 2017.....SUNRISE   652 AM PDT   SUNSET   652 PM PDT


-  INDICATES NEGATIVE NUMBERS.
R  INDICATES RECORD WAS SET OR TIED.
MM INDICATES DATA IS MISSING.
T  INDICATES TRACE AMOUNT.




$$
