000
CDUS46 KOTX 180827
CLIEAT


CLIMATE REPORT
NATIONAL WEATHER SERVICE SPOKANE, WA
126 AM PDT THU SEP 18 2014


...................................

...THE WENATCHEE WA PANGBORN FIELD CLIMATE SUMMARY FOR SEPTEMBER 17 2014...

CLIMATE NORMAL PERIOD 1981 TO 2010
CLIMATE RECORD PERIOD 1959 TO 2014


WEATHER ITEM   OBSERVED TIME   RECORD YEAR NORMAL DEPARTURE LAST
                VALUE   (LST)  VALUE       VALUE  FROM      YEAR
                                                  NORMAL
..................................................................
TEMPERATURE (F)
 YESTERDAY
  MAXIMUM         83    324 PM  93    1981  76      7       71
  MINIMUM         64    643 AM  39    1965  52     12       57
  AVERAGE         74                        64     10       64

PRECIPITATION (IN)
  YESTERDAY        0.00          0.42 1986   0.01  -0.01     0.00
  MONTH TO DATE    T                         0.18  -0.18     0.62
  SINCE OCT 1      4.52                      7.85  -3.33    10.30
  SINCE JAN 1      3.96                      4.90  -0.94     6.50

SNOWFALL (IN)
  YESTERDAY       MM             0.0  1999   0.0   MM       MM
  MONTH TO DATE   MM                         0.0   MM       MM
  SINCE SEP 1     MM                         0.0   MM       MM
  SINCE JUL 1     MM                         0.0   MM       MM
  SNOW DEPTH      MM

DEGREE DAYS
 HEATING
  YESTERDAY        0                         3     -3        1
  MONTH TO DATE   16                        32    -16        4
  SINCE SEP 1     16                        32    -16        4
  SINCE JUL 1     16                        46    -30        4

 COOLING
  YESTERDAY        9                         2      7        0
  MONTH TO DATE   65                        64      1      146
  SINCE SEP 1     65                        64      1      146
  SINCE JAN 1   1156                       852    304     1027
..................................................................


WIND (MPH)
  HIGHEST WIND SPEED    15   HIGHEST WIND DIRECTION    NW (310)
  HIGHEST GUST SPEED    19   HIGHEST GUST DIRECTION    NW (320)
  AVERAGE WIND SPEED     6.1


SKY COVER
  POSSIBLE SUNSHINE  MM
  AVERAGE SKY COVER 0.0


WEATHER CONDITIONS
 THE FOLLOWING WEATHER WAS RECORDED YESTERDAY.
  NO SIGNIFICANT WEATHER WAS OBSERVED.


RELATIVE HUMIDITY (PERCENT)
 HIGHEST    52           500 AM
 LOWEST     24           200 PM
 AVERAGE    38

..........................................................


THE WENATCHEE WA PANGBORN FIELD CLIMATE NORMALS FOR TODAY
                         NORMAL    RECORD    YEAR
 MAXIMUM TEMPERATURE (F)   76        90      1994
 MINIMUM TEMPERATURE (F)   52        41      1988


SUNRISE AND SUNSET
SEPTEMBER 18 2014.....SUNRISE   642 AM PDT   SUNSET   706 PM PDT
SEPTEMBER 19 2014.....SUNRISE   644 AM PDT   SUNSET   704 PM PDT


-  INDICATES NEGATIVE NUMBERS.
R  INDICATES RECORD WAS SET OR TIED.
MM INDICATES DATA IS MISSING.
T  INDICATES TRACE AMOUNT.




$$
