000
CDUS46 KOTX 030828
CLIEAT


CLIMATE REPORT
NATIONAL WEATHER SERVICE SPOKANE, WA
1227 AM PST SAT DEC 3 2016


...................................

...THE WENATCHEE WA PANGBORN FIELD CLIMATE SUMMARY FOR DECEMBER 2 2016...

CLIMATE NORMAL PERIOD 1981 TO 2010
CLIMATE RECORD PERIOD 1959 TO 2016


WEATHER ITEM   OBSERVED TIME   RECORD YEAR NORMAL DEPARTURE LAST
                VALUE   (LST)  VALUE       VALUE  FROM      YEAR
                                                  NORMAL
..................................................................
TEMPERATURE (F)
 YESTERDAY
  MAXIMUM         35   1011 PM  58    1975  36     -1       32
  MINIMUM         29    446 AM   8    1985  26      3       22
  AVERAGE         32                        31      1       27

PRECIPITATION (IN)
  YESTERDAY        0.00          0.78 1980   0.05  -0.05     0.07
  MONTH TO DATE    0.00                      0.10  -0.10     0.09
  SINCE OCT 1      2.41                      1.65   0.76     1.13
  SINCE JAN 1      9.76                      6.71   3.05     5.52

SNOWFALL (IN)
  YESTERDAY        0.0

DEGREE DAYS
 HEATING
  YESTERDAY       33                        34     -1       38
  MONTH TO DATE   59                        68     -9       77
  SINCE DEC 1     59                        68     -9       77
  SINCE JUL 1   1136                      1440   -304     1142

 COOLING
  YESTERDAY        0                         0      0        0
  MONTH TO DATE    0                         0      0        0
  SINCE DEC 1      0                         0      0        0
  SINCE JAN 1    801                       790     11     1397
..................................................................


WIND (MPH)
  HIGHEST WIND SPEED    16   HIGHEST WIND DIRECTION     E (100)
  HIGHEST GUST SPEED    23   HIGHEST GUST DIRECTION     E (90)
  AVERAGE WIND SPEED     4.6


SKY COVER
  POSSIBLE SUNSHINE  MM
  AVERAGE SKY COVER 0.6


WEATHER CONDITIONS
 THE FOLLOWING WEATHER WAS RECORDED YESTERDAY.
  NO SIGNIFICANT WEATHER WAS OBSERVED.


RELATIVE HUMIDITY (PERCENT)
 HIGHEST    92           400 AM
 LOWEST     75          1200 AM
 AVERAGE    84

..........................................................


THE WENATCHEE WA PANGBORN FIELD CLIMATE NORMALS FOR TODAY
                         NORMAL    RECORD    YEAR
 MAXIMUM TEMPERATURE (F)   35        57      1975
 MINIMUM TEMPERATURE (F)   26         6      1984


SUNRISE AND SUNSET
DECEMBER  3 2016......SUNRISE   730 AM PST   SUNSET   411 PM PST
DECEMBER  4 2016......SUNRISE   731 AM PST   SUNSET   411 PM PST


-  INDICATES NEGATIVE NUMBERS.
R  INDICATES RECORD WAS SET OR TIED.
MM INDICATES DATA IS MISSING.
T  INDICATES TRACE AMOUNT.




$$
