000
CDUS46 KOTX 180033
CLIEAT


CLIMATE REPORT
NATIONAL WEATHER SERVICE SPOKANE, WA
432 PM PST FRI NOV 17 2017


...................................

...THE WENATCHEE WA PANGBORN FIELD CLIMATE SUMMARY FOR NOVEMBER 17 2017...
VALID AS OF 0400 PM LOCAL TIME.

CLIMATE NORMAL PERIOD 1981 TO 2010
CLIMATE RECORD PERIOD 1959 TO 2017


WEATHER ITEM   OBSERVED TIME   RECORD YEAR NORMAL DEPARTURE LAST
                VALUE   (LST)  VALUE       VALUE  FROM      YEAR
                                                  NORMAL
..................................................................
TEMPERATURE (F)
 TODAY
  MAXIMUM         50   1251 PM  58    2015  43      7       45
  MINIMUM         30    653 AM  14    1959  31     -1       31
  AVERAGE         40                        37      3       38

PRECIPITATION (IN)
  TODAY            0.00          0.35 2015   0.04  -0.04     0.00
  MONTH TO DATE    0.79                      0.58   0.21     0.28
  SINCE OCT 1      1.60                      1.02   0.58     2.31
  SINCE JAN 1      8.68                      6.08   2.60     9.66

SNOWFALL (IN)
  TODAY           MM

DEGREE DAYS
 HEATING
  TODAY           25                        28     -3       27
  MONTH TO DATE  466                       421     45      271
  SINCE SEP 1   1066                       957    109      774
  SINCE JUL 1   1066                       971     95      778

 COOLING
  TODAY            0                         0      0        0
  MONTH TO DATE    0                         0      0        0
  SINCE SEP 1    113                         2    111       28
  SINCE JAN 1   1058                       790    268      801
..................................................................


WIND (MPH)
  HIGHEST WIND SPEED    21   HIGHEST WIND DIRECTION     W (270)
  HIGHEST GUST SPEED    27   HIGHEST GUST DIRECTION     W (270)
  AVERAGE WIND SPEED     6.8


SKY COVER
  POSSIBLE SUNSHINE  MM
  AVERAGE SKY COVER 0.1


WEATHER CONDITIONS
 THE FOLLOWING WEATHER WAS RECORDED TODAY.
  NO SIGNIFICANT WEATHER WAS OBSERVED.


RELATIVE HUMIDITY (PERCENT)
 HIGHEST   100           700 AM
 LOWEST     39          1200 PM
 AVERAGE    70

..........................................................


THE WENATCHEE WA PANGBORN FIELD CLIMATE NORMALS FOR TOMORROW
                         NORMAL    RECORD    YEAR
 MAXIMUM TEMPERATURE (F)   42        60      2003
                                             1995
 MINIMUM TEMPERATURE (F)   31         4      1985


SUNRISE AND SUNSET
NOVEMBER 17 2017......SUNRISE   709 AM PST   SUNSET   422 PM PST
NOVEMBER 18 2017......SUNRISE   710 AM PST   SUNSET   421 PM PST


-  INDICATES NEGATIVE NUMBERS.
R  INDICATES RECORD WAS SET OR TIED.
MM INDICATES DATA IS MISSING.
T  INDICATES TRACE AMOUNT.




$$
