000
CDUS46 KOTX 090835
CLIEAT


CLIMATE REPORT
NATIONAL WEATHER SERVICE SPOKANE, WA
1234 AM PST TUE FEB 9 2016


...................................

...THE WENATCHEE WA PANGBORN FIELD CLIMATE SUMMARY FOR FEBRUARY 8 2016...

CLIMATE NORMAL PERIOD 1981 TO 2010
CLIMATE RECORD PERIOD 1959 TO 2016


WEATHER ITEM   OBSERVED TIME   RECORD YEAR NORMAL DEPARTURE LAST
                VALUE   (LST)  VALUE       VALUE  FROM      YEAR
                                                  NORMAL
..................................................................
TEMPERATURE (F)
 YESTERDAY
  MAXIMUM         45    312 PM  53    1995  40      5       48
  MINIMUM         28    824 AM   5    1994  27      1       37
  AVERAGE         37                        33      4       43

PRECIPITATION (IN)
  YESTERDAY        0.00          0.41 2002   0.03  -0.03     0.23
  MONTH TO DATE    0.06                      0.24  -0.18     0.55
  SINCE OCT 1      6.14                      4.25   1.89     4.36
  SINCE JAN 1      2.28                      1.30   0.98     1.18

SNOWFALL (IN)
  YESTERDAY       MM

DEGREE DAYS
 HEATING
  YESTERDAY       28                        32     -4       22
  MONTH TO DATE  267                       259      8      203
  SINCE DEC 1   2320                      2507   -187     2126
  SINCE JUL 1   3385                      3879   -494     3232

 COOLING
  YESTERDAY        0                         0      0        0
  MONTH TO DATE    0                         0      0        0
  SINCE DEC 1      0                         0      0        0
  SINCE JAN 1      0                         0      0        0
..................................................................


WIND (MPH)
  HIGHEST WIND SPEED     9   HIGHEST WIND DIRECTION     W (260)
  HIGHEST GUST SPEED    10   HIGHEST GUST DIRECTION     W (260)
  AVERAGE WIND SPEED     3.1


SKY COVER
  POSSIBLE SUNSHINE  MM
  AVERAGE SKY COVER 0.0


WEATHER CONDITIONS
 THE FOLLOWING WEATHER WAS RECORDED YESTERDAY.
  NO SIGNIFICANT WEATHER WAS OBSERVED.


RELATIVE HUMIDITY (PERCENT)
 HIGHEST    85           500 AM
 LOWEST     53           100 PM
 AVERAGE    69

..........................................................


THE WENATCHEE WA PANGBORN FIELD CLIMATE NORMALS FOR TODAY
                         NORMAL    RECORD    YEAR
 MAXIMUM TEMPERATURE (F)   40        55      1998
 MINIMUM TEMPERATURE (F)   27         8      1985


SUNRISE AND SUNSET
FEBRUARY  9 2016......SUNRISE   716 AM PST   SUNSET   515 PM PST
FEBRUARY 10 2016......SUNRISE   715 AM PST   SUNSET   516 PM PST


-  INDICATES NEGATIVE NUMBERS.
R  INDICATES RECORD WAS SET OR TIED.
MM INDICATES DATA IS MISSING.
T  INDICATES TRACE AMOUNT.




$$
