000
CDUS43 KMPX 250628
CLIEAU


CLIMATE REPORT
NATIONAL WEATHER SERVICE CHANHASSEN MN
127 AM CDT SAT MAR 25 2017


...................................

...THE EAU CLAIRE WI CLIMATE SUMMARY FOR MARCH 24 2017...

CLIMATE NORMAL PERIOD 1981 TO 2010
CLIMATE RECORD PERIOD 1893 TO 2017


WEATHER ITEM   OBSERVED TIME   RECORD YEAR NORMAL DEPARTURE LAST
                VALUE   (LST)  VALUE       VALUE  FROM      YEAR
                                                  NORMAL
..................................................................
TEMPERATURE (F)
 YESTERDAY
  MAXIMUM         42    422 PM  78    1939  45     -3       45
                                      1910
  MINIMUM         37    723 AM -11    1965  25     12       22
  AVERAGE         40                        35      5       34

PRECIPITATION (IN)
  YESTERDAY        0.14          1.11 1996   0.07   0.07     0.36
  MONTH TO DATE    1.05                      1.23  -0.18     2.97
  SINCE MAR 1      1.05                      1.23  -0.18     2.97
  SINCE JAN 1      5.13                      2.93   2.20     4.13

SNOWFALL (IN)
  YESTERDAY        0.0           7.9  1996   0.2   -0.2      4.4
  MONTH TO DATE    4.8                       7.1   -2.3     12.1
  SINCE MAR 1      4.8                       7.1   -2.3     12.1
  SINCE JUL 1     53.7                      43.4   10.3     36.2
  SNOW DEPTH       0

DEGREE DAYS
 HEATING
  YESTERDAY       25                        30     -5       31
  MONTH TO DATE  884                       846     38      638
  SINCE MAR 1    884                       846     38      638
  SINCE JUL 1   5994                      6866   -872     5816

 COOLING
  YESTERDAY        0                         0      0        0
  MONTH TO DATE    0                         0      0        0
  SINCE MAR 1      0                         0      0        0
  SINCE JAN 1      0                         0      0        0
..................................................................


WIND (MPH)
  HIGHEST WIND SPEED    16   HIGHEST WIND DIRECTION     E (70)
  HIGHEST GUST SPEED    20   HIGHEST GUST DIRECTION    NE (40)
  AVERAGE WIND SPEED     6.5


SKY COVER
  POSSIBLE SUNSHINE  MM
  AVERAGE SKY COVER 1.0


WEATHER CONDITIONS
 THE FOLLOWING WEATHER WAS RECORDED YESTERDAY.
  RAIN
  LIGHT RAIN
  FOG


RELATIVE HUMIDITY (PERCENT)
 HIGHEST   100          1200 AM
 LOWEST     79           500 PM
 AVERAGE    90

..........................................................


THE EAU CLAIRE WI CLIMATE NORMALS FOR TODAY
                         NORMAL    RECORD    YEAR
 MAXIMUM TEMPERATURE (F)   46        80      2007
 MINIMUM TEMPERATURE (F)   25        -1      1955
                                             1940


SUNRISE AND SUNSET
MARCH 25 2017.........SUNRISE   659 AM CDT   SUNSET   725 PM CDT
MARCH 26 2017.........SUNRISE   657 AM CDT   SUNSET   726 PM CDT


-  INDICATES NEGATIVE NUMBERS.
R  INDICATES RECORD WAS SET OR TIED.
MM INDICATES DATA IS MISSING.
T  INDICATES TRACE AMOUNT.




$$
