000
CDUS43 KMPX 270704
CLIEAU


CLIMATE REPORT
NATIONAL WEATHER SERVICE CHANHASSEN MN
203 AM CDT TUE JUN 27 2017


...................................

...THE EAU CLAIRE WI CLIMATE SUMMARY FOR JUNE 26 2017...

CLIMATE NORMAL PERIOD 1981 TO 2010
CLIMATE RECORD PERIOD 1893 TO 2017


WEATHER ITEM   OBSERVED TIME   RECORD YEAR NORMAL DEPARTURE LAST
                VALUE   (LST)  VALUE       VALUE  FROM      YEAR
                                                  NORMAL
..................................................................
TEMPERATURE (F)
 YESTERDAY
  MAXIMUM         70    305 PM 101    1931  82    -12       85
  MINIMUM         43R   218 AM  43    2017  59    -16       65
                                      1926
  AVERAGE         57                        70    -13       75

PRECIPITATION (IN)
  YESTERDAY        0.04          2.58 1986   0.14  -0.10     0.00
  MONTH TO DATE    5.02                      3.59   1.43     6.05
  SINCE JUN 1      5.02                      3.59   1.43     6.05
  SINCE JAN 1     19.52                     13.23   6.29    18.24

SNOWFALL (IN)
  YESTERDAY        0.0           0.0    MM   0.0    0.0      0.0
  MONTH TO DATE    0.0                       0.0    0.0      0.0
  SINCE JUN 1      0.0                       0.0    0.0      0.0
  SINCE JUL 1     54.5                      46.8    7.7     38.0
  SNOW DEPTH       0

DEGREE DAYS
 HEATING
  YESTERDAY        8                         1      7        0
  MONTH TO DATE   34                        58    -24       29
  SINCE JUN 1     34                        58    -24       29
  SINCE JUL 1   7003                      7955   -952     6840

 COOLING
  YESTERDAY        0                         6     -6       10
  MONTH TO DATE   98                        96      2      123
  SINCE JUN 1     98                        96      2      123
  SINCE JAN 1    106                       128    -22      163
..................................................................


WIND (MPH)
  HIGHEST WIND SPEED    20   HIGHEST WIND DIRECTION     N (340)
  HIGHEST GUST SPEED    29   HIGHEST GUST DIRECTION    NW (330)
  AVERAGE WIND SPEED     7.5


SKY COVER
  POSSIBLE SUNSHINE  MM
  AVERAGE SKY COVER 0.2


WEATHER CONDITIONS
 THE FOLLOWING WEATHER WAS RECORDED YESTERDAY.
  RAIN


RELATIVE HUMIDITY (PERCENT)
 HIGHEST   100           300 AM
 LOWEST     37           200 PM
 AVERAGE    69

..........................................................


THE EAU CLAIRE WI CLIMATE NORMALS FOR TODAY
                         NORMAL    RECORD    YEAR
 MAXIMUM TEMPERATURE (F)   82       100      1931
 MINIMUM TEMPERATURE (F)   59        39      1992


SUNRISE AND SUNSET
JUNE 27 2017..........SUNRISE   522 AM CDT   SUNSET   856 PM CDT
JUNE 28 2017..........SUNRISE   522 AM CDT   SUNSET   856 PM CDT


-  INDICATES NEGATIVE NUMBERS.
R  INDICATES RECORD WAS SET OR TIED.
MM INDICATES DATA IS MISSING.
T  INDICATES TRACE AMOUNT.




$$
