000
CDUS43 KMPX 170641
CLIEAU


CLIMATE REPORT
NATIONAL WEATHER SERVICE CHANHASSEN MN
1241 AM CST TUE JAN 17 2017


...................................

...THE EAU CLAIRE WI CLIMATE SUMMARY FOR JANUARY 16 2017...

CLIMATE NORMAL PERIOD 1981 TO 2010
CLIMATE RECORD PERIOD 1893 TO 2017


WEATHER ITEM   OBSERVED TIME   RECORD YEAR NORMAL DEPARTURE LAST
                VALUE   (LST)  VALUE       VALUE  FROM      YEAR
                                                  NORMAL
..................................................................
TEMPERATURE (F)
 YESTERDAY
  MAXIMUM         32   1159 PM  47    1973  23      9       18
  MINIMUM          3    704 AM -27    1977   5     -2      -10
  AVERAGE         18                        14      4        4

PRECIPITATION (IN)
  YESTERDAY        0.53          0.73 1915   0.03   0.50     0.00
  MONTH TO DATE    1.34                      0.45   0.89     0.36
  SINCE DEC 1      3.44                      1.45   1.99     4.20
  SINCE JAN 1      1.34                      0.45   0.89     0.36

SNOWFALL (IN)
  YESTERDAY        0.0           5.3  1915   0.5   -0.5      0.0
  MONTH TO DATE   11.0                       6.5    4.5      4.0
  SINCE DEC 1     30.2                      16.0   14.2     13.4
  SINCE JUL 1     31.9                      22.3    9.6     14.8
  SNOW DEPTH       9

DEGREE DAYS
 HEATING
  YESTERDAY       47                        51     -4       61
  MONTH TO DATE  910                       811     99      796
  SINCE DEC 1   2321                      2241     80     1850
  SINCE JUL 1   3530                      3987   -457     3212

 COOLING
  YESTERDAY        0                         0      0        0
  MONTH TO DATE    0                         0      0        0
  SINCE DEC 1      0                         0      0        0
  SINCE JAN 1      0                         0      0        0
..................................................................


WIND (MPH)
  HIGHEST WIND SPEED    10   HIGHEST WIND DIRECTION    NE (50)
  HIGHEST GUST SPEED    12   HIGHEST GUST DIRECTION    NE (50)
  AVERAGE WIND SPEED     4.2


SKY COVER
  POSSIBLE SUNSHINE  MM
  AVERAGE SKY COVER 0.4


WEATHER CONDITIONS
 THE FOLLOWING WEATHER WAS RECORDED YESTERDAY.
  FREEZING RAIN
  LT FREEZING RAIN
  FOG
  HAZE


RELATIVE HUMIDITY (PERCENT)
 HIGHEST    96          1200 AM
 LOWEST     49           400 PM
 AVERAGE    73

..........................................................


THE EAU CLAIRE WI CLIMATE NORMALS FOR TODAY
                         NORMAL    RECORD    YEAR
 MAXIMUM TEMPERATURE (F)   23        44      1947
 MINIMUM TEMPERATURE (F)    5       -32      1982


SUNRISE AND SUNSET
JANUARY 17 2017.......SUNRISE   739 AM CST   SUNSET   454 PM CST
JANUARY 18 2017.......SUNRISE   738 AM CST   SUNSET   455 PM CST


-  INDICATES NEGATIVE NUMBERS.
R  INDICATES RECORD WAS SET OR TIED.
MM INDICATES DATA IS MISSING.
T  INDICATES TRACE AMOUNT.




$$
