000
CDUS43 KMPX 270635
CLIEAU


CLIMATE REPORT
NATIONAL WEATHER SERVICE CHANHASSEN MN
134 AM CDT THU APR 27 2017


...................................

...THE EAU CLAIRE WI CLIMATE SUMMARY FOR APRIL 26 2017...

CLIMATE NORMAL PERIOD 1981 TO 2010
CLIMATE RECORD PERIOD 1893 TO 2017


WEATHER ITEM   OBSERVED TIME   RECORD YEAR NORMAL DEPARTURE LAST
                VALUE   (LST)  VALUE       VALUE  FROM      YEAR
                                                  NORMAL
..................................................................
TEMPERATURE (F)
 YESTERDAY
  MAXIMUM         50   1210 AM  87    1962  63    -13       48
  MINIMUM         36   1159 PM  22    1919  39     -3       39
                                      1907
  AVERAGE         43                        51     -8       44

PRECIPITATION (IN)
  YESTERDAY        0.32          1.89 1902   0.11   0.21     0.00
  MONTH TO DATE    4.42                      2.32   2.10     1.44
  SINCE MAR 1      5.54                      4.05   1.49     6.10
  SINCE JAN 1      9.62                      5.75   3.87     7.26

SNOWFALL (IN)
  YESTERDAY        0.0           1.8  1988   T      0.0      0.0
  MONTH TO DATE    0.8                       1.8   -1.0      1.8
  SINCE MAR 1      5.6                      10.4   -4.8     13.9
  SINCE JUL 1     54.5                      46.7    7.8     38.0
  SNOW DEPTH       0

DEGREE DAYS
 HEATING
  YESTERDAY       22                        14      8       21
  MONTH TO DATE  424                       522    -98      501
  SINCE MAR 1   1474                      1566    -92     1312
  SINCE JUL 1   6584                      7586  -1002     6490

 COOLING
  YESTERDAY        0                         0      0        0
  MONTH TO DATE    0                         0      0        4
  SINCE MAR 1      0                         0      0        4
  SINCE JAN 1      0                         0      0        4
..................................................................


WIND (MPH)
  HIGHEST WIND SPEED    16   HIGHEST WIND DIRECTION    NE (40)
  HIGHEST GUST SPEED    21   HIGHEST GUST DIRECTION    NE (50)
  AVERAGE WIND SPEED     9.7


SKY COVER
  POSSIBLE SUNSHINE  MM
  AVERAGE SKY COVER 1.0


WEATHER CONDITIONS
 THE FOLLOWING WEATHER WAS RECORDED YESTERDAY.
  RAIN
  LIGHT RAIN
  FOG


RELATIVE HUMIDITY (PERCENT)
 HIGHEST   100           800 AM
 LOWEST     79           400 PM
 AVERAGE    90

..........................................................


THE EAU CLAIRE WI CLIMATE NORMALS FOR TODAY
                         NORMAL    RECORD    YEAR
 MAXIMUM TEMPERATURE (F)   64        87      1970
 MINIMUM TEMPERATURE (F)   39        23      1996


SUNRISE AND SUNSET
APRIL 27 2017.........SUNRISE   601 AM CDT   SUNSET   807 PM CDT
APRIL 28 2017.........SUNRISE   600 AM CDT   SUNSET   808 PM CDT


-  INDICATES NEGATIVE NUMBERS.
R  INDICATES RECORD WAS SET OR TIED.
MM INDICATES DATA IS MISSING.
T  INDICATES TRACE AMOUNT.




$$
