000
CDUS42 KAKQ 300529
CLIECG


CLIMATE REPORT
NATIONAL WEATHER SERVICE WAKEFIELD, VA
129 AM EDT SAT APR 30 2016


...................................

...THE ELIZABETH CITY NC CLIMATE SUMMARY FOR APRIL 29 2016...

CLIMATE NORMAL PERIOD 1981 TO 2010
CLIMATE RECORD PERIOD 1934 TO 2016


WEATHER ITEM   OBSERVED TIME   RECORD YEAR NORMAL DEPARTURE LAST
                VALUE   (LST)  VALUE       VALUE  FROM      YEAR
                                                  NORMAL
..................................................................
TEMPERATURE (F)
 YESTERDAY
  MAXIMUM         65    132 PM  90    1974  73     -8       73
  MINIMUM         54    259 AM  37    1940  51      3       50
  AVERAGE         60                        62     -2       62

PRECIPITATION (IN)
  YESTERDAY        0.00          0.93 1990   0.10  -0.10     0.00
  MONTH TO DATE    4.04                      3.05   0.99     3.61
  SINCE MAR 1      6.26                      7.03  -0.77     6.58
  SINCE JAN 1     13.85                     13.47   0.38    13.38

SNOWFALL (IN)
  YESTERDAY        0.0           0.0  2002  MM     MM
  MONTH TO DATE    0.0                      MM     MM
  SINCE NOV 1      1.8                      MM     MM
  SINCE JUL 1      1.8                      MM     MM
  SNOW DEPTH       0

DEGREE DAYS
 HEATING
  YESTERDAY        5                         5      0        3
  MONTH TO DATE  229                       219     10      182
  SINCE MAR 1    506                       684   -178      664
  SINCE JUL 1   2417                      3156   -739     3198

 COOLING
  YESTERDAY        0                         2     -2        0
  MONTH TO DATE   29                        35     -6       28
  SINCE MAR 1     55                        40     15       33
  SINCE JAN 1     55                        42     13       35
..................................................................


WIND (MPH)
  HIGHEST WIND SPEED    17   HIGHEST WIND DIRECTION     N (350)
  HIGHEST GUST SPEED    21   HIGHEST GUST DIRECTION     N (360)
  AVERAGE WIND SPEED     9.9


SKY COVER
  POSSIBLE SUNSHINE  MM
  AVERAGE SKY COVER 1.0


WEATHER CONDITIONS
 THE FOLLOWING WEATHER WAS RECORDED YESTERDAY.
  FOG


RELATIVE HUMIDITY (PERCENT)
 HIGHEST   100          1200 AM
 LOWEST     78           200 PM
 AVERAGE    89

..........................................................


THE ELIZABETH CITY NC CLIMATE NORMALS FOR TODAY
                         NORMAL    RECORD    YEAR
 MAXIMUM TEMPERATURE (F)   73        90      1974
 MINIMUM TEMPERATURE (F)   52        35      2001


SUNRISE AND SUNSET
APRIL 30 2016.........SUNRISE   612 AM EDT   SUNSET   752 PM EDT
MAY  1 2016...........SUNRISE   611 AM EDT   SUNSET   753 PM EDT


-  INDICATES NEGATIVE NUMBERS.
R  INDICATES RECORD WAS SET OR TIED.
MM INDICATES DATA IS MISSING.
T  INDICATES TRACE AMOUNT.




$$
