000
CDUS42 KAKQ 240545
CLIECG


CLIMATE REPORT
NATIONAL WEATHER SERVICE WAKEFIELD, VA
145 AM EDT WED MAY 24 2017


...................................

...THE ELIZABETH CITY NC CLIMATE SUMMARY FOR MAY 23 2017...

CLIMATE NORMAL PERIOD 1981 TO 2010
CLIMATE RECORD PERIOD 1934 TO 2017


WEATHER ITEM   OBSERVED TIME   RECORD YEAR NORMAL DEPARTURE LAST
                VALUE   (LST)  VALUE       VALUE  FROM      YEAR
                                                  NORMAL
..................................................................
TEMPERATURE (F)
 YESTERDAY
  MAXIMUM         70    543 AM 101    1941  79     -9       68
  MINIMUM         64   1133 PM  44    2002  59      5       55
  AVERAGE         67                        69     -2       62

PRECIPITATION (IN)
  YESTERDAY        1.50R         1.23 1972   0.12   1.38     0.04
  MONTH TO DATE    4.71                      2.54   2.17     2.81
  SINCE MAR 1     11.02                      9.66   1.36     9.07
  SINCE JAN 1     15.63                     16.10  -0.47    16.66

SNOWFALL (IN)
  YESTERDAY        0.0           0.0  2002  MM     MM
  MONTH TO DATE    0.0                      MM     MM
  SINCE NOV 1      1.2                      MM     MM
  SINCE JUL 1      1.2                      MM     MM
  SNOW DEPTH       0

DEGREE DAYS
 HEATING
  YESTERDAY        0                         1     -1        3
  MONTH TO DATE   34                        61    -27       58
  SINCE MAR 1    592                       750   -158      570
  SINCE JUL 1   2687                      3222   -535     2481

 COOLING
  YESTERDAY        2                         5     -3        0
  MONTH TO DATE   91                        74     17       48
  SINCE MAR 1    222                       114    108      103
  SINCE JAN 1    225                       116    109      103
..................................................................


WIND (MPH)
  HIGHEST WIND SPEED    17   HIGHEST WIND DIRECTION     E (70)
  HIGHEST GUST SPEED    22   HIGHEST GUST DIRECTION    NE (60)
  AVERAGE WIND SPEED     8.6


SKY COVER
  POSSIBLE SUNSHINE  MM
  AVERAGE SKY COVER 0.8


WEATHER CONDITIONS
 THE FOLLOWING WEATHER WAS RECORDED YESTERDAY.
  HEAVY RAIN
  RAIN
  LIGHT RAIN
  FOG


RELATIVE HUMIDITY (PERCENT)
 HIGHEST   100          1200 AM
 LOWEST    100          1200 AM
 AVERAGE   100

..........................................................


THE ELIZABETH CITY NC CLIMATE NORMALS FOR TODAY
                         NORMAL    RECORD    YEAR
 MAXIMUM TEMPERATURE (F)   79        95      2011
 MINIMUM TEMPERATURE (F)   59        46      2006


SUNRISE AND SUNSET
MAY 24 2017...........SUNRISE   552 AM EDT   SUNSET   811 PM EDT
MAY 25 2017...........SUNRISE   552 AM EDT   SUNSET   812 PM EDT


-  INDICATES NEGATIVE NUMBERS.
R  INDICATES RECORD WAS SET OR TIED.
MM INDICATES DATA IS MISSING.
T  INDICATES TRACE AMOUNT.




$$
