000
CDUS42 KAKQ 230545
CLIECG


CLIMATE REPORT
NATIONAL WEATHER SERVICE WAKEFIELD, VA
145 AM EDT FRI JUN 23 2017


...................................

...THE ELIZABETH CITY NC CLIMATE SUMMARY FOR JUNE 22 2017...

CLIMATE NORMAL PERIOD 1981 TO 2010
CLIMATE RECORD PERIOD 1934 TO 2017


WEATHER ITEM   OBSERVED TIME   RECORD YEAR NORMAL DEPARTURE LAST
                VALUE   (LST)  VALUE       VALUE  FROM      YEAR
                                                  NORMAL
..................................................................
TEMPERATURE (F)
 YESTERDAY
  MAXIMUM         88    433 PM  98    1942  86      2       90
  MINIMUM         73    526 AM  51    1940  68      5       72
  AVERAGE         81                        77      4       81

PRECIPITATION (IN)
  YESTERDAY        0.00          2.37 1971   0.15  -0.15     0.23
  MONTH TO DATE    2.73                      3.38  -0.65     2.22
  SINCE JUN 1      2.73                      3.38  -0.65     2.22
  SINCE JAN 1     19.70                     20.55  -0.85    20.43

SNOWFALL (IN)
  YESTERDAY        0.0           0.0  2002  MM     MM
  MONTH TO DATE    0.0                      MM     MM
  SINCE NOV 1      1.2                      MM     MM
  SINCE JUL 1      1.2                      MM     MM
  SNOW DEPTH       0

DEGREE DAYS
 HEATING
  YESTERDAY        0                         0      0        0
  MONTH TO DATE    4                         0      4        0
  SINCE JUN 1      4                         0      4        0
  SINCE JUL 1   2691                      3229   -538     2481

 COOLING
  YESTERDAY       16                        12      4       16
  MONTH TO DATE  252                       213     39      230
  SINCE JUN 1    252                       213     39      230
  SINCE JAN 1    550                       377    173      400
..................................................................


WIND (MPH)
  HIGHEST WIND SPEED    14   HIGHEST WIND DIRECTION    SW (240)
  HIGHEST GUST SPEED    18   HIGHEST GUST DIRECTION    SW (240)
  AVERAGE WIND SPEED     9.3


SKY COVER
  POSSIBLE SUNSHINE  MM
  AVERAGE SKY COVER 0.2


WEATHER CONDITIONS
 THE FOLLOWING WEATHER WAS RECORDED YESTERDAY.
  NO SIGNIFICANT WEATHER WAS OBSERVED.


RELATIVE HUMIDITY (PERCENT)
 HIGHEST   100           100 AM
 LOWEST     63           300 PM
 AVERAGE    82

..........................................................


THE ELIZABETH CITY NC CLIMATE NORMALS FOR TODAY
                         NORMAL    RECORD    YEAR
 MAXIMUM TEMPERATURE (F)   86        99      2011
 MINIMUM TEMPERATURE (F)   68        54      1947


SUNRISE AND SUNSET
JUNE 23 2017..........SUNRISE   548 AM EDT   SUNSET   826 PM EDT
JUNE 24 2017..........SUNRISE   548 AM EDT   SUNSET   826 PM EDT


-  INDICATES NEGATIVE NUMBERS.
R  INDICATES RECORD WAS SET OR TIED.
MM INDICATES DATA IS MISSING.
T  INDICATES TRACE AMOUNT.




$$
