000
CDUS42 KAKQ 030548
CLIECG


CLIMATE REPORT
NATIONAL WEATHER SERVICE WAKEFIELD, VA
147 AM EDT WED JUN 3 2015


...................................

...THE ELIZABETH CITY NC CLIMATE SUMMARY FOR JUNE 2 2015...

CLIMATE NORMAL PERIOD 1981 TO 2010
CLIMATE RECORD PERIOD 1934 TO 2015


WEATHER ITEM   OBSERVED TIME   RECORD YEAR NORMAL DEPARTURE LAST
                VALUE   (LST)  VALUE       VALUE  FROM      YEAR
                                                  NORMAL
..................................................................
TEMPERATURE (F)
 YESTERDAY
  MAXIMUM         86   1238 PM  98    1989  82      4       77
  MINIMUM         68   1159 PM  45    2014  63      5       45
  AVERAGE         77                        72      5       61

PRECIPITATION (IN)
  YESTERDAY        0.21          3.64 1963   0.15   0.06     0.00
  MONTH TO DATE    0.21                      0.30  -0.09     0.00
  SINCE JUN 1      0.21                      0.30  -0.09     0.00
  SINCE JAN 1     17.51                     17.47   0.04    14.96

SNOWFALL (IN)
  YESTERDAY        0.0           0.0  2002  MM     MM
  MONTH TO DATE    0.0                      MM     MM
  SINCE NOV 1      T                        MM     MM
  SINCE JUL 1      T                        MM     MM
  SNOW DEPTH       0

DEGREE DAYS
 HEATING
  YESTERDAY        0                         0      0        4
  MONTH TO DATE    0                         0      0        5
  SINCE JUN 1      0                         0      0        5
  SINCE JUL 1   3235                      3229      6     3341

 COOLING
  YESTERDAY       12                         7      5        0
  MONTH TO DATE   25                        14     11        0
  SINCE JUN 1     25                        14     11        0
  SINCE JAN 1    230                       178     52      209
..................................................................


WIND (MPH)
  HIGHEST WIND SPEED    24   HIGHEST WIND DIRECTION     W (270)
  HIGHEST GUST SPEED    32   HIGHEST GUST DIRECTION     W (280)
  AVERAGE WIND SPEED     8.4


SKY COVER
  POSSIBLE SUNSHINE  MM
  AVERAGE SKY COVER 0.5


WEATHER CONDITIONS
 THE FOLLOWING WEATHER WAS RECORDED YESTERDAY.
  THUNDERSTORM
  HEAVY RAIN
  RAIN
  LIGHT RAIN
  FOG


RELATIVE HUMIDITY (PERCENT)
 HIGHEST    97           800 PM
 LOWEST     59           100 PM
 AVERAGE    78

..........................................................


THE ELIZABETH CITY NC CLIMATE NORMALS FOR TODAY
                         NORMAL    RECORD    YEAR
 MAXIMUM TEMPERATURE (F)   82        98      1943
 MINIMUM TEMPERATURE (F)   63        50      1966


SUNRISE AND SUNSET
JUNE  3 2015..........SUNRISE   548 AM EDT   SUNSET   818 PM EDT
JUNE  4 2015..........SUNRISE   548 AM EDT   SUNSET   818 PM EDT


-  INDICATES NEGATIVE NUMBERS.
R  INDICATES RECORD WAS SET OR TIED.
MM INDICATES DATA IS MISSING.
T  INDICATES TRACE AMOUNT.




$$
