000
CDUS45 KGJT 010742
CLIEEO


CLIMATE REPORT
NATIONAL WEATHER SERVICE GRAND JUNCTION CO
139 AM MDT MON SEP 1 2014


...................................

...THE MEEKER CO CLIMATE SUMMARY FOR AUGUST 31 2014...

CLIMATE NORMAL PERIOD 1981 TO 2010
CLIMATE RECORD PERIOD 9999 TO 9999


WEATHER ITEM   OBSERVED TIME   RECORD YEAR NORMAL DEPARTURE LAST
                VALUE   (LST)  VALUE       VALUE  FROM      YEAR
                                                  NORMAL
..................................................................
TEMPERATURE (F)
 YESTERDAY
  MAXIMUM         76    337 PM  MM      MM  80     -4       86
  MINIMUM         47   1159 PM  MM      MM  45      2       55
  AVERAGE         62                        62      0       71

PRECIPITATION (IN)
  YESTERDAY        0.01         MM      MM   0.05  -0.04      T
  MONTH TO DATE    3.33                      1.32   2.01     1.58
  SINCE JUN 1      4.30                      3.71   0.59     3.72
  SINCE JAN 1     11.73                      9.86   1.87    10.09

SNOWFALL (IN)
  YESTERDAY       MM            MM      MM  MM     MM       MM
  MONTH TO DATE   MM                        MM     MM       MM
  SINCE JUN 1     MM                        MM     MM       MM
  SINCE JUL 1     MM                        MM     MM       MM
  SNOW DEPTH      MM

DEGREE DAYS
 HEATING
  YESTERDAY        3                         3      0        0
  MONTH TO DATE   50                        33     17       19
  SINCE JUN 1    192                       198     -6       95
  SINCE JUL 1     57                        54      3       19

 COOLING
  YESTERDAY        0                         0      0        6
  MONTH TO DATE   39                        65    -26       82
  SINCE JUN 1    195                       167     28      283
  SINCE JAN 1    196                       168     28      283
..................................................................


WIND (MPH)
  HIGHEST WIND SPEED    25   HIGHEST WIND DIRECTION    NE (30)
  HIGHEST GUST SPEED    31   HIGHEST GUST DIRECTION    NW (320)
  AVERAGE WIND SPEED     8.1


SKY COVER
  POSSIBLE SUNSHINE  MM
  AVERAGE SKY COVER 0.4


WEATHER CONDITIONS
 THE FOLLOWING WEATHER WAS RECORDED YESTERDAY.
  LIGHT RAIN


RELATIVE HUMIDITY (PERCENT)
 HIGHEST    80          1100 PM
 LOWEST     23           400 PM
 AVERAGE    52

..........................................................


THE MEEKER CO CLIMATE NORMALS FOR TODAY
                         NORMAL    RECORD    YEAR
 MAXIMUM TEMPERATURE (F)   80        MM        MM
 MINIMUM TEMPERATURE (F)   45        MM        MM


SUNRISE AND SUNSET
SEPTEMBER  1 2014.....SUNRISE   639 AM MDT   SUNSET   743 PM MDT
SEPTEMBER  2 2014.....SUNRISE   640 AM MDT   SUNSET   741 PM MDT


-  INDICATES NEGATIVE NUMBERS.
R  INDICATES RECORD WAS SET OR TIED.
MM INDICATES DATA IS MISSING.
T  INDICATES TRACE AMOUNT.




$$
