000
CDUS45 KGJT 270733
CLIEEO


CLIMATE REPORT
NATIONAL WEATHER SERVICE GRAND JUNCTION CO
130 AM MDT WED JUL 27 2016


...................................

...THE MEEKER CO CLIMATE SUMMARY FOR JULY 26 2016...

CLIMATE NORMAL PERIOD 1981 TO 2010
CLIMATE RECORD PERIOD 9999 TO 9999


WEATHER ITEM   OBSERVED TIME   RECORD YEAR NORMAL DEPARTURE LAST
                VALUE   (LST)  VALUE       VALUE  FROM      YEAR
                                                  NORMAL
..................................................................
TEMPERATURE (F)
 YESTERDAY
  MAXIMUM         88   1201 PM  MM      MM  87      1       90
  MINIMUM         53    457 AM  MM      MM  50      3       45
  AVERAGE         71                        68      3       68

PRECIPITATION (IN)
  YESTERDAY        T            MM      MM   0.04  -0.04     0.00
  MONTH TO DATE    1.79                      0.92   0.87     1.62
  SINCE JUN 1      2.15                      2.16  -0.01     2.52
  SINCE JAN 1     10.01                      8.31   1.70    11.74

SNOWFALL (IN)
  YESTERDAY       MM            MM      MM  MM     MM       MM
  MONTH TO DATE   MM                        MM     MM       MM
  SINCE JUN 1     MM                        MM     MM       MM
  SINCE JUL 1     MM                        MM     MM       MM
  SNOW DEPTH      MM

DEGREE DAYS
 HEATING
  YESTERDAY        0                         0      0        0
  MONTH TO DATE   10                        16     -6       21
  SINCE JUN 1     42                       160   -118       72
  SINCE JUL 1     10                        16     -6       21

 COOLING
  YESTERDAY        6                         3      3        3
  MONTH TO DATE   83                        65     18       54
  SINCE JUN 1    147                        82     65      133
  SINCE JAN 1    147                        83     64      133
..................................................................


WIND (MPH)
  HIGHEST WIND SPEED    26   HIGHEST WIND DIRECTION    NE (40)
  HIGHEST GUST SPEED    33   HIGHEST GUST DIRECTION     W (280)
  AVERAGE WIND SPEED     5.7


SKY COVER
  POSSIBLE SUNSHINE  MM
  AVERAGE SKY COVER 0.1


WEATHER CONDITIONS
 THE FOLLOWING WEATHER WAS RECORDED YESTERDAY.
  LIGHT RAIN


RELATIVE HUMIDITY (PERCENT)
 HIGHEST    71           600 AM
 LOWEST     20          1100 AM
 AVERAGE    46

..........................................................


THE MEEKER CO CLIMATE NORMALS FOR TODAY
                         NORMAL    RECORD    YEAR
 MAXIMUM TEMPERATURE (F)   87        MM        MM
 MINIMUM TEMPERATURE (F)   50        MM        MM


SUNRISE AND SUNSET
JULY 27 2016..........SUNRISE   606 AM MDT   SUNSET   830 PM MDT
JULY 28 2016..........SUNRISE   607 AM MDT   SUNSET   829 PM MDT


-  INDICATES NEGATIVE NUMBERS.
R  INDICATES RECORD WAS SET OR TIED.
MM INDICATES DATA IS MISSING.
T  INDICATES TRACE AMOUNT.




$$
