000
CDUS44 KBMX 300627
CLIEET


CLIMATE REPORT
NATIONAL WEATHER SERVICE BIRMINGHAM, AL
125 AM CDT SAT MAY 30 2015


...................................

...THE SHELBY COUNTY AIRPORT CLIMATE SUMMARY FOR MAY 29 2015...

CLIMATE NORMAL PERIOD 1981 TO 2010
CLIMATE RECORD PERIOD 9999 TO 9999


WEATHER ITEM   OBSERVED TIME   RECORD YEAR NORMAL DEPARTURE LAST
                VALUE   (LST)  VALUE       VALUE  FROM      YEAR
                                                  NORMAL
..................................................................
TEMPERATURE (F)
 YESTERDAY
  MAXIMUM         85    258 PM  MM      MM  84      1       78
  MINIMUM         66    545 AM  MM      MM  64      2       67
  AVERAGE         76                        74      2       73

PRECIPITATION (IN)
  YESTERDAY        0.08                      0.15  -0.07     0.05
  MONTH TO DATE    3.51                      4.16  -0.65     2.06
  SINCE MAR 1     14.11                     12.53   1.58    18.03
  SINCE JAN 1     23.48                     23.61  -0.13    26.56

DEGREE DAYS
 COOLING
  YESTERDAY       11                         9      2        8
  MONTH TO DATE  218                       176     42      204
  SINCE MAR 1    327                       247     80      262
  SINCE JAN 1    327                       251     76      266
..................................................................


WIND (MPH)
  HIGHEST WIND SPEED     9   HIGHEST WIND DIRECTION     E (110)
  HIGHEST GUST SPEED    17   HIGHEST GUST DIRECTION     E (100)
  AVERAGE WIND SPEED     1.9


SKY COVER
  POSSIBLE SUNSHINE  MM
  AVERAGE SKY COVER 0.6


WEATHER CONDITIONS
 THE FOLLOWING WEATHER WAS RECORDED YESTERDAY.
  LIGHT RAIN
  FOG


RELATIVE HUMIDITY (PERCENT)
 HIGHEST   100          1200 AM
 LOWEST     58           100 PM
 AVERAGE    79

..........................................................


THE SHELBY COUNTY AIRPORT CLIMATE NORMALS FOR TODAY
                         NORMAL    RECORD    YEAR
 MAXIMUM TEMPERATURE (F)   84        MM        MM
 MINIMUM TEMPERATURE (F)   64        MM        MM


SUNRISE AND SUNSET
MAY 30 2015...........SUNRISE   540 AM CDT   SUNSET   750 PM CDT
MAY 31 2015...........SUNRISE   539 AM CDT   SUNSET   750 PM CDT


-  INDICATES NEGATIVE NUMBERS.
R  INDICATES RECORD WAS SET OR TIED.
MM INDICATES DATA IS MISSING.
T  INDICATES TRACE AMOUNT.




$$
