000
CDUS44 KBMX 220134
CLIEET


CLIMATE REPORT
NATIONAL WEATHER SERVICE BIRMINGHAM, AL
733 PM CST SAT JAN 21 2017


...................................

...THE SHELBY COUNTY AIRPORT CLIMATE SUMMARY FOR JANUARY 21 2017...
VALID TODAY AS OF 0700 PM LOCAL TIME.

CLIMATE NORMAL PERIOD 1981 TO 2010
CLIMATE RECORD PERIOD 9999 TO 9999


WEATHER ITEM   OBSERVED TIME   RECORD YEAR NORMAL DEPARTURE LAST
                VALUE   (LST)  VALUE       VALUE  FROM      YEAR
                                                  NORMAL
..................................................................
TEMPERATURE (F)
 TODAY
  MAXIMUM         67    418 PM  MM      MM  55     12       55
  MINIMUM         56   1214 AM  MM      MM  34     22       42
  AVERAGE         62                        44     18       49

PRECIPITATION (IN)
  TODAY            0.94                      0.19   0.75     0.51
  MONTH TO DATE    5.60                      3.45   2.15     1.95
  SINCE DEC 1      7.73                      8.25  -0.52    10.87
  SINCE JAN 1      5.60                      3.45   2.15     1.95

SNOWFALL (IN)
  TODAY            0.0                      MM     MM        0.0
  MONTH TO DATE    0.0                      MM     MM        0.0
  SINCE DEC 1      0.0                      MM     MM        0.0
  SINCE JUL 1      0.0                      MM     MM        0.0
  SNOW DEPTH       0

DEGREE DAYS
 HEATING
  TODAY            3                        21    -18       16
  MONTH TO DATE  228                       441   -213      478
  SINCE DEC 1    685                      1017   -332      747
  SINCE JUL 1    921                      1461   -540      990
..................................................................


WIND (MPH)
  HIGHEST WIND SPEED    17   HIGHEST WIND DIRECTION     N (360)
  HIGHEST GUST SPEED    25   HIGHEST GUST DIRECTION     E (70)
  AVERAGE WIND SPEED     2.5


SKY COVER
  POSSIBLE SUNSHINE  MM
  AVERAGE SKY COVER 0.7


WEATHER CONDITIONS
 THE FOLLOWING WEATHER WAS RECORDED TODAY.
  THUNDERSTORM
  HEAVY RAIN
  RAIN
  LIGHT RAIN
  FOG
  FOG W/VISIBILITY <= 1/4 MILE


RELATIVE HUMIDITY (PERCENT)
 HIGHEST   100          1200 AM
 LOWEST     73           100 PM
 AVERAGE    87

..........................................................


THE SHELBY COUNTY AIRPORT CLIMATE NORMALS FOR TOMORROW
                         NORMAL    RECORD    YEAR
 MAXIMUM TEMPERATURE (F)   55        MM        MM
 MINIMUM TEMPERATURE (F)   34        MM        MM


SUNRISE AND SUNSET
JANUARY 21 2017.......SUNRISE   649 AM CST   SUNSET   509 PM CST
JANUARY 22 2017.......SUNRISE   648 AM CST   SUNSET   510 PM CST


-  INDICATES NEGATIVE NUMBERS.
R  INDICATES RECORD WAS SET OR TIED.
MM INDICATES DATA IS MISSING.
T  INDICATES TRACE AMOUNT.




$$
