000
CDUS44 KBMX 220735
CLIEET


CLIMATE REPORT
NATIONAL WEATHER SERVICE BIRMINGHAM, AL
234 AM CDT TUE AUG 22 2017


...................................

...THE SHELBY COUNTY AIRPORT CLIMATE SUMMARY FOR AUGUST 21 2017...

CLIMATE NORMAL PERIOD 1981 TO 2010
CLIMATE RECORD PERIOD 9999 TO 9999


WEATHER ITEM   OBSERVED TIME   RECORD YEAR NORMAL DEPARTURE LAST
                VALUE   (LST)  VALUE       VALUE  FROM      YEAR
                                                  NORMAL
..................................................................
TEMPERATURE (F)
 YESTERDAY
  MAXIMUM         93    333 PM  MM      MM  90      3       89
  MINIMUM         74    534 AM  MM      MM  70      4       72
  AVERAGE         84                        80      4       81

PRECIPITATION (IN)
  YESTERDAY        0.00                      0.16  -0.16     0.35
  MONTH TO DATE    5.01                      3.25   1.76     2.53
  SINCE JUN 1     21.01                     12.64   8.37     8.31
  SINCE JAN 1     48.79                     36.57  12.22    30.83

DEGREE DAYS
 COOLING
  YESTERDAY       19                        15      4       16
  MONTH TO DATE  335                       327      8      370
  SINCE JUN 1   1230                      1188     42     1393
  SINCE JAN 1   1652                      1457    195     1697
..................................................................


WIND (MPH)
  HIGHEST WIND SPEED     7   HIGHEST WIND DIRECTION    SE (140)
  HIGHEST GUST SPEED    10   HIGHEST GUST DIRECTION    NE (50)
  AVERAGE WIND SPEED     1.3


SKY COVER
  POSSIBLE SUNSHINE  MM
  AVERAGE SKY COVER 0.0


WEATHER CONDITIONS
 THE FOLLOWING WEATHER WAS RECORDED YESTERDAY.
  FOG


RELATIVE HUMIDITY (PERCENT)
 HIGHEST   100          1200 AM
 LOWEST     49           300 PM
 AVERAGE    75

..........................................................


THE SHELBY COUNTY AIRPORT CLIMATE NORMALS FOR TODAY
                         NORMAL    RECORD    YEAR
 MAXIMUM TEMPERATURE (F)   90        MM        MM
 MINIMUM TEMPERATURE (F)   70        MM        MM


SUNRISE AND SUNSET
AUGUST 22 2017........SUNRISE   615 AM CDT   SUNSET   724 PM CDT
AUGUST 23 2017........SUNRISE   616 AM CDT   SUNSET   723 PM CDT


-  INDICATES NEGATIVE NUMBERS.
R  INDICATES RECORD WAS SET OR TIED.
MM INDICATES DATA IS MISSING.
T  INDICATES TRACE AMOUNT.




$$
