000
CDUS44 KBMX 260045
CLIEET


CLIMATE REPORT
NATIONAL WEATHER SERVICE BIRMINGHAM, AL
745 PM CDT MON JUL 25 2016


...................................

...THE SHELBY COUNTY AIRPORT CLIMATE SUMMARY FOR JULY 25 2016...
VALID TODAY AS OF 0700 PM LOCAL TIME.

CLIMATE NORMAL PERIOD 1981 TO 2010
CLIMATE RECORD PERIOD 9999 TO 9999


WEATHER ITEM   OBSERVED TIME   RECORD YEAR NORMAL DEPARTURE LAST
                VALUE   (LST)  VALUE       VALUE  FROM      YEAR
                                                  NORMAL
..................................................................
TEMPERATURE (F)
 TODAY
  MAXIMUM         96    345 PM  MM      MM  91      5       93
  MINIMUM         74    533 AM  MM      MM  71      3       72
  AVERAGE         85                        81      4       83

PRECIPITATION (IN)
  TODAY            0.03                      0.15  -0.12     0.00
  MONTH TO DATE    1.51                      3.84  -2.33     9.02
  SINCE JUN 1      4.52                      8.47  -3.95    11.04
  SINCE JAN 1     27.04                     32.40  -5.36    35.25

DEGREE DAYS
 COOLING
  TODAY           20                        16      4       18
  MONTH TO DATE  463                       392     71      403
  SINCE JUN 1    918                       766    152      833
  SINCE JAN 1   1222                      1035    187     1183
..................................................................


WIND (MPH)
  HIGHEST WIND SPEED    13   HIGHEST WIND DIRECTION    SE (140)
  HIGHEST GUST SPEED    22   HIGHEST GUST DIRECTION    SE (120)
  AVERAGE WIND SPEED     4.0


SKY COVER
  POSSIBLE SUNSHINE  MM
  AVERAGE SKY COVER 0.1


WEATHER CONDITIONS
 THE FOLLOWING WEATHER WAS RECORDED TODAY.
  RAIN


RELATIVE HUMIDITY (PERCENT)
 HIGHEST    93           400 AM
 LOWEST     41           300 PM
 AVERAGE    67

..........................................................


THE SHELBY COUNTY AIRPORT CLIMATE NORMALS FOR TOMORROW
                         NORMAL    RECORD    YEAR
 MAXIMUM TEMPERATURE (F)   91        MM        MM
 MINIMUM TEMPERATURE (F)   71        MM        MM


SUNRISE AND SUNSET
JULY 25 2016..........SUNRISE   556 AM CDT   SUNSET   751 PM CDT
JULY 26 2016..........SUNRISE   556 AM CDT   SUNSET   750 PM CDT


-  INDICATES NEGATIVE NUMBERS.
R  INDICATES RECORD WAS SET OR TIED.
MM INDICATES DATA IS MISSING.
T  INDICATES TRACE AMOUNT.




$$
