000
CDUS46 KEKA 201216
CLIEKA


CLIMATE REPORT
NATIONAL WEATHER SERVICE EUREKA CA
416 AM PST SAT DEC 20 2014


...................................

...THE EUREKA CA CLIMATE SUMMARY FOR DECEMBER 19 2014...

CLIMATE NORMAL PERIOD 1981 TO 2010
CLIMATE RECORD PERIOD 1886 TO 2014


WEATHER ITEM   OBSERVED RECORD YEAR NORMAL DEPARTURE LAST
                VALUE   VALUE       VALUE  FROM      YEAR
                                           NORMAL
...........................................................
TEMPERATURE (F)
 YESTERDAY
  MAXIMUM         60     67    2005  55      5       47
                               2003
  MINIMUM         50     28    1978  40     10       34
  AVERAGE         55                 48      7       41

PRECIPITATION (IN)
  YESTERDAY        0.31   3.36 1981   0.28   0.03     0.00
  MONTH TO DATE    6.54               5.02   1.52     0.51
  SINCE JUL 1     18.30              13.95   4.35     5.07
  SINCE JAN 1     34.29              37.23  -2.94    16.55

SNOWFALL (IN)
  YESTERDAY        0.0    0.0  2001   0.0    0.0      0.0
  MONTH TO DATE    0.0                0.0    0.0       T
  SINCE DEC 1      0.0                0.0    0.0       T
  SINCE JUL 1      0.0                0.0    0.0       T
  SNOW DEPTH       0

DEGREE DAYS
 HEATING
  YESTERDAY       10                 17     -7       24
  MONTH TO DATE  175                322   -147      453
  SINCE DEC 1    175                322   -147      453
  SINCE JUL 1   1195               1744   -549     1904

 COOLING
  YESTERDAY        0                  0      0        0
  MONTH TO DATE    0                  0      0        0
  SINCE DEC 1      0                  0      0        0
  SINCE JAN 1      4                  0      4        6
...........................................................


WIND (MPH)
  HIGHEST WIND SPEED     9   HIGHEST WIND DIRECTION     S (180)
  HIGHEST GUST SPEED    14   HIGHEST GUST DIRECTION    MM
  AVERAGE WIND SPEED     5.8


SKY COVER
  AVERAGE SKY COVER 1.0


WEATHER CONDITIONS
 THE FOLLOWING WEATHER WAS RECORDED YESTERDAY.
  RAIN


..........................................................


THE EUREKA CA CLIMATE NORMALS FOR TODAY
                         NORMAL    RECORD    YEAR
 MAXIMUM TEMPERATURE (F)   55        71      1977
 MINIMUM TEMPERATURE (F)   40        27      1998


SUNRISE AND SUNSET
DECEMBER 20 2014......SUNRISE   737 AM PST   SUNSET   452 PM PST
DECEMBER 21 2014......SUNRISE   737 AM PST   SUNSET   452 PM PST


-  INDICATES NEGATIVE NUMBERS.
R  INDICATES RECORD WAS SET OR TIED.
MM INDICATES DATA IS MISSING.
T  INDICATES TRACE AMOUNT.




&&

..........................................................

TOTAL SEASON     NORMAL   % OF NORMAL     LAST SEASON

    18.30         13.95        131             5.07


$$
