000
CDUS46 KEKA 011652
CLIEKA


CLIMATE REPORT
NATIONAL WEATHER SERVICE EUREKA CA
950 AM PDT WED OCT 1 2014


...................................

...THE EUREKA CA CLIMATE SUMMARY FOR SEPTEMBER 30 2014...

CLIMATE NORMAL PERIOD 1981 TO 2010
CLIMATE RECORD PERIOD 1886 TO 2014


WEATHER ITEM   OBSERVED RECORD YEAR NORMAL DEPARTURE LAST
                VALUE   VALUE       VALUE  FROM      YEAR
                                           NORMAL
...........................................................
TEMPERATURE (F)
 YESTERDAY
  MAXIMUM         66     80    1992  63      3       66
  MINIMUM         52     41    1946  49      3       49
  AVERAGE         59                 56      3       58

PRECIPITATION (IN)
  YESTERDAY        0.00   0.75 1897   0.03  -0.03     0.26
  MONTH TO DATE    3.09               0.59   2.50     3.14
  SINCE JUL 1      3.13               1.08   2.05     3.22
  SINCE JAN 1     19.12              24.36  -5.24    14.70

SNOWFALL (IN)
  YESTERDAY        0.0    0.0  2002   0.0    0.0      0.0
                               2001
  MONTH TO DATE    0.0                0.0    0.0      0.0
  SINCE SEP 1      0.0                0.0    0.0      0.0
  SINCE JUL 1      0.0                0.0    0.0      0.0
  SNOW DEPTH       0

DEGREE DAYS
 HEATING
  YESTERDAY        6                  9     -3        7
  MONTH TO DATE  160                239    -79      138
  SINCE SEP 1    160                239    -79      138
  SINCE JUL 1    523                665   -142      557

 COOLING
  YESTERDAY        0                  0      0        0
  MONTH TO DATE    3                  0      3        1
  SINCE SEP 1      3                  0      3        1
  SINCE JAN 1      4                  0      4        6
...........................................................


WIND (MPH)
  HIGHEST WIND SPEED    17   HIGHEST WIND DIRECTION     N (10)
  HIGHEST GUST SPEED    28   HIGHEST GUST DIRECTION     N (10)
  AVERAGE WIND SPEED     8.8


SKY COVER
  AVERAGE SKY COVER 0.1


WEATHER CONDITIONS
 THE FOLLOWING WEATHER WAS RECORDED YESTERDAY.
  NO SIGNIFICANT WEATHER WAS OBSERVED.


..........................................................


THE EUREKA CA CLIMATE NORMALS FOR TODAY
                         NORMAL    RECORD    YEAR
 MAXIMUM TEMPERATURE (F)   63        77      1902
 MINIMUM TEMPERATURE (F)   49        40      1893


SUNRISE AND SUNSET
OCTOBER  1 2014.......SUNRISE   713 AM PDT   SUNSET   659 PM PDT
OCTOBER  2 2014.......SUNRISE   714 AM PDT   SUNSET   657 PM PDT


-  INDICATES NEGATIVE NUMBERS.
R  INDICATES RECORD WAS SET OR TIED.
MM INDICATES DATA IS MISSING.
T  INDICATES TRACE AMOUNT.




&&

..........................................................

TOTAL SEASON     NORMAL   % OF NORMAL     LAST SEASON

     3.13          1.08        290             3.22


$$
