000
CDUS46 KEKA 301210
CLIEKA


CLIMATE REPORT
NATIONAL WEATHER SERVICE EUREKA CA
509 AM PDT TUE JUN 30 2015


...................................

...THE EUREKA CA CLIMATE SUMMARY FOR JUNE 29 2015...

CLIMATE NORMAL PERIOD 1981 TO 2010
CLIMATE RECORD PERIOD 1886 TO 2015


WEATHER ITEM   OBSERVED RECORD YEAR NORMAL DEPARTURE LAST
                VALUE   VALUE       VALUE  FROM      YEAR
                                           NORMAL
...........................................................
TEMPERATURE (F)
 YESTERDAY
  MAXIMUM         64     72    2013  63      1       66
                               1942
  MINIMUM         54     45    1949  51      3       53
  AVERAGE         59                 57      2       60

PRECIPITATION (IN)
  YESTERDAY        0.01   0.40 1916   0.01   0.00     0.00
  MONTH TO DATE    0.02               0.74  -0.72     0.35
  SINCE OCT 1     30.65              39.24  -8.59    17.89
  SINCE JAN 1     12.27              23.27 -11.00    15.99

SNOWFALL (IN)
  YESTERDAY        0.0    0.0  2002   0.0    0.0      0.0
                               2001
  MONTH TO DATE    0.0                0.0    0.0      0.0
  SINCE JUN 1      0.0                0.0    0.0      0.0
  SINCE JUL 1      T                  0.2   -0.2       T
  SNOW DEPTH       0

DEGREE DAYS
 HEATING
  YESTERDAY        6                  8     -2        5
  MONTH TO DATE  234                258    -24      245
  SINCE JUN 1    234                258    -24      245
  SINCE JUL 1   3562               4426   -864     4381

 COOLING
  YESTERDAY        0                  0      0        0
  MONTH TO DATE    0                  0      0        0
  SINCE JUN 1      0                  0      0        0
  SINCE JAN 1      0                  0      0        1
...........................................................


WIND (MPH)
  HIGHEST WIND SPEED    10   HIGHEST WIND DIRECTION     N (20)
  HIGHEST GUST SPEED    10   HIGHEST GUST DIRECTION    MM
  AVERAGE WIND SPEED     5.3


SKY COVER
  AVERAGE SKY COVER 0.9


WEATHER CONDITIONS
 THE FOLLOWING WEATHER WAS RECORDED YESTERDAY.
  LIGHT RAIN
  FOG


..........................................................


THE EUREKA CA CLIMATE NORMALS FOR TODAY
                         NORMAL    RECORD    YEAR
 MAXIMUM TEMPERATURE (F)   63        72      1942
 MINIMUM TEMPERATURE (F)   51        45      2009
                                             1985


SUNRISE AND SUNSET
JUNE 30 2015..........SUNRISE   548 AM PDT   SUNSET   852 PM PDT
JULY  1 2015..........SUNRISE   549 AM PDT   SUNSET   852 PM PDT


-  INDICATES NEGATIVE NUMBERS.
R  INDICATES RECORD WAS SET OR TIED.
MM INDICATES DATA IS MISSING.
T  INDICATES TRACE AMOUNT.




&&

..........................................................

TOTAL SEASON     NORMAL   % OF NORMAL     LAST SEASON

    30.65         39.24        78            17.89


$$
