000
CDUS46 KEKA 261212
CLIEKA


CLIMATE REPORT
NATIONAL WEATHER SERVICE EUREKA CA
412 AM PST SUN FEB 26 2017


...................................

...THE EUREKA CA CLIMATE SUMMARY FOR FEBRUARY 25 2017...

CLIMATE NORMAL PERIOD 1981 TO 2010
CLIMATE RECORD PERIOD 1886 TO 2017


WEATHER ITEM   OBSERVED RECORD YEAR NORMAL DEPARTURE LAST
                VALUE   VALUE       VALUE  FROM      YEAR
                                           NORMAL
...........................................................
TEMPERATURE (F)
 YESTERDAY
  MAXIMUM         52     71    1992  56     -4       58
  MINIMUM         38     31    2011  42     -4       44
                               1996
  AVERAGE         45                 49     -4       51

PRECIPITATION (IN)
  YESTERDAY        0.14   1.01 1976   0.19  -0.05     0.00
  MONTH TO DATE   10.39               5.02   5.37     2.63
  SINCE OCT 1     46.67              27.49  19.18    35.41
  SINCE JAN 1     20.90              11.52   9.38    14.69

SNOWFALL (IN)
  YESTERDAY        0.0   MM      MM   0.0    0.0      0.0
  MONTH TO DATE    T                  0.2   -0.2      0.0
  SINCE DEC 1      T                  0.2   -0.2       T
  SINCE JUL 1      T                  0.2   -0.2       T
  SNOW DEPTH       0

DEGREE DAYS
 HEATING
  YESTERDAY       20                 16      4       14
  MONTH TO DATE  364                400    -36      339
  SINCE DEC 1   1591               1449    142     1271
  SINCE JUL 1   2825               2871    -46     2353

 COOLING
  YESTERDAY        0                  0      0        0
  MONTH TO DATE    0                  0      0        0
  SINCE DEC 1      0                  0      0        0
  SINCE JAN 1      0                  0      0        0
...........................................................


WIND (MPH)
  HIGHEST WIND SPEED    14   HIGHEST WIND DIRECTION     N (360)
  HIGHEST GUST SPEED    23   HIGHEST GUST DIRECTION     N (360)
  AVERAGE WIND SPEED     6.7


SKY COVER
  AVERAGE SKY COVER 0.4


WEATHER CONDITIONS
 THE FOLLOWING WEATHER WAS RECORDED YESTERDAY.
  LIGHT RAIN


..........................................................


THE EUREKA CA CLIMATE NORMALS FOR TODAY
                         NORMAL    RECORD    YEAR
 MAXIMUM TEMPERATURE (F)   56        71      1932
 MINIMUM TEMPERATURE (F)   42        28      2011


SUNRISE AND SUNSET
FEBRUARY 26 2017......SUNRISE   655 AM PST   SUNSET   605 PM PST
FEBRUARY 27 2017......SUNRISE   653 AM PST   SUNSET   606 PM PST


-  INDICATES NEGATIVE NUMBERS.
R  INDICATES RECORD WAS SET OR TIED.
MM INDICATES DATA IS MISSING.
T  INDICATES TRACE AMOUNT.




&&

..........................................................

TOTAL SEASON     NORMAL   % OF NORMAL     LAST SEASON

    46.67         27.49        170            35.41


$$
