000
CDUS41 KRLX 190732
CLIEKN


CLIMATE REPORT
NATIONAL WEATHER SERVICE CHARLESTON WV
331 AM EDT THU OCT 19 2017


...................................

...THE ELKINS WV CLIMATE SUMMARY FOR OCTOBER 18 2017...

CLIMATE NORMAL PERIOD 1981 TO 2010
CLIMATE RECORD PERIOD 1899 TO 2017


WEATHER ITEM   OBSERVED TIME   RECORD YEAR NORMAL DEPARTURE LAST
                VALUE   (LST)  VALUE       VALUE  FROM      YEAR
                                                  NORMAL
..................................................................
TEMPERATURE (F)
 YESTERDAY
  MAXIMUM         74    316 PM  86    1938  64     10       79
  MINIMUM         31    647 AM  22    1976  37     -6       46
  AVERAGE         53                        50      3       63

PRECIPITATION (IN)
  YESTERDAY        0.00          1.50 1915   0.09  -0.09     0.00
  MONTH TO DATE    1.93                      1.64   0.29     1.22
  SINCE JAN 1     37.43                     38.08  -0.65    36.32

SNOWFALL (IN)
  YESTERDAY        0.0           1.0  1992   0.0    0.0      0.0
  MONTH TO DATE    0.0                       0.1   -0.1      0.0
  SINCE SEP 1      0.0                       0.1   -0.1      0.0
  SNOW DEPTH       0

DEGREE DAYS
 HEATING
  YESTERDAY       12                        15     -3        2
  MONTH TO DATE   88                       214   -126      132
  SINCE SEP 1    191                       344   -153      154
  SINCE JUL 1    213                       374   -161      154

 COOLING
  YESTERDAY        0                         0      0        0
  MONTH TO DATE   25                         0     25        0
  SINCE SEP 1     82                        45     37      115
  SINCE JAN 1    544                       471     73      804
..................................................................


WIND (MPH)
  HIGHEST WIND SPEED     9   HIGHEST WIND DIRECTION     W (290)
  HIGHEST GUST SPEED    12   HIGHEST GUST DIRECTION    NW (310)
  AVERAGE WIND SPEED     1.1


SKY COVER
  POSSIBLE SUNSHINE  MM
  AVERAGE SKY COVER 0.3


WEATHER CONDITIONS
 THE FOLLOWING WEATHER WAS RECORDED YESTERDAY.
  FOG
  FOG W/VISIBILITY <= 1/4 MILE


RELATIVE HUMIDITY (PERCENT)
 HIGHEST   100           900 AM
 LOWEST     17           200 PM
 AVERAGE    59

..........................................................


THE ELKINS WV CLIMATE NORMALS FOR TODAY
                         NORMAL    RECORD    YEAR
 MAXIMUM TEMPERATURE (F)   63        84      1904
 MINIMUM TEMPERATURE (F)   37        20      1972


SUNRISE AND SUNSET
OCTOBER 19 2017.......SUNRISE   733 AM EDT   SUNSET   635 PM EDT
OCTOBER 20 2017.......SUNRISE   734 AM EDT   SUNSET   634 PM EDT


-  INDICATES NEGATIVE NUMBERS.
R  INDICATES RECORD WAS SET OR TIED.
MM INDICATES DATA IS MISSING.
T  INDICATES TRACE AMOUNT.




$$
