000
CDUS41 KRLX 260716
CLIEKN


CLIMATE REPORT
NATIONAL WEATHER SERVICE CHARLESTON WV
316 AM EDT MON SEP 26 2016


...................................

...THE ELKINS WV CLIMATE SUMMARY FOR SEPTEMBER 25 2016...

CLIMATE NORMAL PERIOD 1981 TO 2010
CLIMATE RECORD PERIOD 1899 TO 2016


WEATHER ITEM   OBSERVED TIME   RECORD YEAR NORMAL DEPARTURE LAST
                VALUE   (LST)  VALUE       VALUE  FROM      YEAR
                                                  NORMAL
..................................................................
TEMPERATURE (F)
 YESTERDAY
  MAXIMUM         83    240 PM  90    1908  70     13       68
  MINIMUM         50   1159 PM  27    1963  47      3       55
  AVERAGE         67                        59      8       62

PRECIPITATION (IN)
  YESTERDAY        0.00          2.04 2000   0.12  -0.12     0.08
  MONTH TO DATE    0.37                      3.06  -2.69     1.42
  SINCE JAN 1     30.37                     35.87  -5.50    38.87

SNOWFALL (IN)
  YESTERDAY        0.0
  MONTH TO DATE    0.0
  SINCE SEP 1      0.0
  SNOW DEPTH       0

DEGREE DAYS
 HEATING
  YESTERDAY        0                         7     -7        3
  MONTH TO DATE    5                        90    -85       52
  SINCE SEP 1      5                        90    -85       52
  SINCE JUL 1      5                       120   -115       63

 COOLING
  YESTERDAY        2                         1      1        0
  MONTH TO DATE  112                        43     69       79
  SINCE SEP 1    112                        43     69       79
  SINCE JAN 1    801                       469    332      620
..................................................................


WIND (MPH)
  HIGHEST WIND SPEED    12   HIGHEST WIND DIRECTION     W (290)
  HIGHEST GUST SPEED    16   HIGHEST GUST DIRECTION    NW (300)
  AVERAGE WIND SPEED     1.7


SKY COVER
  POSSIBLE SUNSHINE  MM
  AVERAGE SKY COVER 0.4


WEATHER CONDITIONS
 THE FOLLOWING WEATHER WAS RECORDED YESTERDAY.
  FOG
  HAZE


RELATIVE HUMIDITY (PERCENT)
 HIGHEST    93           100 AM
 LOWEST     21           400 PM
 AVERAGE    57

..........................................................


THE ELKINS WV CLIMATE NORMALS FOR TODAY
                         NORMAL    RECORD    YEAR
 MAXIMUM TEMPERATURE (F)   70        87      1930
                                             1908
 MINIMUM TEMPERATURE (F)   47        30      1950


SUNRISE AND SUNSET
SEPTEMBER 26 2016.....SUNRISE   711 AM EDT   SUNSET   709 PM EDT
SEPTEMBER 27 2016.....SUNRISE   712 AM EDT   SUNSET   708 PM EDT


-  INDICATES NEGATIVE NUMBERS.
R  INDICATES RECORD WAS SET OR TIED.
MM INDICATES DATA IS MISSING.
T  INDICATES TRACE AMOUNT.




$$
