000
CDUS41 KRLX 200715
CLIEKN


CLIMATE REPORT
NATIONAL WEATHER SERVICE CHARLESTON WV
315 AM EDT SUN APR 20 2014


...................................

...THE ELKINS WV CLIMATE SUMMARY FOR APRIL 19 2014...

CLIMATE NORMAL PERIOD 1981 TO 2010
CLIMATE RECORD PERIOD 1899 TO 2014


WEATHER ITEM   OBSERVED TIME   RECORD YEAR NORMAL DEPARTURE LAST
                VALUE   (LST)  VALUE       VALUE  FROM      YEAR
                                                  NORMAL
..................................................................
TEMPERATURE (F)
 YESTERDAY
  MAXIMUM         67    401 PM  85    1976  64      3       73
  MINIMUM         36    616 AM  20    1990  38     -2       42
  AVERAGE         52                        51      1       58

PRECIPITATION (IN)
  YESTERDAY        0.00          1.50 1998   0.12  -0.12     0.71
  MONTH TO DATE    0.51                      2.37  -1.86     2.30
  SINCE JAN 1      9.96                     12.66  -2.70    12.15

SNOWFALL (IN)
  YESTERDAY        0.0
  MONTH TO DATE    0.2
  SINCE SEP 1     92.3
  SNOW DEPTH       0

DEGREE DAYS
 HEATING
  YESTERDAY       13                        14     -1        7
  MONTH TO DATE  258                       324    -66      228
  SINCE MAR 1   1155                      1104     51     1155
  SINCE JUL 1   5678                      5425    253     5402

 COOLING
  YESTERDAY        0                         0      0        0
  MONTH TO DATE    2                         0      2        3
  SINCE MAR 1      2                         0      2        3
  SINCE JAN 1      2                         0      2        3
..................................................................


WIND (MPH)
  HIGHEST WIND SPEED    15   HIGHEST WIND DIRECTION     N (340)
  HIGHEST GUST SPEED    21   HIGHEST GUST DIRECTION     N (350)
  AVERAGE WIND SPEED     3.9


SKY COVER
  POSSIBLE SUNSHINE  MM
  AVERAGE SKY COVER 0.0


WEATHER CONDITIONS
 THE FOLLOWING WEATHER WAS RECORDED YESTERDAY.
  NO SIGNIFICANT WEATHER WAS OBSERVED.


RELATIVE HUMIDITY (PERCENT)
 HIGHEST    89           600 AM
 LOWEST     28           500 PM
 AVERAGE    59

..........................................................


THE ELKINS WV CLIMATE NORMALS FOR TODAY
                         NORMAL    RECORD    YEAR
 MAXIMUM TEMPERATURE (F)   65        88      1941
 MINIMUM TEMPERATURE (F)   38        14      1926


SUNRISE AND SUNSET
APRIL 20 2014.........SUNRISE   636 AM EDT   SUNSET   801 PM EDT
APRIL 21 2014.........SUNRISE   635 AM EDT   SUNSET   802 PM EDT


-  INDICATES NEGATIVE NUMBERS.
R  INDICATES RECORD WAS SET OR TIED.
MM INDICATES DATA IS MISSING.
T  INDICATES TRACE AMOUNT.




$$
