000
CDUS41 KRLX 310716
CLIEKN


CLIMATE REPORT
NATIONAL WEATHER SERVICE CHARLESTON WV
315 AM EDT WED AUG 31 2016


...................................

...THE ELKINS WV CLIMATE SUMMARY FOR AUGUST 30 2016...

CLIMATE NORMAL PERIOD 1981 TO 2010
CLIMATE RECORD PERIOD 1899 TO 2016


WEATHER ITEM   OBSERVED TIME   RECORD YEAR NORMAL DEPARTURE LAST
                VALUE   (LST)  VALUE       VALUE  FROM      YEAR
                                                  NORMAL
..................................................................
TEMPERATURE (F)
 YESTERDAY
  MAXIMUM         86    243 PM  93    1993  79      7       84
  MINIMUM         55   1159 PM  37    1965  56     -1       53
  AVERAGE         71                        67      4       69

PRECIPITATION (IN)
  YESTERDAY        0.00          1.48 1911   0.11  -0.11     0.00
  MONTH TO DATE    3.17                      3.73  -0.56     2.10
  SINCE JAN 1     30.00                     32.70  -2.70    37.45

SNOWFALL (IN)
  YESTERDAY        0.0
  MONTH TO DATE    0.0
  SINCE SEP 1     59.0
  SNOW DEPTH       0

DEGREE DAYS
 HEATING
  YESTERDAY        0                         1     -1        0
  MONTH TO DATE    0                        15    -15       11
  SINCE JUN 1     28                        82    -54       32
  SINCE JUL 1      0                        27    -27       11

 COOLING
  YESTERDAY        6                         3      3        4
  MONTH TO DATE  280                       139    141      114
  SINCE JUN 1    656                       397    259      468
  SINCE JAN 1    685                       420    265      533
..................................................................


WIND (MPH)
  HIGHEST WIND SPEED    12   HIGHEST WIND DIRECTION     N (340)
  HIGHEST GUST SPEED    15   HIGHEST GUST DIRECTION     N (360)
  AVERAGE WIND SPEED     1.8


SKY COVER
  POSSIBLE SUNSHINE  MM
  AVERAGE SKY COVER 0.4


WEATHER CONDITIONS
 THE FOLLOWING WEATHER WAS RECORDED YESTERDAY.
  FOG
  FOG W/VISIBILITY <= 1/4 MILE
  HAZE


RELATIVE HUMIDITY (PERCENT)
 HIGHEST    93           100 AM
 LOWEST     32           300 PM
 AVERAGE    63

..........................................................


THE ELKINS WV CLIMATE NORMALS FOR TODAY
                         NORMAL    RECORD    YEAR
 MAXIMUM TEMPERATURE (F)   79        93      1993
 MINIMUM TEMPERATURE (F)   56        39      1999
                                             1976


SUNRISE AND SUNSET
AUGUST 31 2016........SUNRISE   648 AM EDT   SUNSET   750 PM EDT
SEPTEMBER  1 2016.....SUNRISE   649 AM EDT   SUNSET   749 PM EDT


-  INDICATES NEGATIVE NUMBERS.
R  INDICATES RECORD WAS SET OR TIED.
MM INDICATES DATA IS MISSING.
T  INDICATES TRACE AMOUNT.




$$
