066
CDUS41 KRLX 220823
CLIEKN


CLIMATE REPORT
NATIONAL WEATHER SERVICE CHARLESTON WV
323 AM EST SUN JAN 22 2017


...................................

...THE ELKINS WV CLIMATE SUMMARY FOR JANUARY 21 2017...

CLIMATE NORMAL PERIOD 1981 TO 2010
CLIMATE RECORD PERIOD 1899 TO 2017


WEATHER ITEM   OBSERVED TIME   RECORD YEAR NORMAL DEPARTURE LAST
                VALUE   (LST)  VALUE       VALUE  FROM      YEAR
                                                  NORMAL
..................................................................
TEMPERATURE (F)
 YESTERDAY
  MAXIMUM         64    202 PM  72    1906  39     25       25
  MINIMUM         36    835 AM -23    1984  19     17        3
  AVERAGE         50                        29     21       14

PRECIPITATION (IN)
  YESTERDAY        T             1.76 1999   0.10  -0.10     0.01
  MONTH TO DATE    4.17                      2.19   1.98     0.97
  SINCE JAN 1      4.17                      2.19   1.98     0.97

SNOWFALL (IN)
  YESTERDAY        0.0
  MONTH TO DATE    4.7
  SINCE SEP 1     14.9
  SNOW DEPTH       0

DEGREE DAYS
 HEATING
  YESTERDAY       15                        36    -21       51
  MONTH TO DATE  570                       756   -186      836
  SINCE DEC 1   1488                      1763   -275     1421
  SINCE JUL 1   2433                      3047   -614     2424

 COOLING
  YESTERDAY        0                         0      0        0
  MONTH TO DATE    0                         0      0        0
  SINCE DEC 1      0                         0      0        0
  SINCE JAN 1      0                         0      0        0
..................................................................


WIND (MPH)
  HIGHEST WIND SPEED    10   HIGHEST WIND DIRECTION     S (180)
  HIGHEST GUST SPEED    15   HIGHEST GUST DIRECTION     S (200)
  AVERAGE WIND SPEED     1.5


SKY COVER
  POSSIBLE SUNSHINE  MM
  AVERAGE SKY COVER 0.7


WEATHER CONDITIONS
 THE FOLLOWING WEATHER WAS RECORDED YESTERDAY.
  LIGHT RAIN
  FOG
  FOG W/VISIBILITY <= 1/4 MILE


RELATIVE HUMIDITY (PERCENT)
 HIGHEST    93           100 AM
 LOWEST     48           200 PM
 AVERAGE    71

..........................................................


THE ELKINS WV CLIMATE NORMALS FOR TODAY
                         NORMAL    RECORD    YEAR
 MAXIMUM TEMPERATURE (F)   39        73      1906
 MINIMUM TEMPERATURE (F)   19       -23      1984


SUNRISE AND SUNSET
JANUARY 22 2017.......SUNRISE   733 AM EST   SUNSET   530 PM EST
JANUARY 23 2017.......SUNRISE   732 AM EST   SUNSET   531 PM EST


-  INDICATES NEGATIVE NUMBERS.
R  INDICATES RECORD WAS SET OR TIED.
MM INDICATES DATA IS MISSING.
T  INDICATES TRACE AMOUNT.




$$
