000
CDUS41 KRLX 050743
CLIEKN


CLIMATE REPORT
NATIONAL WEATHER SERVICE CHARLESTON WV
337 AM EDT THU MAY 5 2016


...................................

...THE ELKINS WV CLIMATE SUMMARY FOR MAY 4 2016...

CLIMATE NORMAL PERIOD 1981 TO 2010
CLIMATE RECORD PERIOD 1899 TO 2016


WEATHER ITEM   OBSERVED TIME   RECORD YEAR NORMAL DEPARTURE LAST
                VALUE   (LST)  VALUE       VALUE  FROM      YEAR
                                                  NORMAL
..................................................................
TEMPERATURE (F)
 YESTERDAY
  MAXIMUM         57    555 PM  88    1905  68    -11       79
  MINIMUM         44   1256 AM  21    1986  42      2       39
  AVERAGE         51                        55     -4       59

PRECIPITATION (IN)
  YESTERDAY        0.19          0.97 1996   0.15   0.04     0.00
  MONTH TO DATE    1.22                      0.58   0.64     0.26
  SINCE JAN 1     12.42                     14.67  -2.25    20.32

SNOWFALL (IN)
  YESTERDAY        0.0
  MONTH TO DATE    0.0
  SINCE SEP 1     59.0
  SNOW DEPTH       0

DEGREE DAYS
 HEATING
  YESTERDAY       14                        10      4        6
  MONTH TO DATE   24                        43    -19       38
  SINCE MAR 1   1012                      1285   -273     1234
  SINCE JUL 1   4754                      5606   -852     5865

 COOLING
  YESTERDAY        0                         0      0        0
  MONTH TO DATE    1                         0      1        0
  SINCE MAR 1      4                         3      1        3
  SINCE JAN 1      4                         3      1        3
..................................................................


WIND (MPH)
  HIGHEST WIND SPEED    15   HIGHEST WIND DIRECTION    NW (300)
  HIGHEST GUST SPEED    20   HIGHEST GUST DIRECTION     W (290)
  AVERAGE WIND SPEED     2.5


SKY COVER
  POSSIBLE SUNSHINE  MM
  AVERAGE SKY COVER 0.9


WEATHER CONDITIONS
 THE FOLLOWING WEATHER WAS RECORDED YESTERDAY.
  HEAVY RAIN
  LIGHT RAIN
  FOG
  FOG W/VISIBILITY <= 1/4 MILE


RELATIVE HUMIDITY (PERCENT)
 HIGHEST    93           200 AM
 LOWEST     51           600 PM
 AVERAGE    72

..........................................................


THE ELKINS WV CLIMATE NORMALS FOR TODAY
                         NORMAL    RECORD    YEAR
 MAXIMUM TEMPERATURE (F)   68        87      1950
 MINIMUM TEMPERATURE (F)   42        26      1976
                                             1966


SUNRISE AND SUNSET
MAY  5 2016...........SUNRISE   616 AM EDT   SUNSET   816 PM EDT
MAY  6 2016...........SUNRISE   615 AM EDT   SUNSET   817 PM EDT


-  INDICATES NEGATIVE NUMBERS.
R  INDICATES RECORD WAS SET OR TIED.
MM INDICATES DATA IS MISSING.
T  INDICATES TRACE AMOUNT.




$$
