000
CDUS41 KRLX 270718
CLIEKN


CLIMATE REPORT
NATIONAL WEATHER SERVICE CHARLESTON WV
316 AM EDT WED AUG 27 2014


...................................

...THE ELKINS WV CLIMATE SUMMARY FOR AUGUST 26 2014...

CLIMATE NORMAL PERIOD 1981 TO 2010
CLIMATE RECORD PERIOD 1899 TO 2014


WEATHER ITEM   OBSERVED TIME   RECORD YEAR NORMAL DEPARTURE LAST
                VALUE   (LST)  VALUE       VALUE  FROM      YEAR
                                                  NORMAL
..................................................................
TEMPERATURE (F)
 YESTERDAY
  MAXIMUM         82    425 PM  94    1993  79      3       80
                                      1948
  MINIMUM         49    535 AM  41    1917  57     -8       52
  AVERAGE         66                        68     -2       66

PRECIPITATION (IN)
  YESTERDAY        0.00          1.80 1940   0.11  -0.11     0.00
  MONTH TO DATE    2.59                      3.28  -0.69     4.51
  SINCE JAN 1     27.73                     32.25  -4.52    29.39

SNOWFALL (IN)
  YESTERDAY        0.0
  MONTH TO DATE    0.0
  SINCE SEP 1     92.3
  SNOW DEPTH       0

DEGREE DAYS
 HEATING
  YESTERDAY        0                         1     -1        0
  MONTH TO DATE   18                        11      7       19
  SINCE JUN 1     65                        78    -13       35
  SINCE JUL 1     51                        23     28       23

 COOLING
  YESTERDAY        1                         4     -3        1
  MONTH TO DATE   91                       124    -33       96
  SINCE JUN 1    379                       382     -3      401
  SINCE JAN 1    415                       405     10      426
..................................................................


WIND (MPH)
  HIGHEST WIND SPEED     9   HIGHEST WIND DIRECTION     N (340)
  HIGHEST GUST SPEED    14   HIGHEST GUST DIRECTION    NW (320)
  AVERAGE WIND SPEED     1.7


SKY COVER
  POSSIBLE SUNSHINE  MM
  AVERAGE SKY COVER 0.1


WEATHER CONDITIONS
 THE FOLLOWING WEATHER WAS RECORDED YESTERDAY.
  FOG
  FOG W/VISIBILITY <= 1/4 MILE


RELATIVE HUMIDITY (PERCENT)
 HIGHEST   100           700 AM
 LOWEST     31           400 PM
 AVERAGE    66

..........................................................


THE ELKINS WV CLIMATE NORMALS FOR TODAY
                         NORMAL    RECORD    YEAR
 MAXIMUM TEMPERATURE (F)   79        95      1948
 MINIMUM TEMPERATURE (F)   57        41      1945


SUNRISE AND SUNSET
AUGUST 27 2014........SUNRISE   644 AM EDT   SUNSET   757 PM EDT
AUGUST 28 2014........SUNRISE   645 AM EDT   SUNSET   756 PM EDT


-  INDICATES NEGATIVE NUMBERS.
R  INDICATES RECORD WAS SET OR TIED.
MM INDICATES DATA IS MISSING.
T  INDICATES TRACE AMOUNT.




$$
