000
CDUS41 KRLX 290716
CLIEKN


CLIMATE REPORT
NATIONAL WEATHER SERVICE CHARLESTON WV
315 AM EDT THU JUN 29 2017


...................................

...THE ELKINS WV CLIMATE SUMMARY FOR JUNE 28 2017...

CLIMATE NORMAL PERIOD 1981 TO 2010
CLIMATE RECORD PERIOD 1899 TO 2017


WEATHER ITEM   OBSERVED TIME   RECORD YEAR NORMAL DEPARTURE LAST
                VALUE   (LST)  VALUE       VALUE  FROM      YEAR
                                                  NORMAL
..................................................................
TEMPERATURE (F)
 YESTERDAY
  MAXIMUM         77    248 PM  93    2012  80     -3       83
  MINIMUM         43    525 AM  39    1988  57    -14       59
  AVERAGE         60                        69     -9       71

PRECIPITATION (IN)
  YESTERDAY        0.00          2.13 1953   0.16  -0.16     0.00
  MONTH TO DATE    3.69                      4.07  -0.38     5.06
  SINCE JAN 1     24.39                     23.28   1.11    22.50

SNOWFALL (IN)
  YESTERDAY        0.0
  MONTH TO DATE    0.0
  SINCE SEP 1     44.5
  SNOW DEPTH       0

DEGREE DAYS
 HEATING
  YESTERDAY        5                         1      4        0
  MONTH TO DATE   58                        54      4       25
  SINCE JUN 1     58                        54      4       25
  SINCE JUL 1   4647                      5851  -1204     4985

 COOLING
  YESTERDAY        0                         5     -5        6
  MONTH TO DATE   95                        83     12      121
  SINCE JUN 1     95                        83     12      121
  SINCE JAN 1    139                       106     33      150
..................................................................


WIND (MPH)
  HIGHEST WIND SPEED    13   HIGHEST WIND DIRECTION     W (290)
  HIGHEST GUST SPEED    16   HIGHEST GUST DIRECTION    NW (300)
  AVERAGE WIND SPEED     1.2


SKY COVER
  POSSIBLE SUNSHINE  MM
  AVERAGE SKY COVER 0.0


WEATHER CONDITIONS
 THE FOLLOWING WEATHER WAS RECORDED YESTERDAY.
  FOG


RELATIVE HUMIDITY (PERCENT)
 HIGHEST    96           500 AM
 LOWEST     31           200 PM
 AVERAGE    64

..........................................................


THE ELKINS WV CLIMATE NORMALS FOR TODAY
                         NORMAL    RECORD    YEAR
 MAXIMUM TEMPERATURE (F)   81        96      2012
 MINIMUM TEMPERATURE (F)   58        42      1987
                                             1936


SUNRISE AND SUNSET
JUNE 29 2017..........SUNRISE   557 AM EDT   SUNSET   849 PM EDT
JUNE 30 2017..........SUNRISE   557 AM EDT   SUNSET   849 PM EDT


-  INDICATES NEGATIVE NUMBERS.
R  INDICATES RECORD WAS SET OR TIED.
MM INDICATES DATA IS MISSING.
T  INDICATES TRACE AMOUNT.




$$
