399
CDUS45 KLKN 200029
CLIEKO


CLIMATE REPORT
NATIONAL WEATHER SERVICE ELKO NV
527 PM PDT THU OCT 19  2017


...................................

...THE ELKO AIRPORT NV CLIMATE SUMMARY FOR OCTOBER 19 2017...
VALID TODAY AS OF 0500 PM LOCAL TIME.

CLIMATE NORMAL PERIOD 1981 TO 2010
CLIMATE RECORD PERIOD 1888 TO 2017


WEATHER ITEM   OBSERVED TIME   RECORD YEAR NORMAL DEPARTURE LAST
                VALUE   (LST)  VALUE       VALUE  FROM      YEAR
                                                  NORMAL
..................................................................
TEMPERATURE (F)
 TODAY
  MAXIMUM         75    239 PM  82    1921  63     12       56
  MINIMUM         21    612 AM   8    1995  28     -7       27
                                      1916
  AVERAGE         48                        45      3       42

PRECIPITATION (IN)
  TODAY            0.00          0.80 1936   0.02  -0.02     0.00
  MONTH TO DATE    0.11                      0.41  -0.30     1.14
  SINCE OCT 1      0.11                      0.41  -0.30     1.14
  SINCE JAN 1     10.04                      7.26   2.78     9.86

SNOWFALL (IN)
  TODAY            0.0           1.6  1949   0.0    0.0      0.0
  MONTH TO DATE    0.0                       0.2   -0.2      0.0
  SINCE SEP 1      T                         0.3   -0.3      0.0
  SINCE JUL 1      T                         0.3   -0.3      0.0
  SNOW DEPTH       0

DEGREE DAYS
 HEATING
  TODAY           17                        20     -3       23
  MONTH TO DATE  388                       307     81      291
  SINCE SEP 1    639                       514    125      453
  SINCE JUL 1    643                       565     78      466

 COOLING
  TODAY            0                         0      0        0
  MONTH TO DATE    0                         0      0        0
  SINCE SEP 1     89                        21     68       16
  SINCE JAN 1    785                       383    402      560
..................................................................


WIND (MPH)
  HIGHEST WIND SPEED    16   HIGHEST WIND DIRECTION     W (270)
  HIGHEST GUST SPEED    20   HIGHEST GUST DIRECTION     W (260)



WEATHER CONDITIONS
 THE FOLLOWING WEATHER WAS RECORDED TODAY.
  NO SIGNIFICANT WEATHER WAS OBSERVED.


RELATIVE HUMIDITY (PERCENT)
 HIGHEST    58           300 AM
 LOWEST      9           200 PM
 AVERAGE    34

..........................................................


THE ELKO AIRPORT NV CLIMATE NORMALS FOR TOMORROW
                         NORMAL    RECORD    YEAR
 MAXIMUM TEMPERATURE (F)   63        82      1921
 MINIMUM TEMPERATURE (F)   27         8      1996
                                             1898


SUNRISE AND SUNSET
OCTOBER 19 2017.......SUNRISE   659 AM PDT   SUNSET   556 PM PDT
OCTOBER 20 2017.......SUNRISE   700 AM PDT   SUNSET   555 PM PDT


-  INDICATES NEGATIVE NUMBERS.
R  INDICATES RECORD WAS SET OR TIED.
MM INDICATES DATA IS MISSING.
T  INDICATES TRACE AMOUNT.




$$
