000
CDUS45 KLKN 020928
CLIEKO


CLIMATE REPORT
NATIONAL WEATHER SERVICE ELKO NV
227 AM PDT SUN AUG 2 2015


...................................

...THE ELKO AIRPORT NV CLIMATE SUMMARY FOR AUGUST 1 2015...

CLIMATE NORMAL PERIOD 1981 TO 2010
CLIMATE RECORD PERIOD 1888 TO 2015


WEATHER ITEM   OBSERVED TIME   RECORD YEAR NORMAL DEPARTURE LAST
                VALUE   (LST)  VALUE       VALUE  FROM      YEAR
                                                  NORMAL
..................................................................
TEMPERATURE (F)
 YESTERDAY
  MAXIMUM         97    400 PM 105    1892  91      6       93
  MINIMUM         49    414 AM  34    1932  50     -1       51
  AVERAGE         73                        71      2       72

PRECIPITATION (IN)
  YESTERDAY        0.00          1.50 1901   0.01  -0.01     0.00
  MONTH TO DATE    0.00                      0.01  -0.01     0.00
  SINCE OCT 1      8.37                      8.98  -0.61     8.01
  SINCE JAN 1      6.13                      5.92   0.21     6.40

SNOWFALL (IN)
  YESTERDAY        0.0           0.0  1888   0.0    0.0      0.0
  MONTH TO DATE    0.0                       0.0    0.0      0.0
  SINCE JUN 1      0.0                       0.0    0.0      0.0
  SINCE JUL 1      0.0                       0.0    0.0      0.0
  SNOW DEPTH       0

DEGREE DAYS
 HEATING
  YESTERDAY        0                         0      0        0
  MONTH TO DATE    0                         0      0        0
  SINCE JUN 1     33                       150   -117       92
  SINCE JUL 1      9                        19    -10        0

 COOLING
  YESTERDAY        8                         6      2        7
  MONTH TO DATE    8                         6      2        7
  SINCE JUN 1    374                       233    141      380
  SINCE JAN 1    381                       237    144      383
..................................................................


WIND (MPH)
  HIGHEST WIND SPEED    17   HIGHEST WIND DIRECTION    NE (60)
  HIGHEST GUST SPEED    21   HIGHEST GUST DIRECTION    NE (60)
  AVERAGE WIND SPEED     3.8



WEATHER CONDITIONS
 THE FOLLOWING WEATHER WAS RECORDED YESTERDAY.
  NO SIGNIFICANT WEATHER WAS OBSERVED.


RELATIVE HUMIDITY (PERCENT)
 HIGHEST    35           300 AM
 LOWEST      7          1200 PM
 AVERAGE    21

..........................................................


THE ELKO AIRPORT NV CLIMATE NORMALS FOR TODAY
                         NORMAL    RECORD    YEAR
 MAXIMUM TEMPERATURE (F)   91       104      1978
                                             1892
 MINIMUM TEMPERATURE (F)   50        35      1890


SUNRISE AND SUNSET
AUGUST  2 2015........SUNRISE   540 AM PDT   SUNSET   758 PM PDT
AUGUST  3 2015........SUNRISE   541 AM PDT   SUNSET   757 PM PDT


-  INDICATES NEGATIVE NUMBERS.
R  INDICATES RECORD WAS SET OR TIED.
MM INDICATES DATA IS MISSING.
T  INDICATES TRACE AMOUNT.




$$
