000
CDUS45 KLKN 120026
CLIEKO


CLIMATE REPORT
NATIONAL WEATHER SERVICE ELKO NV
526 PM PDT FRI JUL 11 2014


...................................

...THE ELKO AIRPORT NV CLIMATE SUMMARY FOR JULY 11 2014...
VALID TODAY AS OF 0500 PM LOCAL TIME.

CLIMATE NORMAL PERIOD 1981 TO 2010
CLIMATE RECORD PERIOD 1888 TO 2014


WEATHER ITEM   OBSERVED TIME   RECORD YEAR NORMAL DEPARTURE LAST
                VALUE   (LST)  VALUE       VALUE  FROM      YEAR
                                                  NORMAL
..................................................................
TEMPERATURE (F)
 TODAY
  MAXIMUM         91    145 PM 103    2002  90      1       80
  MINIMUM         55    513 AM  28    1890  50      5       55
  AVERAGE         73                        70      3       68

PRECIPITATION (IN)
  TODAY            0.00          0.32 1997   0.01  -0.01     0.06
  MONTH TO DATE    0.20                      0.11   0.09     0.44
  SINCE OCT 1      7.66                      8.71  -1.05     6.13
  SINCE JAN 1      6.05                      5.65   0.40     3.30

SNOWFALL (IN)
  TODAY            0.0           0.0  1888   0.0    0.0      0.0
  MONTH TO DATE    0.0                       0.0    0.0      0.0
  SINCE JUN 1      0.0                       0.0    0.0      0.0
  SINCE JUL 1      0.0                       0.0    0.0      0.0
  SNOW DEPTH       0

DEGREE DAYS
 HEATING
  TODAY            0                         1     -1        0
  MONTH TO DATE    0                        11    -11        0
  SINCE JUN 1     92                       142    -50       63
  SINCE JUL 1      0                        11    -11        0

 COOLING
  TODAY            8                         6      2        3
  MONTH TO DATE  123                        52     71      134
  SINCE JUN 1    152                        99     53      257
  SINCE JAN 1    155                       103     52      261
..................................................................


WIND (MPH)
  HIGHEST WIND SPEED    23   HIGHEST WIND DIRECTION     S (170)
  HIGHEST GUST SPEED    30   HIGHEST GUST DIRECTION    SE (120)



WEATHER CONDITIONS
 THE FOLLOWING WEATHER WAS RECORDED TODAY.
  HAZE


RELATIVE HUMIDITY (PERCENT)
 HIGHEST    77           500 AM
 LOWEST     19          1200 PM
 AVERAGE    48

..........................................................


THE ELKO AIRPORT NV CLIMATE NORMALS FOR TOMORROW
                         NORMAL    RECORD    YEAR
 MAXIMUM TEMPERATURE (F)   90       104      2002
                                             1917
 MINIMUM TEMPERATURE (F)   50        32      1913


SUNRISE AND SUNSET
JULY 11 2014..........SUNRISE   522 AM PDT   SUNSET   815 PM PDT
JULY 12 2014..........SUNRISE   522 AM PDT   SUNSET   815 PM PDT


-  INDICATES NEGATIVE NUMBERS.
R  INDICATES RECORD WAS SET OR TIED.
MM INDICATES DATA IS MISSING.
T  INDICATES TRACE AMOUNT.




$$
