985
CDUS45 KLKN 260031
CLIEKO


CLIMATE REPORT
NATIONAL WEATHER SERVICE ELKO NV
530 PM PDT MON JUL 25 2016


...................................

...THE ELKO AIRPORT NV CLIMATE SUMMARY FOR JULY 25 2016...
VALID TODAY AS OF 0500 PM LOCAL TIME.

CLIMATE NORMAL PERIOD 1981 TO 2010
CLIMATE RECORD PERIOD 1888 TO 2016


WEATHER ITEM   OBSERVED TIME   RECORD YEAR NORMAL DEPARTURE LAST
                VALUE   (LST)  VALUE       VALUE  FROM      YEAR
                                                  NORMAL
..................................................................
TEMPERATURE (F)
 TODAY
  MAXIMUM         98    359 PM 106    1890  92      6       89
  MINIMUM         53    450 AM  35    1999  51      2       49
  AVERAGE         76                        71      5       69

PRECIPITATION (IN)
  TODAY            0.00          0.70 2003   0.01  -0.01     0.00
  MONTH TO DATE    0.01                      0.29  -0.28     0.78
  SINCE OCT 1     12.15                      8.89   3.26     8.36
  SINCE JAN 1      7.61                      5.83   1.78     6.12

SNOWFALL (IN)
  TODAY            0.0           0.0  1888   0.0    0.0      0.0
  MONTH TO DATE    0.0                       0.0    0.0      0.0
  SINCE JUN 1      T                         0.0    0.0      0.0
  SINCE JUL 1      0.0                       0.0    0.0      0.0
  SNOW DEPTH       0

DEGREE DAYS
 HEATING
  TODAY            0                         0      0        0
  MONTH TO DATE    9                        17     -8        4
  SINCE JUN 1     39                       148   -109       28
  SINCE JUL 1      9                        17     -8        4

 COOLING
  TODAY           11                         7      4        4
  MONTH TO DATE  156                       143     13      165
  SINCE JUN 1    287                       190     97      343
  SINCE JAN 1    287                       194     93      350
..................................................................


WIND (MPH)
  HIGHEST WIND SPEED    20   HIGHEST WIND DIRECTION     W (270)
  HIGHEST GUST SPEED    24   HIGHEST GUST DIRECTION     W (280)



WEATHER CONDITIONS
 THE FOLLOWING WEATHER WAS RECORDED TODAY.
  NO SIGNIFICANT WEATHER WAS OBSERVED.


RELATIVE HUMIDITY (PERCENT)
 HIGHEST    38          1200 AM
 LOWEST      4           300 PM
 AVERAGE    21

..........................................................


THE ELKO AIRPORT NV CLIMATE NORMALS FOR TOMORROW
                         NORMAL    RECORD    YEAR
 MAXIMUM TEMPERATURE (F)   92       102      1931
 MINIMUM TEMPERATURE (F)   51        35      1990


SUNRISE AND SUNSET
JULY 25 2016..........SUNRISE   534 AM PDT   SUNSET   805 PM PDT
JULY 26 2016..........SUNRISE   534 AM PDT   SUNSET   804 PM PDT


-  INDICATES NEGATIVE NUMBERS.
R  INDICATES RECORD WAS SET OR TIED.
MM INDICATES DATA IS MISSING.
T  INDICATES TRACE AMOUNT.




$$
