000
CDUS45 KLKN 220928
CLIEKO


CLIMATE REPORT
NATIONAL WEATHER SERVICE ELKO NV
227 AM PDT MON SEP 22 2014


...................................

...THE ELKO AIRPORT NV CLIMATE SUMMARY FOR SEPTEMBER 21 2014...

CLIMATE NORMAL PERIOD 1981 TO 2010
CLIMATE RECORD PERIOD 1888 TO 2014


WEATHER ITEM   OBSERVED TIME   RECORD YEAR NORMAL DEPARTURE LAST
                VALUE   (LST)  VALUE       VALUE  FROM      YEAR
                                                  NORMAL
..................................................................
TEMPERATURE (F)
 YESTERDAY
  MAXIMUM         73    222 PM  93    1913  76     -3       82
  MINIMUM         47   1156 PM  17    1924  37     10       44
  AVERAGE         60                        57      3       63

PRECIPITATION (IN)
  YESTERDAY        0.09          1.00 1925   0.03   0.06     0.00
  MONTH TO DATE    0.14                      0.38  -0.24     1.10
  SINCE OCT 1      9.42                      9.72  -0.30     7.59
  SINCE JAN 1      7.81                      6.66   1.15     4.76

SNOWFALL (IN)
  YESTERDAY        0.0           T    1961   0.0    0.0      0.0
  MONTH TO DATE    0.0                       0.0    0.0      0.0
  SINCE SEP 1      0.0                       0.0    0.0      0.0
  SINCE JUL 1      0.0                       0.0    0.0      0.0
  SNOW DEPTH       0

DEGREE DAYS
 HEATING
  YESTERDAY        5                         9     -4        2
  MONTH TO DATE   35                       113    -78       35
  SINCE SEP 1     35                       113    -78       35
  SINCE JUL 1     55                       164   -109       35

 COOLING
  YESTERDAY        0                         0      0        0
  MONTH TO DATE   31                        20     11       66
  SINCE SEP 1     31                        20     11       66
  SINCE JAN 1    535                       382    153      776
..................................................................


WIND (MPH)
  HIGHEST WIND SPEED    24   HIGHEST WIND DIRECTION     S (170)
  HIGHEST GUST SPEED    32   HIGHEST GUST DIRECTION     S (160)
  AVERAGE WIND SPEED     4.9



WEATHER CONDITIONS
 THE FOLLOWING WEATHER WAS RECORDED YESTERDAY.
  LIGHT RAIN


RELATIVE HUMIDITY (PERCENT)
 HIGHEST    80           500 AM
 LOWEST     41           300 PM
 AVERAGE    61

..........................................................


THE ELKO AIRPORT NV CLIMATE NORMALS FOR TODAY
                         NORMAL    RECORD    YEAR
 MAXIMUM TEMPERATURE (F)   76        92      1966
 MINIMUM TEMPERATURE (F)   37        10      1895


SUNRISE AND SUNSET
SEPTEMBER 22 2014.....SUNRISE   631 AM PDT   SUNSET   640 PM PDT
SEPTEMBER 23 2014.....SUNRISE   632 AM PDT   SUNSET   638 PM PDT


-  INDICATES NEGATIVE NUMBERS.
R  INDICATES RECORD WAS SET OR TIED.
MM INDICATES DATA IS MISSING.
T  INDICATES TRACE AMOUNT.




$$
