000
CDUS45 KLKN 250930
CLIEKO


CLIMATE REPORT
NATIONAL WEATHER SERVICE ELKO NV
127 AM PST SUN JAN 25 2015


...................................

...THE ELKO AIRPORT NV CLIMATE SUMMARY FOR JANUARY 24 2015...

CLIMATE NORMAL PERIOD 1981 TO 2010
CLIMATE RECORD PERIOD 1888 TO 2015


WEATHER ITEM   OBSERVED TIME   RECORD YEAR NORMAL DEPARTURE LAST
                VALUE   (LST)  VALUE       VALUE  FROM      YEAR
                                                  NORMAL
..................................................................
TEMPERATURE (F)
 YESTERDAY
  MAXIMUM         51    324 PM  54    1959  37     14       47
  MINIMUM         18    621 AM -32    1949  14      4       13
  AVERAGE         35                        25     10       30

PRECIPITATION (IN)
  YESTERDAY        0.00          0.97 1996   0.03  -0.03     0.00
  MONTH TO DATE    0.08                      0.90  -0.82     0.08
  SINCE OCT 1      2.32                      3.96  -1.64     1.69
  SINCE JAN 1      0.08                      0.90  -0.82     0.08

SNOWFALL (IN)
  YESTERDAY        0.0          18.4  1996   0.3   -0.3      0.0
  MONTH TO DATE    T                         8.4   -8.4      0.3
  SINCE DEC 1      5.6                      18.3  -12.7      4.7
  SINCE JUL 1      7.5                      24.0  -16.5     10.4
  SNOW DEPTH       0

DEGREE DAYS
 HEATING
  YESTERDAY       30                        40    -10       35
  MONTH TO DATE  780                       960   -180      791
  SINCE DEC 1   1779                      2170   -391     2162
  SINCE JUL 1   3139                      3908   -769     3722

 COOLING
  YESTERDAY        0                         0      0        0
  MONTH TO DATE    0                         0      0        0
  SINCE DEC 1      0                         0      0        0
  SINCE JAN 1      0                         0      0        0
..................................................................


WIND (MPH)
  HIGHEST WIND SPEED    13   HIGHEST WIND DIRECTION    SW (210)
  HIGHEST GUST SPEED    16   HIGHEST GUST DIRECTION    SW (210)
  AVERAGE WIND SPEED     3.3



WEATHER CONDITIONS
 THE FOLLOWING WEATHER WAS RECORDED YESTERDAY.
  NO SIGNIFICANT WEATHER WAS OBSERVED.


RELATIVE HUMIDITY (PERCENT)
 HIGHEST    92           800 AM
 LOWEST     39           300 PM
 AVERAGE    66

..........................................................


THE ELKO AIRPORT NV CLIMATE NORMALS FOR TODAY
                         NORMAL    RECORD    YEAR
 MAXIMUM TEMPERATURE (F)   37        58      1953
 MINIMUM TEMPERATURE (F)   14       -38      1949


SUNRISE AND SUNSET
JANUARY 25 2015.......SUNRISE   700 AM PST   SUNSET   452 PM PST
JANUARY 26 2015.......SUNRISE   659 AM PST   SUNSET   453 PM PST


-  INDICATES NEGATIVE NUMBERS.
R  INDICATES RECORD WAS SET OR TIED.
MM INDICATES DATA IS MISSING.
T  INDICATES TRACE AMOUNT.




$$
