000
CDUS45 KLKN 220030
CLIEKO


CLIMATE REPORT
NATIONAL WEATHER SERVICE ELKO NV
529 PM PDT MON AUG 21 2017


...................................

...THE ELKO AIRPORT NV CLIMATE SUMMARY FOR AUGUST 21 2017...
VALID TODAY AS OF 0500 PM LOCAL TIME.

CLIMATE NORMAL PERIOD 1981 TO 2010
CLIMATE RECORD PERIOD 1888 TO 2017


WEATHER ITEM   OBSERVED TIME   RECORD YEAR NORMAL DEPARTURE LAST
                VALUE   (LST)  VALUE       VALUE  FROM      YEAR
                                                  NORMAL
..................................................................
TEMPERATURE (F)
 TODAY
  MAXIMUM         93    318 PM 102    1917  88      5       94
                                      1913
  MINIMUM         51    503 AM  32    1916  47      4       50
                                      1911
  AVERAGE         72                        67      5       72

PRECIPITATION (IN)
  TODAY            0.00          0.69 2003   0.01  -0.01     0.00
  MONTH TO DATE    0.15                      0.25  -0.10      T
  SINCE OCT 1     13.63                      9.22   4.41    12.18
  SINCE JAN 1      8.00                      6.16   1.84     7.64

SNOWFALL (IN)
  TODAY            0.0           0.0  1888   0.0    0.0      0.0
  MONTH TO DATE    0.0                       0.0    0.0      0.0
  SINCE JUN 1      T                         0.0    0.0       T
  SINCE JUL 1      0.0                       0.0    0.0      0.0
  SNOW DEPTH       0

DEGREE DAYS
 HEATING
  TODAY            0                         1     -1        0
  MONTH TO DATE    4                        13     -9        0
  SINCE JUN 1     66                       163    -97       39
  SINCE JUL 1      4                        32    -28        9

 COOLING
  TODAY            7                         4      3        7
  MONTH TO DATE  147                       105     42      144
  SINCE JUN 1    603                       332    271      509
  SINCE JAN 1    607                       336    271      509
..................................................................


WIND (MPH)
  HIGHEST WIND SPEED    10   HIGHEST WIND DIRECTION    NE (40)
  HIGHEST GUST SPEED    16   HIGHEST GUST DIRECTION    NE (50)



WEATHER CONDITIONS
 THE FOLLOWING WEATHER WAS RECORDED TODAY.
  NO SIGNIFICANT WEATHER WAS OBSERVED.


RELATIVE HUMIDITY (PERCENT)
 HIGHEST    50           600 AM
 LOWEST     10           200 PM
 AVERAGE    30

..........................................................


THE ELKO AIRPORT NV CLIMATE NORMALS FOR TOMORROW
                         NORMAL    RECORD    YEAR
 MAXIMUM TEMPERATURE (F)   87       101      1919
 MINIMUM TEMPERATURE (F)   47        30      1899
                                             1898


SUNRISE AND SUNSET
AUGUST 21 2017........SUNRISE   600 AM PDT   SUNSET   732 PM PDT
AUGUST 22 2017........SUNRISE   601 AM PDT   SUNSET   731 PM PDT


-  INDICATES NEGATIVE NUMBERS.
R  INDICATES RECORD WAS SET OR TIED.
MM INDICATES DATA IS MISSING.
T  INDICATES TRACE AMOUNT.




$$
