000
CDUS45 KLKN 220939
CLIEKO


CLIMATE REPORT
NATIONAL WEATHER SERVICE ELKO NV
137 AM PST WED FEB 22 2017


...................................

...THE ELKO AIRPORT NV CLIMATE SUMMARY FOR FEBRUARY 21 2017...

CLIMATE NORMAL PERIOD 1981 TO 2010
CLIMATE RECORD PERIOD 1888 TO 2017


WEATHER ITEM   OBSERVED TIME   RECORD YEAR NORMAL DEPARTURE LAST
                VALUE   (LST)  VALUE       VALUE  FROM      YEAR
                                                  NORMAL
..................................................................
TEMPERATURE (F)
 YESTERDAY
  MAXIMUM         54   1008 AM  64    1995  44     10       49
                                      1896
  MINIMUM         32   1159 PM -10    1932  20     12       31
  AVERAGE         43                        32     11       40

PRECIPITATION (IN)
  YESTERDAY        0.11          0.75 1904   0.03   0.08     0.00
  MONTH TO DATE    1.48                      0.62   0.86     0.31
  SINCE OCT 1      9.59                      4.80   4.79     6.82
  SINCE JAN 1      3.96                      1.74   2.22     2.28

SNOWFALL (IN)
  YESTERDAY        0.7           5.7  1979   0.2    0.5      0.0
  MONTH TO DATE    0.7                       5.1   -4.4      3.3
  SINCE DEC 1     43.5                      25.5   18.0     44.1
  SINCE JUL 1     49.0                      31.2   17.8     56.3
  SNOW DEPTH       0

DEGREE DAYS
 HEATING
  YESTERDAY       22                        33    -11       25
  MONTH TO DATE  539                       761   -222      809
  SINCE DEC 1   3133                      3208    -75     3347
  SINCE JUL 1   4478                      4946   -468     4828

 COOLING
  YESTERDAY        0                         0      0        0
  MONTH TO DATE    0                         0      0        0
  SINCE DEC 1      0                         0      0        0
  SINCE JAN 1      0                         0      0        0
..................................................................


WIND (MPH)
  HIGHEST WIND SPEED    36   HIGHEST WIND DIRECTION     W (270)
  HIGHEST GUST SPEED    45   HIGHEST GUST DIRECTION     W (270)
  AVERAGE WIND SPEED    10.8



WEATHER CONDITIONS
 THE FOLLOWING WEATHER WAS RECORDED YESTERDAY.
  RAIN
  LIGHT RAIN
  LIGHT SNOW
  FOG


RELATIVE HUMIDITY (PERCENT)
 HIGHEST    96           700 PM
 LOWEST     46          1000 AM
 AVERAGE    71

..........................................................


THE ELKO AIRPORT NV CLIMATE NORMALS FOR TODAY
                         NORMAL    RECORD    YEAR
 MAXIMUM TEMPERATURE (F)   44        63      1958
 MINIMUM TEMPERATURE (F)   20       -27      1894


SUNRISE AND SUNSET
FEBRUARY 22 2017......SUNRISE   627 AM PST   SUNSET   527 PM PST
FEBRUARY 23 2017......SUNRISE   626 AM PST   SUNSET   528 PM PST


-  INDICATES NEGATIVE NUMBERS.
R  INDICATES RECORD WAS SET OR TIED.
MM INDICATES DATA IS MISSING.
T  INDICATES TRACE AMOUNT.




$$
